{"id":181,"date":"2023-02-14T12:52:22","date_gmt":"2023-02-14T12:52:22","guid":{"rendered":"https:\/\/ntnui.no\/volleyball\/?page_id=181"},"modified":"2024-03-06T15:06:15","modified_gmt":"2024-03-06T15:06:15","slug":"h1","status":"publish","type":"page","link":"https:\/\/ntnui.no\/volleyball\/h1\/","title":{"rendered":"H1"},"content":{"rendered":"\n<p class=\"has-text-align-center has-custom-font\" style=\"font-family:Georgia;font-size:25px\">Sesongen 2023\/24<\/p>\n\n\n\n<div class=\"wp-block-image\"><figure class=\"aligncenter size-large\"><img loading=\"lazy\" decoding=\"async\" width=\"1600\" height=\"1067\" src=\"https:\/\/ntnui.no\/volleyball\/wp-content\/uploads\/sites\/296\/2024\/03\/2023-09-04-AndreasFlo-Portrettbilder-1div-21-X3.jpg\" alt=\"\" class=\"wp-image-1020\" \/><figcaption>Foto: NTNUI Blits, Andreas Flo<\/figcaption><\/figure><\/div>\n\n\n\n<div class=\"wp-block-coblocks-row coblocks-row-2614541640\" data-columns=\"2\" data-layout=\"50-50\"><div class=\"wp-block-coblocks-row__inner has-no-padding has-no-margin is-stacked-on-mobile has-medium-gutter\">\n<div class=\"wp-block-coblocks-column coblocks-column-26145422414\" style=\"width:39.35%\"><div class=\"wp-block-coblocks-column__inner has-no-padding has-no-margin\">\n<figure class=\"wp-block-table is-style-stripes\"><table><tbody><tr><td>Treningstider:<\/td><\/tr><tr><td>Tirsdag: 18:30-19:00<br>Torsdag: 19:00-20:30<br>Fredag: 16:00-17:30<\/td><\/tr><\/tbody><\/table><\/figure>\n<\/div><\/div>\n\n\n\n<div class=\"wp-block-coblocks-column coblocks-column-26145422456\" style=\"width:60.65%\"><div class=\"wp-block-coblocks-column__inner has-no-padding has-no-margin\">\n<figure class=\"wp-block-table is-style-stripes\"><table><tbody><tr><td>Kontakt:<\/td><\/tr><tr><td>Hovedtrener: Erik Palm Hunnestad<\/td><\/tr><tr><td>Assistenttrener: Kathinka Stabell Lund<\/td><\/tr><\/tbody><\/table><\/figure>\n<\/div><\/div>\n<\/div><\/div>\n\n\n\n<figure class=\"wp-block-table alignfull is-style-stripes\"><table><tbody><tr><td><strong>Nr.<\/strong><\/td><td><strong>Navn<\/strong><\/td><td><strong>H\u00f8yde<\/strong>(cm)<\/td><td><strong>F\u00f8dsels\u00e5r<\/strong><\/td><td><strong>Posisjon<\/strong><\/td><td><\/td><\/tr><tr><td>1<\/td><td>Andreas Lindseth Pettersen<\/td><td>179<\/td><td>2003<\/td><td>Opplegger<\/td><td><\/td><\/tr><tr><td>2<\/td><td>Noel Elias St\u00f8ren<\/td><td>184<\/td><td>2001<\/td><td>Libero<\/td><td><\/td><\/tr><tr><td>3<\/td><td>Eirik Gjerde Buset<\/td><td>186<\/td><td>2002<\/td><td>Opplegger<\/td><td><\/td><\/tr><tr><td>4<\/td><td>Jakob Stave Lorentzen<\/td><td>183<\/td><td>2000<\/td><td>Kant<\/td><td><\/td><\/tr><tr><td>5<\/td><td>Markus Hays Nilsen<\/td><td>190<\/td><td>1995<\/td><td>Midtspiller<\/td><td><\/td><\/tr><tr><td>6<\/td><td>Einar Therkelsen<\/td><td>180<\/td><td>2002<\/td><td>Kant<\/td><td><\/td><\/tr><tr><td>7<\/td><td>Markus Mikalsen<\/td><td>187<\/td><td>1999<\/td><td>Diagonal<\/td><td><\/td><\/tr><tr><td>8<\/td><td>Stuart Gallina Ottersen<\/td><td>189<\/td><td>1999<\/td><td>Kant<\/td><td><\/td><\/tr><tr><td>9<\/td><td>Torjus Kj\u00f8lsr\u00f8d Berg<\/td><td>196<\/td><td>2000<\/td><td>Kant<\/td><td><\/td><\/tr><tr><td>10<\/td><td>Vegard R\u00f8ttingen Enden<\/td><td>191<\/td><td>2004<\/td><td>Libero<\/td><td><\/td><\/tr><tr><td>11<\/td><td>Oskar Opstad Fridstr\u00f8m<\/td><td>191<\/td><td>2003<\/td><td>Kant<\/td><td><\/td><\/tr><tr><td>12<\/td><td>Erlend M\u00f8rch Grova<\/td><td>193<\/td><td>1998<\/td><td>Midtspiller<\/td><td><\/td><\/tr><tr><td>13<\/td><td>Vebj\u00f8rn Jokstad<\/td><td>174<\/td><td>1995<\/td><td>Libero<\/td><td><\/td><\/tr><tr><td>14<\/td><td>Lars Voll Skrove <\/td><td>193<\/td><td>1996<\/td><td>Kant<\/td><td><\/td><\/tr><tr><td>15<\/td><td>J\u00f8rgen G\u00e4rtner Haga<\/td><td>193<\/td><td>1999<\/td><td>Diagonal<\/td><td><\/td><\/tr><tr><td>16<\/td><td>Alessandro Zulijani<\/td><td>193<\/td><td>2000<\/td><td>Diagonal<\/td><td><\/td><\/tr><tr><td>17<\/td><td>Fredrik Tangen<\/td><td>194<\/td><td>2000<\/td><td>Midtspiller<\/td><td><\/td><\/tr><tr><td>21<\/td><td>Gustav Skrefsrud<\/td><td>193<\/td><td>2000<\/td><td>Midtspiller<\/td><td><\/td><\/tr><tr><td>33<\/td><td>Tormod M\u00e6land<\/td><td>184<\/td><td>2000<\/td><td>Opplegger<\/td><td><\/td><\/tr><\/tbody><\/table><\/figure>\n\n\n\n<p><\/p>\n","protected":false},"excerpt":{"rendered":"<p>Sesongen 2023\/24 Nr. Navn H\u00f8yde(cm) F\u00f8dsels\u00e5r Posisjon 1 Andreas Lindseth Pettersen 179 2003 Opplegger 2 Noel Elias St\u00f8ren 184 2001 Libero 3 Eirik Gjerde Buset 186 2002 Opplegger 4 Jakob Stave Lorentzen 183 2000 Kant 5 Markus Hays Nilsen 190 1995 Midtspiller 6 Einar Therkelsen 180 2002 Kant 7 Markus Mikalsen 187 1999 Diagonal 8 [&hellip;]<\/p>\n","protected":false},"author":439,"featured_media":0,"parent":0,"menu_order":0,"comment_status":"closed","ping_status":"closed","template":"","meta":{"_coblocks_attr":"Georgia","_coblocks_dimensions":"","_coblocks_responsive_height":"","_coblocks_accordion_ie_support":"","_price":"","_stock":"","_tribe_ticket_header":"","_tribe_default_ticket_provider":"","_tribe_ticket_capacity":"0","_ticket_start_date":"","_ticket_end_date":"","_tribe_ticket_show_description":"","_tribe_ticket_show_not_going":false,"_tribe_ticket_use_global_stock":"","_tribe_ticket_global_stock_level":"","_global_stock_mode":"","_global_stock_cap":"","_tribe_rsvp_for_event":"","_tribe_ticket_going_count":"","_tribe_ticket_not_going_count":"","_tribe_tickets_list":[],"_tribe_ticket_has_attendee_info_fields":false,"footnotes":""},"class_list":["post-181","page","type-page","status-publish","hentry"],"featured_image_src":null,"featured_image_src_square":null,"_links":{"self":[{"href":"https:\/\/ntnui.no\/volleyball\/wp-json\/wp\/v2\/pages\/181","targetHints":{"allow":["GET"]}}],"collection":[{"href":"https:\/\/ntnui.no\/volleyball\/wp-json\/wp\/v2\/pages"}],"about":[{"href":"https:\/\/ntnui.no\/volleyball\/wp-json\/wp\/v2\/types\/page"}],"author":[{"embeddable":true,"href":"https:\/\/ntnui.no\/volleyball\/wp-json\/wp\/v2\/users\/439"}],"replies":[{"embeddable":true,"href":"https:\/\/ntnui.no\/volleyball\/wp-json\/wp\/v2\/comments?post=181"}],"version-history":[{"count":7,"href":"https:\/\/ntnui.no\/volleyball\/wp-json\/wp\/v2\/pages\/181\/revisions"}],"predecessor-version":[{"id":1029,"href":"https:\/\/ntnui.no\/volleyball\/wp-json\/wp\/v2\/pages\/181\/revisions\/1029"}],"wp:attachment":[{"href":"https:\/\/ntnui.no\/volleyball\/wp-json\/wp\/v2\/media?parent=181"}],"curies":[{"name":"wp","href":"https:\/\/api.w.org\/{rel}","templated":true}]}}