{"id":1299,"date":"2025-08-10T11:55:13","date_gmt":"2025-08-10T11:55:13","guid":{"rendered":"https:\/\/ntnui.no\/volleyball\/?page_id=1299"},"modified":"2025-08-14T14:54:14","modified_gmt":"2025-08-14T14:54:14","slug":"arrangementer","status":"publish","type":"page","link":"https:\/\/ntnui.no\/volleyball\/arrangementer\/","title":{"rendered":"Arrangementer"},"content":{"rendered":"\n<p>I NTNUI har vi et par faste arrangementer i startet av hver sesong, s\u00e5 hold av datoene!<\/p>\n\n\n\n<p><strong>Datoer for sesongen 25\/26:<\/strong><\/p>\n\n\n\n<ul class=\"wp-block-list\">\n<li>Midtnordisk (29.-31. August)<\/li>\n\n\n\n<li>Treningsleir p\u00e5 R\u00f8ros (5.-7. September)<\/li>\n\n\n\n<li>Regionscup (13.-14. September)<\/li>\n\n\n\n<li>Eliteturnering i Volda (13.-14. September)<\/li>\n<\/ul>\n\n\n\n<p>Mer informasjon om arrangementene finner du under.<\/p>\n\n\n\n<p><strong>Midtnordisk<\/strong><\/p>\n\n\n\n<p>Midtnordisk er en sosial oppstart for alle spillere. Det er en turnering hvor man kan bli kjent med laget sitt gjennom spill og sosialisering. Turneringen spilles p\u00e5  l\u00f8rdag og s\u00f8ndag (pluss noen kamper med lokale lag fredag), og det blir fest p\u00e5 l\u00f8rdag kveld. Her f\u00e5r man mulighet til \u00e5 bli kjent med b\u00e5de sitt eget og andres lag i klubben.<\/p>\n\n\n\n<p><strong>Treningsleir p\u00e5 R\u00f8ros<\/strong><\/p>\n\n\n\n<p>Et av sesongens h\u00f8ydepunkter er v\u00e5r treningsleir p\u00e5 R\u00f8ros. Det starter med avreise fra Trondheim fredag og fra R\u00f8ros p\u00e5 s\u00f8ndagen. Her kan alle fra elite til bredde delta. Det blir lagt opp til 4 treninger for hvert lag, med sosialt opplegg p\u00e5 l\u00f8rdag kveld. Ellers er det muligheter for brettspill, sosialisering og generelt god stemning. Det blir servert mat.<\/p>\n\n\n\n<p>NB! Treningsleiren er frivillig. Hvis du skal delta m\u00e5 du betale et bel\u00f8p som ikke er med i de faste kostnadene i klubben. Mer info kommer.<\/p>\n\n\n\n<p><strong>Regionscup<\/strong> <strong>for lavere divisjoner<\/strong><\/p>\n\n\n\n<p>Dette er den offisielle starten for lavere divisjoner i region Tr\u00f8ndelag. Her spiller man turnering hvor vinneren g\u00e5r et steg videre mot NM. Turneringen g\u00e5r over to dager og er \u00e5pen for alle seniorlag fra 2.-4. divisjon. Dette er en god m\u00e5te \u00e5 f\u00e5 testet niv\u00e5et p\u00e5 laget ettersom man har blitt litt mer kjent enn tidligere.<\/p>\n\n\n\n<p><strong>Eliteturnering i Volda<\/strong><\/p>\n\n\n\n<p>For elitelagene v\u00e5re f\u00e5r de dra til Volda for \u00e5 delta p\u00e5 en turnering hvor de f\u00e5r teste niv\u00e5et og spille seg inn mot sesongen ved \u00e5 pr\u00f8ve seg mot noen av de andre elitelagene i landet. Dette er en god m\u00e5te for lagene \u00e5 finne ut av hvor niv\u00e5et ligger og hva som m\u00e5 jobbes med fremover.<\/p>\n","protected":false},"excerpt":{"rendered":"<p>I NTNUI har vi et par faste arrangementer i startet av hver sesong, s\u00e5 hold av datoene! Datoer for sesongen 25\/26: Mer informasjon om arrangementene finner du under. Midtnordisk Midtnordisk er en sosial oppstart for alle spillere. Det er en turnering hvor man kan bli kjent med laget sitt gjennom spill og sosialisering. Turneringen spilles [&hellip;]<\/p>\n","protected":false},"author":439,"featured_media":0,"parent":0,"menu_order":0,"comment_status":"closed","ping_status":"closed","template":"","meta":{"_coblocks_attr":"","_coblocks_dimensions":"","_coblocks_responsive_height":"","_coblocks_accordion_ie_support":"","_price":"","_stock":"","_tribe_ticket_header":"","_tribe_default_ticket_provider":"","_tribe_ticket_capacity":"0","_ticket_start_date":"","_ticket_end_date":"","_tribe_ticket_show_description":"","_tribe_ticket_show_not_going":false,"_tribe_ticket_use_global_stock":"","_tribe_ticket_global_stock_level":"","_global_stock_mode":"","_global_stock_cap":"","_tribe_rsvp_for_event":"","_tribe_ticket_going_count":"","_tribe_ticket_not_going_count":"","_tribe_tickets_list":[],"_tribe_ticket_has_attendee_info_fields":false,"footnotes":""},"class_list":["post-1299","page","type-page","status-publish","hentry"],"featured_image_src":null,"featured_image_src_square":null,"_links":{"self":[{"href":"https:\/\/ntnui.no\/volleyball\/wp-json\/wp\/v2\/pages\/1299","targetHints":{"allow":["GET"]}}],"collection":[{"href":"https:\/\/ntnui.no\/volleyball\/wp-json\/wp\/v2\/pages"}],"about":[{"href":"https:\/\/ntnui.no\/volleyball\/wp-json\/wp\/v2\/types\/page"}],"author":[{"embeddable":true,"href":"https:\/\/ntnui.no\/volleyball\/wp-json\/wp\/v2\/users\/439"}],"replies":[{"embeddable":true,"href":"https:\/\/ntnui.no\/volleyball\/wp-json\/wp\/v2\/comments?post=1299"}],"version-history":[{"count":4,"href":"https:\/\/ntnui.no\/volleyball\/wp-json\/wp\/v2\/pages\/1299\/revisions"}],"predecessor-version":[{"id":1320,"href":"https:\/\/ntnui.no\/volleyball\/wp-json\/wp\/v2\/pages\/1299\/revisions\/1320"}],"wp:attachment":[{"href":"https:\/\/ntnui.no\/volleyball\/wp-json\/wp\/v2\/media?parent=1299"}],"curies":[{"name":"wp","href":"https:\/\/api.w.org\/{rel}","templated":true}]}}