{"id":165,"date":"2019-08-05T14:09:32","date_gmt":"2019-08-05T14:09:32","guid":{"rendered":"https:\/\/ntnui.no\/turn\/?page_id=165"},"modified":"2025-12-09T20:44:30","modified_gmt":"2025-12-09T19:44:30","slug":"kontaktskjema-for-venteliste","status":"publish","type":"page","link":"https:\/\/ntnui.no\/turn\/kontaktskjema-for-venteliste\/","title":{"rendered":"P\u00e5melding til venteliste"},"content":{"rendered":"\n<p class=\"has-lato-font-family has-custom-font\" style=\"font-family:Lato\">Fyll inn skjemaet under og trykk send for \u00e5 sette deg p\u00e5 ventelista. <br>Du vil f\u00e5 beskjed p\u00e5 E-post n\u00e5r du eventuelt blir tatt opp i gruppen. <\/p>\n\n\n\n<p class=\"has-lato-font-family has-custom-font\" style=\"font-family:Lato\">OBS! Du vil f\u00e5 mail hvert semester om du fortsatt \u00f8nsker \u00e5 st\u00e5 p\u00e5 venteliste, denne m\u00e5 du svare p\u00e5 s\u00e5 sjekk at dette ikke havner i s\u00f8ppelpost eller reklame. Du kan ende med \u00e5 st\u00e5 p\u00e5 venteliste i ett til to \u00e5r f\u00f8r det blir ledig plass. <\/p>\n\n\n\n<p class=\"has-lato-font-family has-custom-font\" style=\"font-family:Lato\">Du vil motta en bekreftelse p\u00e5 mail i l\u00f8pet av den neste dagen. Hvis ikke kan du pr\u00f8ve \u00e5 fylle ut skjemaet igjen eller kontakte styret.<\/p>\n\n\n\n<p class=\"has-lato-font-family has-custom-font\" style=\"font-family:Lato\">Vi har ogs\u00e5 avtale med Trondhjems Trunforening at hvis man er trener vil man f\u00e5 direkte inpass i NTNUI Turn: <a href=\"https:\/\/trondhjemsturn.no\/om-oss\/jobbe-hos-oss\/\" data-type=\"URL\" data-id=\"https:\/\/trondhjemsturnforening.com\/jobbe-hos-oss\/\">S\u00f8k  trener her<\/a><\/p>\n\n\n<div role=\"form\" class=\"wpcf7\" id=\"wpcf7-f164-o1\" lang=\"nb-NO\" dir=\"ltr\">\n<div class=\"screen-reader-response\"><p role=\"status\" aria-live=\"polite\" aria-atomic=\"true\"><\/p> <ul><\/ul><\/div>\n<form action=\"\/turn\/wp-json\/wp\/v2\/pages\/165#wpcf7-f164-o1\" method=\"post\" class=\"wpcf7-form init\" novalidate=\"novalidate\" data-status=\"init\">\n<div style=\"display: none;\">\n<input type=\"hidden\" name=\"_wpcf7\" value=\"164\" \/>\n<input type=\"hidden\" name=\"_wpcf7_version\" value=\"5.3\" \/>\n<input type=\"hidden\" name=\"_wpcf7_locale\" value=\"nb_NO\" \/>\n<input type=\"hidden\" name=\"_wpcf7_unit_tag\" value=\"wpcf7-f164-o1\" \/>\n<input type=\"hidden\" name=\"_wpcf7_container_post\" value=\"0\" \/>\n<input type=\"hidden\" name=\"_wpcf7_posted_data_hash\" value=\"\" \/>\n<\/div>\n<p><label> Fullt navn (obligatorisk)<br \/>\n    <span class=\"wpcf7-form-control-wrap navn\"><input type=\"text\" name=\"navn\" value=\"\" size=\"40\" class=\"wpcf7-form-control wpcf7-text wpcf7-validates-as-required\" aria-required=\"true\" aria-invalid=\"false\" \/><\/span> <\/label><\/p>\n<p><label> E-post, som du bruker jevnlig (obligatorisk)<br \/>\n    <span class=\"wpcf7-form-control-wrap epost\"><input type=\"email\" name=\"epost\" value=\"\" size=\"40\" class=\"wpcf7-form-control wpcf7-text wpcf7-email wpcf7-validates-as-required wpcf7-validates-as-email\" aria-required=\"true\" aria-invalid=\"false\" \/><\/span> <\/label><\/p>\n<p><label> N\u00e5r er du ferdig med \u00e5 studere p\u00e5 ntnu, tenker du ? (f.eks v\u00e5r 2025, eller h\u00f8st 2023) (obligatorisk)<br \/>\n    <span class=\"wpcf7-form-control-wrap avgangsaar\"><input type=\"text\" name=\"avgangsaar\" value=\"\" size=\"40\" class=\"wpcf7-form-control wpcf7-text wpcf7-validates-as-required\" aria-required=\"true\" aria-invalid=\"false\" \/><\/span> <\/label><\/p>\n<p><label> Hvor mye turnerfaring har du? (obligatorisk)<br \/>\n<span class=\"wpcf7-form-control-wrap erfaring\"><span class=\"wpcf7-form-control wpcf7-radio\"><span class=\"wpcf7-list-item first\"><label><input type=\"radio\" name=\"erfaring\" value=\"H\u00f8yt niv\u00e5\" \/><span class=\"wpcf7-list-item-label\">H\u00f8yt niv\u00e5<\/span><\/label><\/span><span class=\"wpcf7-list-item\"><label><input type=\"radio\" name=\"erfaring\" value=\"Turnet i mange \u00e5r\" \/><span class=\"wpcf7-list-item-label\">Turnet i mange \u00e5r<\/span><\/label><\/span><span class=\"wpcf7-list-item\"><label><input type=\"radio\" name=\"erfaring\" value=\"En del\" \/><span class=\"wpcf7-list-item-label\">En del<\/span><\/label><\/span><span class=\"wpcf7-list-item\"><label><input type=\"radio\" name=\"erfaring\" value=\"Lite\" \/><span class=\"wpcf7-list-item-label\">Lite<\/span><\/label><\/span><span class=\"wpcf7-list-item last\"><label><input type=\"radio\" name=\"erfaring\" value=\"Ingen\" \/><span class=\"wpcf7-list-item-label\">Ingen<\/span><\/label><\/span><\/span><\/span><\/p>\n<p><br><\/br><\/p>\n<p><label> Hvilken type turn eller tilsvarende vil du si at du har holdt p\u00e5 med? (obligatorisk)<br \/>\n<span class=\"wpcf7-form-control-wrap turn\"><span class=\"wpcf7-form-control wpcf7-checkbox\"><span class=\"wpcf7-list-item first\"><label><input type=\"checkbox\" name=\"turn[]\" value=\"Troppsturn\" \/><span class=\"wpcf7-list-item-label\">Troppsturn<\/span><\/label><\/span><span class=\"wpcf7-list-item\"><label><input type=\"checkbox\" name=\"turn[]\" value=\"Apparatturn\" \/><span class=\"wpcf7-list-item-label\">Apparatturn<\/span><\/label><\/span><span class=\"wpcf7-list-item\"><label><input type=\"checkbox\" name=\"turn[]\" value=\"RG\" \/><span class=\"wpcf7-list-item-label\">RG<\/span><\/label><\/span><span class=\"wpcf7-list-item\"><label><input type=\"checkbox\" name=\"turn[]\" value=\"Sirkus\" \/><span class=\"wpcf7-list-item-label\">Sirkus<\/span><\/label><\/span><span class=\"wpcf7-list-item\"><label><input type=\"checkbox\" name=\"turn[]\" value=\"Parkour\" \/><span class=\"wpcf7-list-item-label\">Parkour<\/span><\/label><\/span><span class=\"wpcf7-list-item\"><label><input type=\"checkbox\" name=\"turn[]\" value=\"Calisthenics\" \/><span class=\"wpcf7-list-item-label\">Calisthenics<\/span><\/label><\/span><span class=\"wpcf7-list-item\"><label><input type=\"checkbox\" name=\"turn[]\" value=\"Dans\" \/><span class=\"wpcf7-list-item-label\">Dans<\/span><\/label><\/span><span class=\"wpcf7-list-item last\"><label><input type=\"checkbox\" name=\"turn[]\" value=\"Annet\" \/><span class=\"wpcf7-list-item-label\">Annet<\/span><\/label><\/span><\/span><\/span><br \/>\n<br><\/br><\/p>\n<p><label> Har du noe trenererfaring, dommerkurs og\/eller sikringskurs?<br \/>\n<span class=\"wpcf7-form-control-wrap kurs\"><span class=\"wpcf7-form-control wpcf7-checkbox\"><span class=\"wpcf7-list-item first\"><label><input type=\"checkbox\" name=\"kurs[]\" value=\"Trener\" \/><span class=\"wpcf7-list-item-label\">Trener<\/span><\/label><\/span><span class=\"wpcf7-list-item\"><label><input type=\"checkbox\" name=\"kurs[]\" value=\"Sikringskurs 1\" \/><span class=\"wpcf7-list-item-label\">Sikringskurs 1<\/span><\/label><\/span><span class=\"wpcf7-list-item\"><label><input type=\"checkbox\" name=\"kurs[]\" value=\"Sikringskurs 2\" \/><span class=\"wpcf7-list-item-label\">Sikringskurs 2<\/span><\/label><\/span><span class=\"wpcf7-list-item last\"><label><input type=\"checkbox\" name=\"kurs[]\" value=\"Dommerkurs\" \/><span class=\"wpcf7-list-item-label\">Dommerkurs<\/span><\/label><\/span><\/span><\/span><\/p>\n<p><br><\/br><\/p>\n<p><input type=\"submit\" value=\"Send\" class=\"wpcf7-form-control wpcf7-submit\" \/><\/p>\n<div class=\"wpcf7-response-output\" aria-hidden=\"true\"><\/div><\/form><\/div>\n\n\n\n<p><\/p>\n","protected":false},"excerpt":{"rendered":"<p>Fyll inn skjemaet under og trykk send for \u00e5 sette deg p\u00e5 ventelista. Du vil f\u00e5 beskjed p\u00e5 E-post n\u00e5r du eventuelt blir tatt opp i gruppen. OBS! Du vil f\u00e5 mail hvert semester om du fortsatt \u00f8nsker \u00e5 st\u00e5 p\u00e5 venteliste, denne m\u00e5 du svare p\u00e5 s\u00e5 sjekk at dette ikke havner i s\u00f8ppelpost [&hellip;]<\/p>\n","protected":false},"author":129,"featured_media":0,"parent":0,"menu_order":0,"comment_status":"closed","ping_status":"closed","template":"","meta":{"_coblocks_attr":"Lato,Lato","_coblocks_dimensions":"","_coblocks_responsive_height":"","_coblocks_accordion_ie_support":"","_price":"","_stock":"","_tribe_ticket_header":"","_tribe_default_ticket_provider":"","_tribe_ticket_capacity":"0","_ticket_start_date":"","_ticket_end_date":"","_tribe_ticket_show_description":"","_tribe_ticket_show_not_going":false,"_tribe_ticket_use_global_stock":"","_tribe_ticket_global_stock_level":"","_global_stock_mode":"","_global_stock_cap":"","_tribe_rsvp_for_event":"","_tribe_ticket_going_count":"","_tribe_ticket_not_going_count":"","_tribe_tickets_list":[],"_tribe_ticket_has_attendee_info_fields":false,"footnotes":""},"class_list":["post-165","page","type-page","status-publish","hentry"],"featured_image_src":null,"featured_image_src_square":null,"_links":{"self":[{"href":"https:\/\/ntnui.no\/turn\/wp-json\/wp\/v2\/pages\/165","targetHints":{"allow":["GET"]}}],"collection":[{"href":"https:\/\/ntnui.no\/turn\/wp-json\/wp\/v2\/pages"}],"about":[{"href":"https:\/\/ntnui.no\/turn\/wp-json\/wp\/v2\/types\/page"}],"author":[{"embeddable":true,"href":"https:\/\/ntnui.no\/turn\/wp-json\/wp\/v2\/users\/129"}],"replies":[{"embeddable":true,"href":"https:\/\/ntnui.no\/turn\/wp-json\/wp\/v2\/comments?post=165"}],"version-history":[{"count":16,"href":"https:\/\/ntnui.no\/turn\/wp-json\/wp\/v2\/pages\/165\/revisions"}],"predecessor-version":[{"id":775,"href":"https:\/\/ntnui.no\/turn\/wp-json\/wp\/v2\/pages\/165\/revisions\/775"}],"wp:attachment":[{"href":"https:\/\/ntnui.no\/turn\/wp-json\/wp\/v2\/media?parent=165"}],"curies":[{"name":"wp","href":"https:\/\/api.w.org\/{rel}","templated":true}]}}