{"id":8117,"date":"2024-07-07T20:12:41","date_gmt":"2024-07-07T18:12:41","guid":{"rendered":"https:\/\/ntnui.no\/triatlon\/?page_id=8117"},"modified":"2024-07-07T20:12:41","modified_gmt":"2024-07-07T18:12:41","slug":"resultater-student-nm-2024","status":"publish","type":"page","link":"https:\/\/ntnui.no\/triatlon\/resultater-student-nm-2024\/","title":{"rendered":"Resultater Student NM 2024"},"content":{"rendered":"\n<p>Student NM 2024 ble gjennomf\u00f8rt 27. april i Trondheim. Med hele 96 p\u00e5meldte ble det satt deltagerrekord! <\/p>\n\n\n\n<p><a href=\"https:\/\/live.eqtiming.com\/72319\" data-type=\"URL\" data-id=\"https:\/\/live.eqtiming.com\/72319\"><strong>Resultatene finnes p\u00e5 EQ-timing via denne linken<\/strong><\/a><\/p>\n","protected":false},"excerpt":{"rendered":"<p>Student NM 2024 ble gjennomf\u00f8rt 27. april i Trondheim. Med hele 96 p\u00e5meldte ble det satt deltagerrekord! Resultatene finnes p\u00e5 EQ-timing via denne linken<\/p>\n","protected":false},"author":575,"featured_media":0,"parent":0,"menu_order":0,"comment_status":"closed","ping_status":"closed","template":"","meta":{"_coblocks_attr":"","_coblocks_dimensions":"","_coblocks_responsive_height":"","_coblocks_accordion_ie_support":"","_price":"","_stock":"","_tribe_ticket_header":"","_tribe_default_ticket_provider":"","_tribe_ticket_capacity":"0","_ticket_start_date":"","_ticket_end_date":"","_tribe_ticket_show_description":"","_tribe_ticket_show_not_going":false,"_tribe_ticket_use_global_stock":"","_tribe_ticket_global_stock_level":"","_global_stock_mode":"","_global_stock_cap":"","_tribe_rsvp_for_event":"","_tribe_ticket_going_count":"","_tribe_ticket_not_going_count":"","_tribe_tickets_list":[],"_tribe_ticket_has_attendee_info_fields":false,"jetpack_post_was_ever_published":false,"footnotes":""},"class_list":["post-8117","page","type-page","status-publish","hentry"],"featured_image_src":null,"featured_image_src_square":null,"jetpack_sharing_enabled":true,"jetpack_shortlink":"https:\/\/wp.me\/PaEoaf-26V","_links":{"self":[{"href":"https:\/\/ntnui.no\/triatlon\/wp-json\/wp\/v2\/pages\/8117","targetHints":{"allow":["GET"]}}],"collection":[{"href":"https:\/\/ntnui.no\/triatlon\/wp-json\/wp\/v2\/pages"}],"about":[{"href":"https:\/\/ntnui.no\/triatlon\/wp-json\/wp\/v2\/types\/page"}],"author":[{"embeddable":true,"href":"https:\/\/ntnui.no\/triatlon\/wp-json\/wp\/v2\/users\/575"}],"replies":[{"embeddable":true,"href":"https:\/\/ntnui.no\/triatlon\/wp-json\/wp\/v2\/comments?post=8117"}],"version-history":[{"count":1,"href":"https:\/\/ntnui.no\/triatlon\/wp-json\/wp\/v2\/pages\/8117\/revisions"}],"predecessor-version":[{"id":8120,"href":"https:\/\/ntnui.no\/triatlon\/wp-json\/wp\/v2\/pages\/8117\/revisions\/8120"}],"wp:attachment":[{"href":"https:\/\/ntnui.no\/triatlon\/wp-json\/wp\/v2\/media?parent=8117"}],"curies":[{"name":"wp","href":"https:\/\/api.w.org\/{rel}","templated":true}]}}