{"id":6800,"date":"2022-08-19T11:41:14","date_gmt":"2022-08-19T09:41:14","guid":{"rendered":"https:\/\/ntnui.no\/triatlon\/?page_id=6800"},"modified":"2023-09-15T12:10:47","modified_gmt":"2023-09-15T10:10:47","slug":"tidsskjema-trisprinten","status":"publish","type":"page","link":"https:\/\/ntnui.no\/triatlon\/tidsskjema-trisprinten\/","title":{"rendered":"Tidsskjema Trisprinten"},"content":{"rendered":"\n<p>Forel\u00f8pig tidsskjema 2023. Endelig tidsskjema vil oppdateres n\u00e5r p\u00e5meldingen har stengt. <\/p>\n\n\n\n<h3 class=\"wp-block-heading\" id=\"block-88dc93d9-304f-48ac-b10f-c580cd901bbc\">Fredag &#8211; Race brief<\/h3>\n\n\n\n<figure class=\"wp-block-table\"><table><tbody><tr><td><strong>Tidspunkt<\/strong><\/td><td><strong>Hva<\/strong><\/td><\/tr><tr><td>17:15-18:00<\/td><td>Lisenskontroll og startnummer-utdeling utenfor EL3, Gl\u00f8shaugen.<\/td><\/tr><tr><td>18:00-18:30<\/td><td><strong>Obligatorisk Race brief.<\/strong><br>Sted: EL3 Gamle Elektro, Gl\u00f8shaugen<br>\ufeff<\/td><\/tr><\/tbody><\/table><\/figure>\n\n\n\n<h2 class=\"wp-block-heading\" id=\"block-51353ccf-35de-4600-95c1-e5b62f6f25ee\">L\u00f8rdag<\/h2>\n\n\n\n<h3 class=\"wp-block-heading\" id=\"block-3d9f5f8b-af36-4e9a-8bf5-33dd096b46a5\">Sv\u00f8mming &#8211; Pirbadet<\/h3>\n\n\n\n<figure class=\"wp-block-table\"><table><tbody><tr><td><strong>Tidspunkt:<\/strong><\/td><td><strong>Hva<\/strong><\/td><\/tr><tr><td>07:00<\/td><td>Innsjekk \u00e5pner for ut\u00f8verne utenfor Pirbadet.<br>En sykkelvakt vil passe p\u00e5 alle innsjekkede sykler.<br>\ufeff<\/td><\/tr><tr><td>07:15<\/td><td>Innsjekk stenger. Oppvarming i langbaner og bane 3 p\u00e5 dyp side.<\/td><\/tr><tr><td>07:45<\/td><td>Fellesstart for pulje 1 (heat 1.1 og 1.2).<br>Neste pulje skal alltid st\u00e5 klar i k\u00f8.<\/td><\/tr><tr><td>09:30<\/td><td>Sv\u00f8mmeslutt.<br>Ut\u00f8verne g\u00e5r i garderobene og skifter og gj\u00f8r seg klar til<br>sykkeltransitt.<\/td><\/tr><tr><td>09:45<\/td><td>Felles sykkeltransitt til Ilsvika. Man kan dra til Ilsvika f\u00f8r dette.<\/td><\/tr><\/tbody><\/table><\/figure>\n\n\n\n<h3 class=\"wp-block-heading\" id=\"block-0bde4e39-a63d-4ad0-a588-c11c1ddd6000\">Sykkel og l\u00f8p &#8211; Ilsvika<\/h3>\n\n\n\n<figure class=\"wp-block-table\"><table><tbody><tr><td><strong>Tidspunkt<\/strong><\/td><td><strong>Hva<\/strong><\/td><\/tr><tr><td>10:00<\/td><td>Forventet (seneste) ankomst til Ilsvika. <strong>Skiftesone \u00e5pner.<\/strong><\/td><\/tr><tr><td>10:15<\/td><td>Alle ut\u00f8vere skal v\u00e6re klar i startomr\u00e5det.<strong> Skiftesone stenger.<\/strong><br>Kort felles repetisjon av sykkel og l\u00f8p.<br>Det er et godt tips \u00e5 ha med slippers eller<br>lignende som er lett \u00e5 ta av, da det kan<br>v\u00e6re kaldt \u00e5 g\u00e5 barbent p\u00e5 asfalten f\u00f8r start.<\/td><\/tr><tr><td>10:30<\/td><td>Startskuddet for sykkeletappen g\u00e5r. Jaktstart.<\/td><\/tr><tr><td>11:20<\/td><td>Estimert f\u00f8rste ut\u00f8ver i m\u00e5l.<\/td><\/tr><tr><td>12:20<\/td><td>Estimert siste ut\u00f8ver i m\u00e5l og avslutning av konkurransen.<br>Medaljeseremoni. <br>Fellesbilde.<\/td><\/tr><\/tbody><\/table><\/figure>\n","protected":false},"excerpt":{"rendered":"<p>Forel\u00f8pig tidsskjema 2023. Endelig tidsskjema vil oppdateres n\u00e5r p\u00e5meldingen har stengt. Fredag &#8211; Race brief Tidspunkt Hva 17:15-18:00 Lisenskontroll og startnummer-utdeling utenfor EL3, Gl\u00f8shaugen. 18:00-18:30 Obligatorisk Race brief.Sted: EL3 Gamle Elektro, Gl\u00f8shaugen\ufeff L\u00f8rdag Sv\u00f8mming &#8211; Pirbadet Tidspunkt: Hva 07:00 Innsjekk \u00e5pner for ut\u00f8verne utenfor Pirbadet.En sykkelvakt vil passe p\u00e5 alle innsjekkede sykler.\ufeff 07:15 Innsjekk stenger. [&hellip;]<\/p>\n","protected":false},"author":299,"featured_media":0,"parent":0,"menu_order":0,"comment_status":"closed","ping_status":"closed","template":"","meta":{"_coblocks_attr":"","_coblocks_dimensions":"","_coblocks_responsive_height":"","_coblocks_accordion_ie_support":"","_price":"","_stock":"","_tribe_ticket_header":"","_tribe_default_ticket_provider":"","_tribe_ticket_capacity":"0","_ticket_start_date":"","_ticket_end_date":"","_tribe_ticket_show_description":"","_tribe_ticket_show_not_going":false,"_tribe_ticket_use_global_stock":"","_tribe_ticket_global_stock_level":"","_global_stock_mode":"","_global_stock_cap":"","_tribe_rsvp_for_event":"","_tribe_ticket_going_count":"","_tribe_ticket_not_going_count":"","_tribe_tickets_list":[],"_tribe_ticket_has_attendee_info_fields":false,"jetpack_post_was_ever_published":false,"footnotes":""},"class_list":["post-6800","page","type-page","status-publish","hentry"],"featured_image_src":null,"featured_image_src_square":null,"jetpack_sharing_enabled":true,"jetpack_shortlink":"https:\/\/wp.me\/PaEoaf-1LG","_links":{"self":[{"href":"https:\/\/ntnui.no\/triatlon\/wp-json\/wp\/v2\/pages\/6800","targetHints":{"allow":["GET"]}}],"collection":[{"href":"https:\/\/ntnui.no\/triatlon\/wp-json\/wp\/v2\/pages"}],"about":[{"href":"https:\/\/ntnui.no\/triatlon\/wp-json\/wp\/v2\/types\/page"}],"author":[{"embeddable":true,"href":"https:\/\/ntnui.no\/triatlon\/wp-json\/wp\/v2\/users\/299"}],"replies":[{"embeddable":true,"href":"https:\/\/ntnui.no\/triatlon\/wp-json\/wp\/v2\/comments?post=6800"}],"version-history":[{"count":3,"href":"https:\/\/ntnui.no\/triatlon\/wp-json\/wp\/v2\/pages\/6800\/revisions"}],"predecessor-version":[{"id":7501,"href":"https:\/\/ntnui.no\/triatlon\/wp-json\/wp\/v2\/pages\/6800\/revisions\/7501"}],"wp:attachment":[{"href":"https:\/\/ntnui.no\/triatlon\/wp-json\/wp\/v2\/media?parent=6800"}],"curies":[{"name":"wp","href":"https:\/\/api.w.org\/{rel}","templated":true}]}}