{"id":4980,"date":"2019-07-28T15:46:45","date_gmt":"2019-07-28T13:46:45","guid":{"rendered":"https:\/\/ntnui.no\/triatlon\/?page_id=4980"},"modified":"2023-03-14T23:35:55","modified_gmt":"2023-03-14T22:35:55","slug":"refusjon","status":"publish","type":"page","link":"https:\/\/ntnui.no\/triatlon\/refusjon\/","title":{"rendered":"Refusjon"},"content":{"rendered":"\n<h2 class=\"wp-block-heading\">Refusjon konkurranse<\/h2>\n\n\n\n<p>Som en bonus ved \u00e5 v\u00e6re medlem i NTNUI Triatlon, og ved gjennomf\u00f8rt dugnadsarbeid, kan du s\u00f8ke om refusjon av deltageravgift for triatlon- og sykkelkonkurranser, samt reiseutgifter. <\/p>\n\n\n\n<p>(Her vil det ogs\u00e5 kunne godkjennes for akvatlon, duatlon el. som vurderes som en &#8220;triatlonkonkurranse&#8221;)<\/p>\n\n\n\n<p>Du kan f\u00e5 dekket inntil 80% av deltakeravgiften ved triatlon- og sykkelkonkurranser, begrenset til 1360 kr per enkelt konkurranse (80% av maks-bel\u00f8p 1700 kr). I tillegg kan du ogs\u00e5 s\u00f8ke om delvis st\u00f8tte til reiseutgifter til og fra konkurranser i Norden. Dersom du har sp\u00f8rsm\u00e5l til st\u00f8tten, ikke n\u00f8l med \u00e5 sende en mail til triatlon-nestleder@ntnui.no. <\/p>\n\n\n\n<p>For \u00e5 kunne s\u00f8ke om refusjon til \u00e9n enkeltkonkurranse m\u00e5 man ha minst 2 dugnadspoeng. For \u00e5 kunne s\u00f8ke om refusjon til alle konkurranse man deltar p\u00e5 gjennom sesongen m\u00e5 man ha minst 3 dugnadspoeng, hvorav minst 1 poeng M\u00c5 komme fra \u00e5 ha v\u00e6rt funksjon\u00e6r\/stasjon\u00e6rvakt.<\/p>\n\n\n\n<p>1p: Kreves av alle medlemmer<\/p>\n\n\n\n<p>2p: Man kan f\u00e5 refusjon for 1 konkurranse<\/p>\n\n\n\n<p>3p: Der 1 poeng M\u00c5 komme fra funksjon\u00e6r\/stasjon\u00e6rvakt: Alle konkurranser i sesongen.<\/p>\n\n\n\n<p>Man m\u00e5 ha representert NTNUI Triatlon\/Sykkel under konkurransen, samt deltatt i godkjent NTNUI-bekledning. I triatlonkonkurranser betyr dette NTNUI tridrakt, og i sykkelkonkurranser betyr dette t\u00f8y som tydelig representerer NTNUI. Det er ikke krav om \u00e5 fullf\u00f8re konkurransen for \u00e5 kunne s\u00f8ke om refusjon, men man m\u00e5 stille p\u00e5 start. DNS = ingen refusjon. <\/p>\n\n\n\n<p>Nytt for 2023 er at medlemmer som deltar i sin f\u00f8rste refunderbare konkurranse kan s\u00f8ke om refusjon for denne uten \u00e5 ha brukt NTNUI tridrakt eller sykkelt\u00f8y som tydelig representerer NTNUI, s\u00e5lenge de har brukt NTNUI tskjorte\/genser\/jakke (kan muligens l\u00e5nes av andre medlemmer, trenger ikke v\u00e6re NTNUI Triatlon s\u00e5lenge det er de &#8220;klassiske&#8221; gr\u00f8nne NTNUI fargene\/m\u00f8nsteret). Dette er for \u00e5 gj\u00f8re terskelen enklere for \u00e5 pr\u00f8ve seg i sporten. (vanlige regler for dugnadspoeng gjelder likevel)<\/p>\n\n\n\n<p>For reiserefusjon kan man s\u00f8ke om st\u00f8tte for inntil 50% av reiseutgiftene for reisen til og fra konkurransen. Bel\u00f8pet man eventuelt f\u00e5r refundert baserer seg p\u00e5 billigste reisem\u00e5te.<\/p>\n\n\n\n<p>Merk at man ikke er garantert \u00e5 f\u00e5 penger igjen, men historisk har det v\u00e6rt gode utbetalinger av refusjon. Pengene vil man f\u00e5 igjen omtrent i mai \u00e5ret etter man har kj\u00f8rt konkurranse.<\/p>\n\n\n\n<p>Refusjonss\u00f8kander m\u00e5 sendes inn innen to uker etter konkurransen. Unntaket er for juni og juli, her er fristen 15.august. Man m\u00e5 s\u00f8ke for hver enkelt konkurranse man har deltatt p\u00e5.<\/p>\n\n\n\n<p>Man kan ikke s\u00f8ke refusjon for arrangementer arrangert av NTNUI.<\/p>\n\n\n\n<p>Noen sp\u00f8rsm\u00e5l? Bare \u00e5 ta kontakt p\u00e5 mail til triatlon-kasserer@ntnui.no<\/p>\n\n\n\n<div class=\"wp-block-file\"><a href=\"https:\/\/ntnui.no\/triatlon\/wp-content\/uploads\/sites\/230\/2019\/08\/Refusjonsskjema-NTNUI-Triatlon-mauell-1.docx\">Refusjonsskjema NTNUI Triatlon &#8211; Konkurranse<\/a><a href=\"https:\/\/ntnui.no\/triatlon\/wp-content\/uploads\/sites\/230\/2019\/08\/Refusjonsskjema-NTNUI-Triatlon-mauell-1.docx\" class=\"wp-block-file__button\" download>Last ned<\/a><\/div>\n\n\n\n<div class=\"wp-block-file\"><a href=\"https:\/\/ntnui.no\/triatlon\/wp-content\/uploads\/sites\/230\/2019\/08\/Refusjonsskjema-NTNUI-Triatlon-eksempel.pdf\">Refusjonsskjema NTNUI Triatlon &#8211; Eksempel konkurranse<\/a><a href=\"https:\/\/ntnui.no\/triatlon\/wp-content\/uploads\/sites\/230\/2019\/08\/Refusjonsskjema-NTNUI-Triatlon-eksempel.pdf\" class=\"wp-block-file__button\" download>Last ned<\/a><\/div>\n\n\n\n<p> Ferdig utfylt skjema og vedlegg sendes til <a href=\"mailto:triatlon-kasserer@ntnui.no\">triatlon-kasserer@ntnui.no<\/a> som en pdf-fil.  <\/p>\n\n\n\n<h2 class=\"wp-block-heading\">Refusjon leie av bil<\/h2>\n\n\n\n<p>Dersom du har latt klubben l\u00e5ne bilen din, kan du s\u00f8ke om refusjon ved \u00e5 fylle ut refusjonsskjema for bil. Dette m\u00e5 v\u00e6re avklart f\u00f8r kj\u00f8ringen skjer. <strong>Merk <\/strong>at du ikke skal bruke dette skjemaet n\u00e5r du s\u00f8ker refusjon for reise ifm. konkurranse.<\/p>\n\n\n\n<p>Fyll ut skjemaet under og det sendes automatisk til kasserer. Skriv inn &#8220;triatlon-kasserer@ntnui.no&#8221; p\u00e5 feltet &#8220;Din kasserers epost&#8221;. <\/p>\n\n\n\n<p><a href=\"https:\/\/reise.ntnui.no\/\">https:\/\/reise.ntnui.no\/<\/a><\/p>\n\n\n\n<h2 class=\"wp-block-heading\">Refusjon enkeltutlegg<\/h2>\n\n\n\n<p>Dersom du har lagt ut for noe som klubben p\u00e5 forh\u00e5nd har sagt at den skal dekke fyller du ut skjemaet under og det vil automatisk bli sendt til kasserer. Skriv inn &#8220;triatlon-kasserer@ntnui.no&#8221; p\u00e5 feltet &#8220;Din kasserers epost&#8221;.<\/p>\n\n\n\n<p><a href=\"https:\/\/refusjon.ntnui.no\/\">https:\/\/refusjon.ntnui.no\/<\/a><\/p>\n","protected":false},"excerpt":{"rendered":"<p>Refusjon konkurranse Som en bonus ved \u00e5 v\u00e6re medlem i NTNUI Triatlon, og ved gjennomf\u00f8rt dugnadsarbeid, kan du s\u00f8ke om refusjon av deltageravgift for triatlon- og sykkelkonkurranser, samt reiseutgifter. (Her vil det ogs\u00e5 kunne godkjennes for akvatlon, duatlon el. som vurderes som en &#8220;triatlonkonkurranse&#8221;) Du kan f\u00e5 dekket inntil 80% av deltakeravgiften ved triatlon- og [&hellip;]<\/p>\n","protected":false},"author":54,"featured_media":0,"parent":0,"menu_order":0,"comment_status":"closed","ping_status":"closed","template":"","meta":{"_coblocks_attr":"","_coblocks_dimensions":"","_coblocks_responsive_height":"","_coblocks_accordion_ie_support":"","_price":"","_stock":"","_tribe_ticket_header":"","_tribe_default_ticket_provider":"","_tribe_ticket_capacity":"0","_ticket_start_date":"","_ticket_end_date":"","_tribe_ticket_show_description":"","_tribe_ticket_show_not_going":false,"_tribe_ticket_use_global_stock":"","_tribe_ticket_global_stock_level":"","_global_stock_mode":"","_global_stock_cap":"","_tribe_rsvp_for_event":"","_tribe_ticket_going_count":"","_tribe_ticket_not_going_count":"","_tribe_tickets_list":[],"_tribe_ticket_has_attendee_info_fields":false,"jetpack_post_was_ever_published":false,"footnotes":""},"class_list":["post-4980","page","type-page","status-publish","hentry"],"featured_image_src":null,"featured_image_src_square":null,"jetpack_sharing_enabled":true,"jetpack_shortlink":"https:\/\/wp.me\/PaEoaf-1ik","_links":{"self":[{"href":"https:\/\/ntnui.no\/triatlon\/wp-json\/wp\/v2\/pages\/4980","targetHints":{"allow":["GET"]}}],"collection":[{"href":"https:\/\/ntnui.no\/triatlon\/wp-json\/wp\/v2\/pages"}],"about":[{"href":"https:\/\/ntnui.no\/triatlon\/wp-json\/wp\/v2\/types\/page"}],"author":[{"embeddable":true,"href":"https:\/\/ntnui.no\/triatlon\/wp-json\/wp\/v2\/users\/54"}],"replies":[{"embeddable":true,"href":"https:\/\/ntnui.no\/triatlon\/wp-json\/wp\/v2\/comments?post=4980"}],"version-history":[{"count":14,"href":"https:\/\/ntnui.no\/triatlon\/wp-json\/wp\/v2\/pages\/4980\/revisions"}],"predecessor-version":[{"id":7093,"href":"https:\/\/ntnui.no\/triatlon\/wp-json\/wp\/v2\/pages\/4980\/revisions\/7093"}],"wp:attachment":[{"href":"https:\/\/ntnui.no\/triatlon\/wp-json\/wp\/v2\/media?parent=4980"}],"curies":[{"name":"wp","href":"https:\/\/api.w.org\/{rel}","templated":true}]}}