{"id":7658,"date":"2025-12-28T16:19:46","date_gmt":"2025-12-28T15:19:46","guid":{"rendered":"https:\/\/ntnui.no\/toppturogfrikjoring\/?post_type=product&#038;p=7658"},"modified":"2026-01-13T15:10:30","modified_gmt":"2026-01-13T14:10:30","slug":"skredfokus-tur-oppdal-sjafor","status":"publish","type":"product","link":"https:\/\/ntnui.no\/toppturogfrikjoring\/product\/skredfokus-tur-oppdal-sjafor\/","title":{"rendered":"Skredfokus-tur, Oppdal, sj\u00e5f\u00f8r"},"content":{"rendered":"<p dir=\"ltr\">Nytt \u00e5r og nytt semester n\u00e6rmer seg og det betyr at topptursesongen for alvor skal sparkes i gang! Da er det ogs\u00e5 p\u00e5 h\u00f8y tid \u00e5 friske litt opp i skredkunnsksper for \u00e5 g\u00e5 en trygg sesong i m\u00f8te:)<\/p>\n<p dir=\"ltr\">Vi arrangerer i \u00e5r som tidligere \u00e5r, toppturhelg med skredfokus! Turen vil v\u00e6re fra 23.-25. januar, og vi kommer til \u00e5 bo p\u00e5 Skytterhuset i Oppdal. Avreise er fredag kl 15 og oppm\u00f8te er utenfor hovedbygget p\u00e5 Gl\u00f8shaugen. Det kreves ingen forkunnskaper for \u00e5 bli med p\u00e5 turen foruten at du m\u00e5 kunne bruke skiutstyret ditt! Turen vil passe b\u00e5de for deg med en del erfaring og deg uten forkunnskaper, da vi deler inn i to ulike grupper. Det som du m\u00e5 ha med er topptur- og skredutstyr (Randone, telemark eller splitboard. Inkludert sender\/mottaker, s\u00f8kerstang, spade, feller og hjelm).<\/p>\n<p dir=\"ltr\">Skredfokus-opplegget vil bli delt inn i nybegynner (l\u00f8rdag) og viderekommende (s\u00f8ndag), og m\u00e5 hukes av ved p\u00e5melding s\u00e5 tenk litt p\u00e5 hvilken gruppe du vil melde deg p\u00e5 i allerede n\u00e5! Dette blir en kul helg der du kan m\u00f8te andre toppturentusiaster og samtidig friske opp skredferdighetene dine:)<\/p>\n<p dir=\"ltr\">Det blir \u00e5pent for 28 plasser, og prisen bli rundt kr 1220 kr per person. Dette vil dekke bo, mat (unntatt lunsj, snacks og drikke), transport og instrukt\u00f8r. Link til p\u00e5melding blir torsdag 8.januar kl 12:00 for komite medlemmer, og fredag 9. januar kl. 12:00 for resterende TF- medlemmer.\u00a0 S\u00e5 husk \u00e5 v\u00e6r rask, da plassene g\u00e5r fort! P\u00e5meldingen er bindende. Kan du ikke delta p\u00e5 turen er du selv ansvarlig for \u00e5 selge billetten videre. Ved videresalg er det viktig at vi f\u00e5r kontaktinformasjon til den som overtok plassen. Dette sendes til <a href=\"mailto:hennieha@ntnu.no\" target=\"_blank\" rel=\"noopener\">hennieha@ntnu.no<\/a>.<\/p>\n<p dir=\"ltr\">Vi er avhengige av at deltakere p\u00e5 turen stiller med biler. Ettersom vi er 28 deltakere trenger vi 7 biler, om alle har plass til fire i bilene sine + bagasje og ski! Dersom du har lyst til \u00e5 v\u00e6re med og har mulighet til \u00e5 stille med bil, vil du kunne sikre deg en plass f\u00f8r p\u00e5melding. Sj\u00e5f\u00f8rer blir kompensert 3,5 kr\/km. Det er KUN sj\u00e5f\u00f8rer som er akseptert av arrang\u00f8rene som vil bli kompensert. Bilen din m\u00e5 ha plass til deg selv og tre andre personer og alt av utstyr. Biler med takboks og god plass vil bli prioritert. Skriv merke og modell i mailen. N\u00e5r du stiller med bil har du et ekstra ansvar for at alle faktisk kommer seg ut p\u00e5 tur hver dag. Ingen biler skal forlate hytta halvtomme, og bruker man den ikke selv s\u00e5 m\u00e5 man v\u00e6re forberedt p\u00e5 \u00e5 l\u00e5ne den bort. Sj\u00e5f\u00f8r er selv ansvarlig for bilen i den forstand at utforkj\u00f8ring, bulking etc. m\u00e5 dekkes av egen forsikring, og NTNUI er ikke erstatningsansvarlig for eventuelle skader p\u00e5 bil. Har du en bil til r\u00e5dighet kan du sende\u00a0 mail til <a href=\"mailto:hennieha@ntnu.no\" target=\"_blank\" rel=\"noopener\">hennieha@ntnu.no<\/a>.<\/p>\n<p dir=\"ltr\">MERK!!<\/p>\n<p dir=\"ltr\">Deltakelse vil deltakelse ikke gi noen form for bevis for gjennomf\u00f8relse, eller kan brukes som en del av en skredutdanning. Hvis du er ute etter dette, s\u00e5 finnes det flere akt\u00f8rer i Trondheim og omegn som kan levere denne typen kurs. Likevel er det veldig flinke instrukt\u00f8rer som har masse nyttig \u00e5 l\u00e6re bort:)<\/p>\n<p dir=\"ltr\">MINIMUMSKRAV:<\/p>\n<p dir=\"ltr\">Gyldig medlemskap i NTNUI, samt i NTNUI Topptur og Frikj\u00f8ring, kreves for \u00e5 melde seg p\u00e5. Du kan kj\u00f8pe TF-medlemskap her:<\/p>\n<p dir=\"ltr\"><a href=\"https:\/\/l.facebook.com\/l.php?u=https%3A%2F%2Fntnui.no%2Ftoppturogfrikjoring%2Fproduct%2Fmedlemskap-i-ntnui-topptur-og-frikjoring%2F%3Ffbclid%3DIwAR1t2AJbQJDaEBtBGXtDqtYMWqvBi30iAkxwTEyhSA7MpQC6uL_ZPHcizag&amp;h=AT036t-ccoperGS7yfgfUmkVP_571VgcjE9SQwguyyhZwwtq8zm1aw6u9tyR79yWIfZN__nkJEF8yDm52sZr2pswMEp6vvRWbL6uLj4hH_lOUV_iPV_NgtG2LKS4jzjwPAlT&amp;__tn__=q&amp;c[0]=AT3VeuETPzl2KzUVa7YYbH-BN_-qEe2DhMsi-wj3ZDp-SM5I32-e3AlAdKNE2OcBbZJuASXhl0EWh98SX3-BdHUCbJGPdzM2Dk1aGAjAFhL4gG926H2mfja4Z0RP89cszu72Ec7ZbKVpj7DuAvUqC7j4Xa9Y\" target=\"_blank\" rel=\"noopener\" data-saferedirecturl=\"https:\/\/www.google.com\/url?q=https:\/\/l.facebook.com\/l.php?u%3Dhttps%253A%252F%252Fntnui.no%252Ftoppturogfrikjoring%252Fproduct%252Fmedlemskap-i-ntnui-topptur-og-frikjoring%252F%253Ffbclid%253DIwAR1t2AJbQJDaEBtBGXtDqtYMWqvBi30iAkxwTEyhSA7MpQC6uL_ZPHcizag%26h%3DAT036t-ccoperGS7yfgfUmkVP_571VgcjE9SQwguyyhZwwtq8zm1aw6u9tyR79yWIfZN__nkJEF8yDm52sZr2pswMEp6vvRWbL6uLj4hH_lOUV_iPV_NgtG2LKS4jzjwPAlT%26__tn__%3Dq%26c%5B0%5D%3DAT3VeuETPzl2KzUVa7YYbH-BN_-qEe2DhMsi-wj3ZDp-SM5I32-e3AlAdKNE2OcBbZJuASXhl0EWh98SX3-BdHUCbJGPdzM2Dk1aGAjAFhL4gG926H2mfja4Z0RP89cszu72Ec7ZbKVpj7DuAvUqC7j4Xa9Y&amp;source=gmail&amp;ust=1767019992717000&amp;usg=AOvVaw3qMixzzM9Rul6xW9sl_FmP\">https:\/\/ntnui.no\/&#8230;\/medlemskap-i-ntnui-topptur-og&#8230;\/<\/a><\/p>\n<p dir=\"ltr\">Dere m\u00e5 ha med eget skredutstyr, sender\/mottaker, spade og s\u00f8kestang. TF har noen f\u00e5 skredpakker til utleie, send mail til <a href=\"mailto:tf-nestleder@ntnui.no\" target=\"_blank\" rel=\"noopener\">tf-nestleder@ntnui.no<\/a> dersom det er av interesse. Vi har dessverre ikke noe annet utstyr til leie.<\/p>\n<p dir=\"ltr\">Egnet toppturutstyr til \u00e5 g\u00e5 tur med, toppturski, telemark, splitboard etc.<\/p>\n<p dir=\"ltr\">Alle deltakere m\u00e5 mestre den grunnleggende bruken av b\u00e5de skred- og skiutstyret. Du m\u00e5 ha v\u00e6rt p\u00e5 tur f\u00f8r og kunne ta vare p\u00e5 deg selv i vinterfjellet. Har du ingen erfaring med toppturer p\u00e5 vinteren kan nybegynnerkurs hos DNT eller et av de profesjonelle guideselskapene anbefales som inngang til denne herlige sporten.<\/p>\n<p dir=\"ltr\">TF har ikke ansvar for deg og du er heller ikke forsikret gjennom TF n\u00e5r du er p\u00e5 tur med oss. Egen reiseforsikring anbefales sterkt.<\/p>\n<p dir=\"ltr\">Ved kj\u00f8p av billetten s\u00e5 godkjenner dere TF sin ansvarsfraskrivelse. Den kan leses her: <a href=\"https:\/\/l.facebook.com\/l.php?u=https%3A%2F%2Fdocs.google.com%2Fdocument%2Fd%2F13epxdiCaEWolp1GUcXg31fVVpaPJNDXwCrM3qEZ-ofU%2Fedit%3Fusp%3Dsharing%26fbclid%3DIwAR2BpSwF8OgaLRSQiGTu7y6f26ICNKPZzQu5GOJE5n1imMeuQakSvyVoiMs&amp;h=AT1-gboIkwlx14qQDB8cZi7XHT0epmOJ0z2r5kqFX8D0PUJyFVk8_wiuJU9k-vu8BnrmajzuAl4fMAi-n0Bd_RDWhxEZ9As5mkovccSw7duiaTKZDVQSaHz9fofBSyfjAQoP&amp;__tn__=q&amp;c[0]=AT3VeuETPzl2KzUVa7YYbH-BN_-qEe2DhMsi-wj3ZDp-SM5I32-e3AlAdKNE2OcBbZJuASXhl0EWh98SX3-BdHUCbJGPdzM2Dk1aGAjAFhL4gG926H2mfja4Z0RP89cszu72Ec7ZbKVpj7DuAvUqC7j4Xa9Y\" target=\"_blank\" rel=\"noopener\" data-saferedirecturl=\"https:\/\/www.google.com\/url?q=https:\/\/l.facebook.com\/l.php?u%3Dhttps%253A%252F%252Fdocs.google.com%252Fdocument%252Fd%252F13epxdiCaEWolp1GUcXg31fVVpaPJNDXwCrM3qEZ-ofU%252Fedit%253Fusp%253Dsharing%2526fbclid%253DIwAR2BpSwF8OgaLRSQiGTu7y6f26ICNKPZzQu5GOJE5n1imMeuQakSvyVoiMs%26h%3DAT1-gboIkwlx14qQDB8cZi7XHT0epmOJ0z2r5kqFX8D0PUJyFVk8_wiuJU9k-vu8BnrmajzuAl4fMAi-n0Bd_RDWhxEZ9As5mkovccSw7duiaTKZDVQSaHz9fofBSyfjAQoP%26__tn__%3Dq%26c%5B0%5D%3DAT3VeuETPzl2KzUVa7YYbH-BN_-qEe2DhMsi-wj3ZDp-SM5I32-e3AlAdKNE2OcBbZJuASXhl0EWh98SX3-BdHUCbJGPdzM2Dk1aGAjAFhL4gG926H2mfja4Z0RP89cszu72Ec7ZbKVpj7DuAvUqC7j4Xa9Y&amp;source=gmail&amp;ust=1767019992717000&amp;usg=AOvVaw200WeC14JaHwhGO9510TeK\">https:\/\/docs.google.com\/&#8230;\/13epxdiCaEWolp1GUcXg3&#8230;\/edit&#8230;<\/a><\/p>\n<p dir=\"ltr\">ENGLISH<\/p>\n<p dir=\"ltr\">A new year and a new semester are approaching, which means that the ski touring season is finally about to kick off! That also means it\u2019s high time to brush up on avalanche knowledge to ensure a safe season ahead:)<\/p>\n<p dir=\"ltr\">As in previous years, we are organizing a ski touring weekend with an avalanche focus! The trip will take place from January 23rd\u201325th, and we will be staying at Skytterhuset in Oppdal. Departure is on Friday at 3:00 PM, with meeting point outside the main building at Gl\u00f8shaugen. No prior knowledge is required to join the trip, other than being able to use your ski equipment. The trip is suitable both for those with some experience and those without prior knowledge, as we will divide participants into two different groups.<\/p>\n<p dir=\"ltr\">What you must bring is ski touring and avalanche equipment (randonn\u00e9e, telemark, or splitboard, including transceiver, probe, shovel, skins, and helmet).<\/p>\n<p dir=\"ltr\">The avalanche-focused program will be divided into beginner (Saturday) and intermediate\/advanced (Sunday) levels, and this must be selected during registration\u2014so start thinking now about which group you want to sign up for! This will be a great weekend where you can meet other ski touring enthusiasts while refreshing your avalanche skills!<\/p>\n<p dir=\"ltr\">There will be 28 spots available, and the price will be approximately NOK 1,220 per person. This covers accommodation, food (excluding lunch, snacks, and drinks), transportation, and instructors. The registration link will open on Thursday, January 8th at 12:00 PM for committee members, and on Friday, January 9th at 12:00 PM for remaining TF members. So be quick\u2014spots fill up fast! Registration is binding. If you are unable to attend the trip, you are responsible for selling your spot to someone else. In the case of resale, it is important that we receive the contact information of the person taking over the spot. This should be sent to <a href=\"mailto:hennieha@ntnu.no\" target=\"_blank\" rel=\"noopener\">hennieha@ntnu.no<\/a><\/p>\n<p dir=\"ltr\">We depend on participants providing cars for the trip. Since there are 28 participants, we need 7 cars, assuming each car can fit four people plus luggage and skis. If you want to join the trip and are able to provide a car, you may secure a spot before general registration opens. Drivers will be compensated NOK 3.5 per kilometer. ONLY drivers approved by the organizers will be compensated. Your car must have space for yourself, three other people, and all equipment. Cars with roof boxes and plenty of space will be prioritized. Please include the make and model of your car in the email.<\/p>\n<p dir=\"ltr\">By providing a car, you take on extra responsibility to ensure that everyone gets out on the trip each day. No cars should leave the cabin half empty, and if you are not using your car yourself, you must be prepared to lend it to others. The driver is personally responsible for the car, meaning that any accidents, damage, etc. must be covered by your own insurance. NTNUI is not liable for any damage to vehicles. If you have a car available, please send an email to <a href=\"mailto:hennieha@ntnu.no\" target=\"_blank\" rel=\"noopener\">hennieha@ntnu.no<\/a><\/p>\n<p dir=\"ltr\">NOTE!!<\/p>\n<p dir=\"ltr\">Participation in this trip does not provide any form of certificate of completion, nor can it be used as part of an official avalanche education. If this is what you are looking for, there are several providers in and around Trondheim that offer such courses. That said, our instructors are very skilled and have plenty of useful knowledge to share!<\/p>\n<p dir=\"ltr\">MINIMUM REQUIREMENTS:<\/p>\n<p dir=\"ltr\">A valid NTNUI membership, as well as a membership in NTNUI Backcountry and Freeskiing, is mandatory to attend this trip. You can buy a membership in TF (NTNUI Backcountry and Freeskiing) here:<\/p>\n<p dir=\"ltr\"><a href=\"https:\/\/l.facebook.com\/l.php?u=https%3A%2F%2Fntnui.no%2Ftoppturogfrikjoring%2Fproduct%2Fmedlemskap-i-ntnui-topptur-og-frikjoring%2F%3Ffbclid%3DIwAR1I2HPg5W2NNUBWT0iXV5tYCkN8R59F2aajWnKInHAInLpNtjvV7dJp650&amp;h=AT036t-ccoperGS7yfgfUmkVP_571VgcjE9SQwguyyhZwwtq8zm1aw6u9tyR79yWIfZN__nkJEF8yDm52sZr2pswMEp6vvRWbL6uLj4hH_lOUV_iPV_NgtG2LKS4jzjwPAlT&amp;__tn__=q&amp;c[0]=AT3VeuETPzl2KzUVa7YYbH-BN_-qEe2DhMsi-wj3ZDp-SM5I32-e3AlAdKNE2OcBbZJuASXhl0EWh98SX3-BdHUCbJGPdzM2Dk1aGAjAFhL4gG926H2mfja4Z0RP89cszu72Ec7ZbKVpj7DuAvUqC7j4Xa9Y\" target=\"_blank\" rel=\"noopener\" data-saferedirecturl=\"https:\/\/www.google.com\/url?q=https:\/\/l.facebook.com\/l.php?u%3Dhttps%253A%252F%252Fntnui.no%252Ftoppturogfrikjoring%252Fproduct%252Fmedlemskap-i-ntnui-topptur-og-frikjoring%252F%253Ffbclid%253DIwAR1I2HPg5W2NNUBWT0iXV5tYCkN8R59F2aajWnKInHAInLpNtjvV7dJp650%26h%3DAT036t-ccoperGS7yfgfUmkVP_571VgcjE9SQwguyyhZwwtq8zm1aw6u9tyR79yWIfZN__nkJEF8yDm52sZr2pswMEp6vvRWbL6uLj4hH_lOUV_iPV_NgtG2LKS4jzjwPAlT%26__tn__%3Dq%26c%5B0%5D%3DAT3VeuETPzl2KzUVa7YYbH-BN_-qEe2DhMsi-wj3ZDp-SM5I32-e3AlAdKNE2OcBbZJuASXhl0EWh98SX3-BdHUCbJGPdzM2Dk1aGAjAFhL4gG926H2mfja4Z0RP89cszu72Ec7ZbKVpj7DuAvUqC7j4Xa9Y&amp;source=gmail&amp;ust=1767019992717000&amp;usg=AOvVaw1qVsPJC29LEUrQm6cqOvZh\">https:\/\/ntnui.no\/&#8230;\/medlemskap-i-ntnui-topptur-og&#8230;\/<\/a><\/p>\n<p dir=\"ltr\">You must bring your own avalanche equipment, e.g transmitter \/ receiver, shovel and search probe. TF has a few avalanche packages for rent, send an email to <a href=\"mailto:tf-nestleder@ntnui.no\" target=\"_blank\" rel=\"noopener\">tf-nestleder@ntnui.no<\/a> if it is of interest. We unfortunately have no other equipment for rent.<\/p>\n<p dir=\"ltr\">You must bring suitable equipment for ski touring e.g ski touring gear, telemark, splitboard etc.<\/p>\n<p dir=\"ltr\">All participants must master the basic use of both the avalanche equipment and ski equipment. You must have ski toured in the mountains before and be able to take care of yourself in winter conditions. If you have no experience with ski touring, a beginner&#8217;s course at DNT or one of the professional guide companies can be recommended as an entrance to this wonderful sport.<\/p>\n<p dir=\"ltr\">None of TF&#8217;s tours are guided, here you are free to plan tours yourself. As the area contains a bunch of tours, this provides great opportunities for great experiences! This places the responsibility on the individual participant, both in trip planning and decisions made in the mountains. TF is not responsible for you and you are not insured through TF when you are on a trip with us. Personal travel insurance is highly recommended.<\/p>\n<p dir=\"ltr\">By filling out the registration, you approve TFs disclaimer of responsibility. It can be read here: <a href=\"https:\/\/l.facebook.com\/l.php?u=https%3A%2F%2Fdocs.google.com%2Fdocument%2Fd%2F13epxdiCaEWolp1GUcXg31fVVpaPJNDXwCrM3qEZ-ofU%2Fedit%3Fusp%3Dsharing%26fbclid%3DIwAR0eeOBeBD8nSe_DCsEPHeAeLIyaVrQsror1TrqeSu_uFgQnwRYZrUwXqGI&amp;h=AT1-gboIkwlx14qQDB8cZi7XHT0epmOJ0z2r5kqFX8D0PUJyFVk8_wiuJU9k-vu8BnrmajzuAl4fMAi-n0Bd_RDWhxEZ9As5mkovccSw7duiaTKZDVQSaHz9fofBSyfjAQoP&amp;__tn__=q&amp;c[0]=AT3VeuETPzl2KzUVa7YYbH-BN_-qEe2DhMsi-wj3ZDp-SM5I32-e3AlAdKNE2OcBbZJuASXhl0EWh98SX3-BdHUCbJGPdzM2Dk1aGAjAFhL4gG926H2mfja4Z0RP89cszu72Ec7ZbKVpj7DuAvUqC7j4Xa9Y\" target=\"_blank\" rel=\"noopener\" data-saferedirecturl=\"https:\/\/www.google.com\/url?q=https:\/\/l.facebook.com\/l.php?u%3Dhttps%253A%252F%252Fdocs.google.com%252Fdocument%252Fd%252F13epxdiCaEWolp1GUcXg31fVVpaPJNDXwCrM3qEZ-ofU%252Fedit%253Fusp%253Dsharing%2526fbclid%253DIwAR0eeOBeBD8nSe_DCsEPHeAeLIyaVrQsror1TrqeSu_uFgQnwRYZrUwXqGI%26h%3DAT1-gboIkwlx14qQDB8cZi7XHT0epmOJ0z2r5kqFX8D0PUJyFVk8_wiuJU9k-vu8BnrmajzuAl4fMAi-n0Bd_RDWhxEZ9As5mkovccSw7duiaTKZDVQSaHz9fofBSyfjAQoP%26__tn__%3Dq%26c%5B0%5D%3DAT3VeuETPzl2KzUVa7YYbH-BN_-qEe2DhMsi-wj3ZDp-SM5I32-e3AlAdKNE2OcBbZJuASXhl0EWh98SX3-BdHUCbJGPdzM2Dk1aGAjAFhL4gG926H2mfja4Z0RP89cszu72Ec7ZbKVpj7DuAvUqC7j4Xa9Y&amp;source=gmail&amp;ust=1767019992717000&amp;usg=AOvVaw2CrgEfIZarY2M1xrzMa2VI\">https:\/\/docs.google.com\/&#8230;\/13epxdiCaEWolp1GUcXg3&#8230;\/edit&#8230;<\/a><\/p>\n<p dir=\"ltr\">COSTS:<\/p>\n<p dir=\"ltr\">Here you adapt according to the number of days on the trip<\/p>\n<p dir=\"ltr\">The trip will cost 1220 NOK. It includes transport, accommodation, dinner (Friday \/ Saturday) and breakfast (\/ Saturday \/ Sunday). The participant has to bring their own lunch and snacks. The registration is binding. If you can not participate, you are responsible for reselling the ticket. In the case of resale, it is important that we receive contact information for the person who took over the place. Please send this to <a href=\"mailto:hennieha@ntnu.no\" target=\"_blank\" rel=\"noopener\">hennieha@ntnu.no<\/a>.<\/p>\n<p dir=\"ltr\">TRANSPORTATION:<\/p>\n<p>In order to get to the destination, we depend on some participants posing by car. Contact <a href=\"mailto:hennieha@ntnu.no\" target=\"_blank\" rel=\"noopener\">hennieha@ntnu.no<\/a>. \u00a0Drivers are guaranteed a place on the trip before registration, and will be compensated NOK 3.5 \/ km. ONLY the drivers which are accepted by the trip organisers will be refunded. Your car must have room for yourself and three other people and all equipment. Write the brand and model in the mail. Roomy cars with a roof box will be prefered. If you are a driver, you have an extra responsibility to ensure that everyone actually gets out on a trip every day. No cars should leave the cabin half empty, and if you do not use it yourself, you must be prepared to lend it out. You are responsible for the insurance of your own car. Which means that if an accident occurs, the damages of your car will not be refunded from NTNUI.<\/p>\n","protected":false},"excerpt":{"rendered":"<p>Ved \u00e5 kj\u00f8pe v\u00e5rt produkt godtar du v\u00e5re reisebetingelser<\/p>\n<hr \/>\n<p>By purchasing our product you accept our terms of travel<\/p>\n<p><em><a href=\"https:\/\/ntnui.no\/toppturogfrikjoring\/reisebetingelser-2\">Reisebetingelser<\/a>\/<a href=\"https:\/\/ntnui.no\/toppturogfrikjoring\/en\/terms-of-travel\/\">Terms of travel<\/a><\/em><\/p>\n","protected":false},"featured_media":7656,"comment_status":"open","ping_status":"closed","template":"","meta":{"inline_featured_image":false,"_coblocks_attr":"","_coblocks_dimensions":"","_coblocks_responsive_height":"","_coblocks_accordion_ie_support":"","_price":"1220","_stock":"0","_tribe_ticket_header":"","_tribe_default_ticket_provider":"","_tribe_ticket_capacity":"10","_ticket_start_date":"","_ticket_end_date":"","_tribe_ticket_show_description":"","_tribe_ticket_show_not_going":false,"_tribe_ticket_use_global_stock":"","_tribe_ticket_global_stock_level":"","_global_stock_mode":"","_global_stock_cap":"","_tribe_rsvp_for_event":"","_tribe_ticket_going_count":"","_tribe_ticket_not_going_count":"","_tribe_tickets_list":[],"_tribe_ticket_has_attendee_info_fields":false},"product_brand":[],"product_cat":[39],"product_tag":[],"class_list":{"0":"post-7658","1":"product","2":"type-product","3":"status-publish","4":"has-post-thumbnail","6":"product_cat-trip","8":"first","9":"outofstock","10":"virtual","11":"sold-individually","12":"purchasable","13":"product-type-simple"},"_links":{"self":[{"href":"https:\/\/ntnui.no\/toppturogfrikjoring\/wp-json\/wp\/v2\/product\/7658","targetHints":{"allow":["GET"]}}],"collection":[{"href":"https:\/\/ntnui.no\/toppturogfrikjoring\/wp-json\/wp\/v2\/product"}],"about":[{"href":"https:\/\/ntnui.no\/toppturogfrikjoring\/wp-json\/wp\/v2\/types\/product"}],"replies":[{"embeddable":true,"href":"https:\/\/ntnui.no\/toppturogfrikjoring\/wp-json\/wp\/v2\/comments?post=7658"}],"wp:featuredmedia":[{"embeddable":true,"href":"https:\/\/ntnui.no\/toppturogfrikjoring\/wp-json\/wp\/v2\/media\/7656"}],"wp:attachment":[{"href":"https:\/\/ntnui.no\/toppturogfrikjoring\/wp-json\/wp\/v2\/media?parent=7658"}],"wp:term":[{"taxonomy":"product_brand","embeddable":true,"href":"https:\/\/ntnui.no\/toppturogfrikjoring\/wp-json\/wp\/v2\/product_brand?post=7658"},{"taxonomy":"product_cat","embeddable":true,"href":"https:\/\/ntnui.no\/toppturogfrikjoring\/wp-json\/wp\/v2\/product_cat?post=7658"},{"taxonomy":"product_tag","embeddable":true,"href":"https:\/\/ntnui.no\/toppturogfrikjoring\/wp-json\/wp\/v2\/product_tag?post=7658"}],"curies":[{"name":"wp","href":"https:\/\/api.w.org\/{rel}","templated":true}]}}