{"id":7360,"date":"2025-10-30T12:00:37","date_gmt":"2025-10-30T11:00:37","guid":{"rendered":"https:\/\/ntnui.no\/toppturogfrikjoring\/?post_type=product&#038;p=7360"},"modified":"2026-02-26T12:25:36","modified_gmt":"2026-02-26T11:25:36","slug":"tf-merch-longsleeve","status":"publish","type":"product","link":"https:\/\/ntnui.no\/toppturogfrikjoring\/product\/tf-merch-longsleeve\/","title":{"rendered":"TF Merch: Longsleeve"},"content":{"rendered":"<p><strong>\u00c5rets merch er endelig her!<\/strong> N\u00e5 som juletiden n\u00e6rmer seg, finnes det ingen bedre julegave til deg selv eller noen du er glad i enn TF-merch.<\/p>\n<p>I \u00e5r har vi hentet inn forsterkninger \u2013 designet er laget av Cloudsurfer, som blant annet st\u00e5r bak X2-frivillig-merchen for 2025!<\/p>\n<p>Gj\u00f8r deg klar for skisesongen og TF-turer, og vis at du er en del av Trondheims st\u00f8rste og r\u00e5este skimilj\u00f8!<\/p>\n<p>Etter bestilling vil plagget kunne hentes p\u00e5 TF-arrangementer om en m\u00e5neds tid. Mer info kommer p\u00e5 v\u00e5re sosiale medier!<\/p>\n<p>English:<\/p>\n<p><strong>This year\u2019s merch has arrived!<\/strong> And with the holiday season approaching, there\u2019s no better gift for yourself or your loved ones than TF merch.<\/p>\n<p>This year, we\u2019ve brought in reinforcements \u2014 the design is by Cloudsurfer, who also created the 2025 X2 volunteer merch!<\/p>\n<p>Get ready for ski season and TF trips, and show that you\u2019re part of Trondheim\u2019s biggest and boldest ski community!<\/p>\n<p>After ordering you can pick up the merch on a TF-event in a month ish. More info will follow on our socials!<\/p>\n","protected":false},"excerpt":{"rendered":"<p>\u00c5rets merch er endelig her! N\u00e5 som juletiden n\u00e6rmer seg, finnes det ingen bedre julegave til deg selv eller noen du er glad i enn TF-merch. I \u00e5r har vi hentet inn forsterkninger \u2013 designet er laget av Cloudsurfer, som blant annet st\u00e5r bak X2-frivillig-merchen for 2025! Gj\u00f8r deg klar for skisesongen og TF-turer, og [&hellip;]<\/p>\n","protected":false},"featured_media":7371,"comment_status":"open","ping_status":"closed","template":"","meta":{"inline_featured_image":false,"_coblocks_attr":"","_coblocks_dimensions":"","_coblocks_responsive_height":"","_coblocks_accordion_ie_support":"","_price":"300","_stock":"","_tribe_ticket_header":"","_tribe_default_ticket_provider":"","_tribe_ticket_capacity":"46","_ticket_start_date":"","_ticket_end_date":"","_tribe_ticket_show_description":"","_tribe_ticket_show_not_going":false,"_tribe_ticket_use_global_stock":"","_tribe_ticket_global_stock_level":"","_global_stock_mode":"","_global_stock_cap":"","_tribe_rsvp_for_event":"","_tribe_ticket_going_count":"","_tribe_ticket_not_going_count":"","_tribe_tickets_list":[],"_tribe_ticket_has_attendee_info_fields":false},"product_brand":[],"product_cat":[45],"product_tag":[],"class_list":{"0":"post-7360","1":"product","2":"type-product","3":"status-publish","4":"has-post-thumbnail","6":"product_cat-merch","8":"first","9":"outofstock","10":"shipping-taxable","11":"purchasable","12":"product-type-variable"},"_links":{"self":[{"href":"https:\/\/ntnui.no\/toppturogfrikjoring\/wp-json\/wp\/v2\/product\/7360","targetHints":{"allow":["GET"]}}],"collection":[{"href":"https:\/\/ntnui.no\/toppturogfrikjoring\/wp-json\/wp\/v2\/product"}],"about":[{"href":"https:\/\/ntnui.no\/toppturogfrikjoring\/wp-json\/wp\/v2\/types\/product"}],"replies":[{"embeddable":true,"href":"https:\/\/ntnui.no\/toppturogfrikjoring\/wp-json\/wp\/v2\/comments?post=7360"}],"wp:featuredmedia":[{"embeddable":true,"href":"https:\/\/ntnui.no\/toppturogfrikjoring\/wp-json\/wp\/v2\/media\/7371"}],"wp:attachment":[{"href":"https:\/\/ntnui.no\/toppturogfrikjoring\/wp-json\/wp\/v2\/media?parent=7360"}],"wp:term":[{"taxonomy":"product_brand","embeddable":true,"href":"https:\/\/ntnui.no\/toppturogfrikjoring\/wp-json\/wp\/v2\/product_brand?post=7360"},{"taxonomy":"product_cat","embeddable":true,"href":"https:\/\/ntnui.no\/toppturogfrikjoring\/wp-json\/wp\/v2\/product_cat?post=7360"},{"taxonomy":"product_tag","embeddable":true,"href":"https:\/\/ntnui.no\/toppturogfrikjoring\/wp-json\/wp\/v2\/product_tag?post=7360"}],"curies":[{"name":"wp","href":"https:\/\/api.w.org\/{rel}","templated":true}]}}