{"id":6783,"date":"2025-03-14T17:39:37","date_gmt":"2025-03-14T16:39:37","guid":{"rendered":"https:\/\/ntnui.no\/toppturogfrikjoring\/?post_type=product&#038;p=6783"},"modified":"2025-04-29T12:54:32","modified_gmt":"2025-04-29T10:54:32","slug":"sylan-arrangor","status":"publish","type":"product","link":"https:\/\/ntnui.no\/toppturogfrikjoring\/product\/sylan-arrangor\/","title":{"rendered":"Sylan, Arrang\u00f8r"},"content":{"rendered":"<div class=\"xdj266r x11i5rnm xat24cr x1mh8g0r x1vvkbs\">VIKTIGE DATOER:<br class=\"html-br\" \/>19.03 Early-Bird p\u00e5melding \u00e5pner klokken kl 12.00, (kun for komitemedlemmer)<br class=\"html-br\" \/>20.03 Ordin\u00e6r p\u00e5melding \u00e5pner klokken 12.00<br class=\"html-br\" \/>Ordin\u00e6r p\u00e5melding vil legges ut her i arrangementet. Det blir totalt 16 plasser p\u00e5 turen, hvor omtrent halvparten er satt av til komitemedlemmer.<br class=\"html-br\" \/>03.04 avreise til Nedalshytte fra Hovedbygget p\u00e5 Gl\u00f8shaugen.<\/div>\n<div class=\"x11i5rnm xat24cr x1mh8g0r x1vvkbs xtlvy1s\">OM TUREN:<br class=\"html-br\" \/>TF drar till Sverige! \u00c4r du tr\u00f6tt p\u00e5 norskt puder och fjordar? Bli med till Sylarna, \u201cSveriges Chamonix\u201d, d\u00e4r du kan k\u00f6ra r\u00e4nnor och brant\u00e5k hela helgen. Gemensam avresa fr\u00e5n Trondheim blir torsdag 3 april, och vi k\u00f6r hem\u00e5t s\u00f6ndag den 6 april. Vi k\u00f6r med bil till Mobrua, f\u00f6r att sedan ta scooter \u00f6ver Nesj\u00f8en in till Nedalshytta. D\u00e4rifr\u00e5n g\u00e5r vi in till Sylarna massivet. F\u00f6r att verkligen f\u00e5 uppleva Sveriges vackra natur har vi valt att bo i t\u00e4lt \u00f6ver helgen (om v\u00e4dret till\u00e5ter). Sylarna erbjuder vildmarksk\u00e4nsla och \u00e5kning f\u00f6r alla niv\u00e5er \u2013 anbefaler att sjekka in \u00e5k som:<br class=\"html-br\" \/>Martins \u00e5k<br class=\"html-br\" \/>Dj\u00e4vulspinacklarna norrut<br class=\"html-br\" \/>Slottsr\u00e4nnan<br class=\"html-br\" \/>X-files<br class=\"html-br\" \/>Fruntimmersr\u00e4nnan<br class=\"html-br\" \/>Tempelr\u00e4nnan<\/div>\n<div class=\"x11i5rnm xat24cr x1mh8g0r x1vvkbs xtlvy1s\">MINIMUMSKRAV:<br class=\"html-br\" \/>Gyldig medlemskap i NTNUI kreves for \u00e5 melde seg p\u00e5.<br class=\"html-br\" \/>Dere m\u00e5 ha med eget skredutstyr, sender\/mottaker, spade og s\u00f8kestang. TF har noen f\u00e5 skredpakker til utleie, send mail til tf-nestleder@ntnui.no dersom det er av interesse. Vi har dessverre ikke noe annet utstyr til leie.<br class=\"html-br\" \/>Egnet toppturutstyr til \u00e5 g\u00e5 tur med, toppturski, telemark, splitboard etc.<br class=\"html-br\" \/>OBS: Alle m\u00e5 ha sovepose og liggunderlag etter v\u00e6r!<br class=\"html-br\" \/>Alle deltakere m\u00e5 mestre den grunnleggende bruken av b\u00e5de skred- og skiutstyret. Du m\u00e5 ha v\u00e6rt p\u00e5 overnattingstur p\u00e5 vinteren f\u00f8r og kunne ta vare p\u00e5 deg selv i vinterfjellet. Har du ingen erfaring med toppturer eller overnatting p\u00e5 vinteren kan nybegynnerkurs hos DNT eller et av de profesjonelle guideselskapene anbefales som inngang til denne herlige sporten.<br class=\"html-br\" \/>Ingen av TFs turer er guidet, her st\u00e5r man fritt til \u00e5 legge opp turer selv. Ettersom omr\u00e5det inneholder en haug av lekre turer gir dette store muligheter for flotte opplevelser! Dette legger ansvaret p\u00e5 den enkelte deltaker, b\u00e5de i turplanlegging og avgj\u00f8relser som tas p\u00e5 tur. TF har ikke ansvar for deg og du er heller ikke forsikret gjennom TF n\u00e5r du er p\u00e5 tur med oss. Egen reiseforsikring anbefales sterkt.<br class=\"html-br\" \/>Ved kj\u00f8p av billetten s\u00e5 godkjenner dere TF sin ansvarsfraskrivelse. Den kan leses her: <a class=\"x1i10hfl xjbqb8w x1ejq31n xd10rxx x1sy0etr x17r0tee x972fbf xcfux6l x1qhh985 xm0m39n x9f619 x1ypdohk xt0psk2 xe8uvvx xdj266r x11i5rnm xat24cr x1mh8g0r xexx8yu x4uap5 x18d9i69 xkhd6sd x16tdsg8 x1hl2dhg xggy1nq x1a2a7pz xkrqix3 x1sur9pj x1fey0fg x1s688f\" role=\"link\" href=\"https:\/\/docs.google.com\/...\/13epxdiCaEWolp1GUcXg3...\/edit?fbclid=IwZXh0bgNhZW0CMTAAAR0OSUnNFLXr1jvzcyjJFSfsRqRQEFVBrdT3lRDagchcwijGzZXj4k4itH0_aem_c4rSCsAL-mHF_p5urfmsFA\" target=\"_blank\" rel=\"nofollow noopener noreferrer\">https:\/\/docs.google.com\/&#8230;\/13epxdiCaEWolp1GUcXg3&#8230;\/edit<\/a>&#8230;<\/div>\n<div class=\"x11i5rnm xat24cr x1mh8g0r x1vvkbs xtlvy1s\">KOSTNADER:<br class=\"html-br\" \/>Turen vil koste 960kr. Det inkluderer transport (kj\u00f8ring og scooter) og overnatting (TF stiller med telt) + gasskj\u00f8kken.<br class=\"html-br\" \/>Kveldsmat torsdag, middag(fredag\/l\u00f8rdag), samt lunsj og snacks st\u00e5r deltakeren for selv. Vi danner kokelag f\u00f8r turen og setter av tid til \u00e5 handle p\u00e5 veien, slik at middag ordnes p\u00e5 torsdagen. P\u00e5meldingen er bindende. Kan du ikke delta p\u00e5 turen er du selv ansvarlig for \u00e5 selge billetten videre. Ved videresalg er det viktig at vi f\u00e5r kontaktinformasjon til den som overtok plassen. Dette sendes til osbarstad@gmail.com<br class=\"html-br\" \/>TRANSPORT:<br class=\"html-br\" \/>For \u00e5 komme oss tur, er vi avhengig av at noen deltakere stiller med bil. Ta kontakt med aaoevland@gmail.com. Sj\u00e5f\u00f8rer er sikret plass p\u00e5 turen f\u00f8r p\u00e5meldingen, og blir kompensert 3,5 kr\/km. Bilen din m\u00e5 ha plass til deg selv og tre andre personer og alt av utstyr. Biler med takboks og god plass vil bli prioritert. Skriv merke og modell i mailen.<\/div>\n<div class=\"x11i5rnm xat24cr x1mh8g0r x1vvkbs xtlvy1s\">\u2014&#8212;&#8212;&#8212;&#8212;&#8212;&#8212;&#8212;&#8212;&#8212;&#8212;&#8212;&#8212;&#8212;&#8212;&#8212;&#8212;&#8212;&#8212;&#8212;&#8212;&#8212;&#8212;&#8212;&#8212;&#8212;&#8212;&#8212;&#8212;&#8212;&#8212;&#8212;&#8212;&#8212;&#8212;&#8212;&#8212;&#8212;&#8212;<br class=\"html-br\" \/>ENGLISH<\/div>\n<div class=\"x11i5rnm xat24cr x1mh8g0r x1vvkbs xtlvy1s\">IMPORTANT DATES:<br class=\"html-br\" \/>19.03 Early-Bird registration opens at 12:00 (only for committee members)<br class=\"html-br\" \/>20.03 Ordinary registration opens at 12.00<br class=\"html-br\" \/>Ordinary registration will be posted here in the Facebook event. The trip has 16 number of participants, of which half is reserved for committee members.<br class=\"html-br\" \/>03.04 departure to Nedalshytte from Hovedbygget at Gl\u00f8shaugen.<\/div>\n<div class=\"x11i5rnm xat24cr x1mh8g0r x1vvkbs xtlvy1s\">ABOUT THE TRIP:<br class=\"html-br\" \/>TF is going to Sweden! Are you tired of Norwegian powder and fjords? Join us to Sylarna, \u201cSweden&#8217;s Chamonix\u201d, where you can ride couloirs and steep faces all weekend. Departure from Trondheim will be on Thursday 03.04, and we will return on Sunday 06.04. We drive by car to Mobrua, and we\u2019ll then ride snowmobiles over Nesj\u00f8en into Nedalshytta. From there we walk in to the massive of Sylarna. To truly experience the Swedish nature, we\u2019ve chosen to live in tents over the weekend (if the weather allows). Sylarna offers a feeling of wilderness, and riding for all levels \u2013 we recommend to check out:<br class=\"html-br\" \/>Martins \u00e5k<br class=\"html-br\" \/>Dj\u00e4vulspinacklarna norrut<br class=\"html-br\" \/>Slottsr\u00e4nnan<br class=\"html-br\" \/>X-files<br class=\"html-br\" \/>Fruntimmersr\u00e4nnan<br class=\"html-br\" \/>Tempelr\u00e4nnan<\/div>\n<div class=\"x11i5rnm xat24cr x1mh8g0r x1vvkbs xtlvy1s\">MINIMUM REQUIREMENTS:<br class=\"html-br\" \/>A valid NTNUI membership is mandatory for attending this trip.<br class=\"html-br\" \/>You must bring your own avalanche equipment, e.g transmitter \/ receiver, shovel and search probe. TF has a few avalanche packages for rent, send an email to tf-nestleder@ntnui.no if it is of interest. We unfortunately have no other equipment for rent.<br class=\"html-br\" \/>You must bring suitable equipment for ski touring e.g ski touring gear, telemark, splitboard etc.<br class=\"html-br\" \/>OBS: You need to bring a sleeping bag and sleeping mat according to the weather.<br class=\"html-br\" \/>All participants must master the basic use of both the avalanche equipment and ski equipment. As we will be sleeping in tents, all participants MUST have experience with camping in winter conditions, and have the necessary gear. You must have ski toured in the mountains before and be able to take care of yourself in winter conditions. If you have no experience with ski touring, a beginner&#8217;s course at DNT or one of the professional guide companies can be recommended as an entrance to this wonderful sport. <br class=\"html-br\" \/>None of TF&#8217;s tours are guided, here you are free to plan tours yourself. As the area contains a bunch of tours, this provides great opportunities for great experiences! This places the responsibility on the individual participant, both in trip planning and decisions made in the mountains. TF is not responsible for you and you are not insured through TF when you are on a trip with us. Personal travel insurance is highly recommended.<br class=\"html-br\" \/>By filling out the registration, you approve TFs disclaimer of responsibility. It can be read here: <a class=\"x1i10hfl xjbqb8w x1ejq31n xd10rxx x1sy0etr x17r0tee x972fbf xcfux6l x1qhh985 xm0m39n x9f619 x1ypdohk xt0psk2 xe8uvvx xdj266r x11i5rnm xat24cr x1mh8g0r xexx8yu x4uap5 x18d9i69 xkhd6sd x16tdsg8 x1hl2dhg xggy1nq x1a2a7pz xkrqix3 x1sur9pj x1fey0fg x1s688f\" role=\"link\" href=\"https:\/\/l.facebook.com\/l.php?u=https%3A%2F%2Fdocs.google.com%2F...%2F13epxdiCaEWolp1GUcXg3...%2Fedit%3Ffbclid%3DIwZXh0bgNhZW0CMTAAAR33MF47Fxdg0FTmN7Z_lccK2kBfywcSgMQdP4_eih0BQbEe5pbVQwGEgIE_aem_ooK0sX3iYMHube5c7uRL3A&amp;h=AT29S6UyXT4kWZtjkPy8Ka6Or8nYIGfgaeukr8_uTmhBOZ2Xoj4TseSBWVuGYAbFKkbW37PshmCwh5vLqGO1-FzpvpNqvSekYPx_jEWGRi0Sybp4nul8S_pDdA6GjeUcRCSI8AdY5PIQspnrRraKojMvJg&amp;__tn__=q&amp;c[0]=AT2C2JRjPo-huLibEDBpQSiUxIf1VILWWumJvT8sBHGO4iD2a6GED089veJtT3rellvPBaYdYuS_-bO5xTXNrJJRTVA9pSO_xPu9r4kwzebHwsG4g4K8eYScLIkhTYyW68BNK4vAvdrbI-uZr2RkbeE0sc4LBtL-vqxZpQ\" target=\"_blank\" rel=\"nofollow noopener noreferrer\">https:\/\/docs.google.com\/&#8230;\/13epxdiCaEWolp1GUcXg3&#8230;\/edit<\/a>&#8230;<br class=\"html-br\" \/>COSTS:<br class=\"html-br\" \/>The trip will cost 970 NOK. It includes transport (car and snowmobile) and accommodation (tents and camping stoves). The participant needs to bring their own food. That is: dinner (Thursday\/Friday \/ Saturday), breakfast (Friday\/Saturday \/ Sunday) and lunch\/snacks. The registration is binding. If you can not participate, you are responsible for reselling the ticket. In the case of resale, it is important that we receive contact information for the person who took over the place. Please send this to osbarstad@gmail.com<br class=\"html-br\" \/>TRANSPORTATION:<br class=\"html-br\" \/>In order to get our turn, we depend on some participants posing by car. Contact aaoevland@gmail.com. Drivers are guaranteed a place on the trip before registration, and will be compensated NOK 3.5 \/ km. Your car must have room for yourself and three other people and all equipment. Write the brand and model in the mail. Roomy cars with a roof box will be preferred.<\/div>\n","protected":false},"excerpt":{"rendered":"<p>Ved \u00e5 kj\u00f8pe v\u00e5rt produkt godtar du v\u00e5re reisebetingelser<\/p>\n<hr \/>\n<p>By purchasing our product you accept our terms of travel<\/p>\n<p><em><a href=\"https:\/\/ntnui.no\/toppturogfrikjoring\/reisebetingelser-2\">Reisebetingelser<\/a>\/<a href=\"https:\/\/ntnui.no\/toppturogfrikjoring\/en\/terms-of-travel\/\">Terms of travel<\/a><\/em><\/p>\n","protected":false},"featured_media":6784,"comment_status":"open","ping_status":"closed","template":"","meta":{"inline_featured_image":false,"_coblocks_attr":"","_coblocks_dimensions":"","_coblocks_responsive_height":"","_coblocks_accordion_ie_support":"","_price":"960","_stock":"0","_tribe_ticket_header":"","_tribe_default_ticket_provider":"","_tribe_ticket_capacity":"10","_ticket_start_date":"","_ticket_end_date":"","_tribe_ticket_show_description":"","_tribe_ticket_show_not_going":false,"_tribe_ticket_use_global_stock":"","_tribe_ticket_global_stock_level":"","_global_stock_mode":"","_global_stock_cap":"","_tribe_rsvp_for_event":"","_tribe_ticket_going_count":"","_tribe_ticket_not_going_count":"","_tribe_tickets_list":[],"_tribe_ticket_has_attendee_info_fields":false},"product_brand":[],"product_cat":[39],"product_tag":[],"class_list":{"0":"post-6783","1":"product","2":"type-product","3":"status-publish","4":"has-post-thumbnail","6":"product_cat-trip","8":"first","9":"outofstock","10":"virtual","11":"sold-individually","12":"purchasable","13":"product-type-simple"},"_links":{"self":[{"href":"https:\/\/ntnui.no\/toppturogfrikjoring\/wp-json\/wp\/v2\/product\/6783","targetHints":{"allow":["GET"]}}],"collection":[{"href":"https:\/\/ntnui.no\/toppturogfrikjoring\/wp-json\/wp\/v2\/product"}],"about":[{"href":"https:\/\/ntnui.no\/toppturogfrikjoring\/wp-json\/wp\/v2\/types\/product"}],"replies":[{"embeddable":true,"href":"https:\/\/ntnui.no\/toppturogfrikjoring\/wp-json\/wp\/v2\/comments?post=6783"}],"wp:featuredmedia":[{"embeddable":true,"href":"https:\/\/ntnui.no\/toppturogfrikjoring\/wp-json\/wp\/v2\/media\/6784"}],"wp:attachment":[{"href":"https:\/\/ntnui.no\/toppturogfrikjoring\/wp-json\/wp\/v2\/media?parent=6783"}],"wp:term":[{"taxonomy":"product_brand","embeddable":true,"href":"https:\/\/ntnui.no\/toppturogfrikjoring\/wp-json\/wp\/v2\/product_brand?post=6783"},{"taxonomy":"product_cat","embeddable":true,"href":"https:\/\/ntnui.no\/toppturogfrikjoring\/wp-json\/wp\/v2\/product_cat?post=6783"},{"taxonomy":"product_tag","embeddable":true,"href":"https:\/\/ntnui.no\/toppturogfrikjoring\/wp-json\/wp\/v2\/product_tag?post=6783"}],"curies":[{"name":"wp","href":"https:\/\/api.w.org\/{rel}","templated":true}]}}