{"id":6460,"date":"2025-02-03T14:02:57","date_gmt":"2025-02-03T13:02:57","guid":{"rendered":"https:\/\/ntnui.no\/toppturogfrikjoring\/?post_type=product&#038;p=6460"},"modified":"2025-02-19T15:25:51","modified_gmt":"2025-02-19T14:25:51","slug":"sunndal-vol2-sjafor","status":"publish","type":"product","link":"https:\/\/ntnui.no\/toppturogfrikjoring\/product\/sunndal-vol2-sjafor\/","title":{"rendered":"Sunndal vol2, Sj\u00e5f\u00f8r"},"content":{"rendered":"<div class=\"xdj266r x11i5rnm xat24cr x1mh8g0r x1vvkbs\">HALLO ALLE SAMMEN!<br class=\"html-br\" \/>Vi gleder oss til \u00e5 arrangere \u00e5rets andre tur til Sunndalen 28. februar &#8211; 2. mars. Avreise blir fra Gl\u00f8shaugen kl 15.00 fredag 28.02. Vi skal bo p\u00e5 \u00c5lvundeid Grendahus, tett p\u00e5 flotte turmuligheter! Grendahuset er romslig og har alt som trengs for en sosial helg: 2 gymsaler hvor man kan brette ut et deilig liggeunderlag og sovepose, garderober med dusj for \u00e5 f\u00e5 varmen i seg etter tur + kj\u00f8kken hvor vi skal lage gode middager og frokost i lag.<br class=\"html-br\" \/>Vi legger opp til tur l\u00f8rdag og s\u00f8ndag, f\u00f8r vi kj\u00f8rer hjem til Trondheim s\u00f8ndag ettermiddag\/kveld. Mer info og pakkeliste kommer.<\/div>\n<div class=\"x11i5rnm xat24cr x1mh8g0r x1vvkbs xtlvy1s\"><\/div>\n<div class=\"x11i5rnm xat24cr x1mh8g0r x1vvkbs xtlvy1s\">NB: Viktig at dere leser alt som st\u00e5r under:)<\/div>\n<div class=\"x11i5rnm xat24cr x1mh8g0r x1vvkbs xtlvy1s\"><\/div>\n<div class=\"x11i5rnm xat24cr x1mh8g0r x1vvkbs xtlvy1s\">TURMULIGHETER:<br class=\"html-br\" \/>Gr\u00f8velnebba, Trolltinden, Fl\u00f8tatind, Saufjellet, Mohaugen, Dronningkrona og mye mer.<\/div>\n<div class=\"x11i5rnm xat24cr x1mh8g0r x1vvkbs xtlvy1s\"><\/div>\n<div class=\"x11i5rnm xat24cr x1mh8g0r x1vvkbs xtlvy1s\">VIKTIGE DATOER:<br class=\"html-br\" \/>06.02 Early-Bird p\u00e5melding \u00e5pner klokken kl 12.00, (kun for komitemedlemmer)<br class=\"html-br\" \/>07.02 Ordin\u00e6r p\u00e5melding \u00e5pner klokken 12.00<br class=\"html-br\" \/>Ordin\u00e6r p\u00e5melding vil legges ut her i arrangementet. Det blir totalt 20 deltakere p\u00e5 turen, hvor halvparten er satt av til komitemedlemmer.<\/div>\n<div class=\"x11i5rnm xat24cr x1mh8g0r x1vvkbs xtlvy1s\"><\/div>\n<div class=\"x11i5rnm xat24cr x1mh8g0r x1vvkbs xtlvy1s\">MINIMUMSKRAV:<br class=\"html-br\" \/>Gyldig medlemskap i NTNUI kreves for \u00e5 melde seg p\u00e5.<br class=\"html-br\" \/>Dere m\u00e5 ha med eget skredutstyr, sender\/mottaker, spade og s\u00f8kestang. TF har noen f\u00e5 skredpakker til utleie, send mail til tf-nestleder@ntnui.no dersom det er av interesse. Vi har dessverre ikke noe annet utstyr til leie.<br class=\"html-br\" \/>Egnet toppturutstyr til \u00e5 g\u00e5 tur med, toppturski, telemark, splitboard etc.<br class=\"html-br\" \/>Alle deltakere m\u00e5 mestre den grunnleggende bruken av b\u00e5de skred- og skiutstyret. Du m\u00e5 ha v\u00e6rt p\u00e5 tur f\u00f8r og kunne ta vare p\u00e5 deg selv i vinterfjellet. Har du ingen erfaring med toppturer p\u00e5 vinteren kan nybegynnerkurs hos DNT eller et av de profesjonelle guideselskapene anbefales som inngang til denne herlige sporten.<br class=\"html-br\" \/>Ingen av TFs turer er guidet, her st\u00e5r man fritt til \u00e5 legge opp turer selv. Ettersom omr\u00e5det inneholder en haug av lekre turer gir dette store muligheter for flotte opplevelser! Dette legger ansvaret p\u00e5 den enkelte deltaker, b\u00e5de i turplanlegging og avgj\u00f8relser som tas p\u00e5 tur. TF har ikke ansvar for deg og du er heller ikke forsikret gjennom TF n\u00e5r du er p\u00e5 tur med oss. Egen reiseforsikring anbefales sterkt.<br class=\"html-br\" \/>Ved kj\u00f8p av billetten s\u00e5 godkjenner dere TF sin ansvarsfraskrivelse. Den kan leses her:\u00a0<a class=\"x1i10hfl xjbqb8w x1ejq31n xd10rxx x1sy0etr x17r0tee x972fbf xcfux6l x1qhh985 xm0m39n x9f619 x1ypdohk xt0psk2 xe8uvvx xdj266r x11i5rnm xat24cr x1mh8g0r xexx8yu x4uap5 x18d9i69 xkhd6sd x16tdsg8 x1hl2dhg xggy1nq x1a2a7pz x1sur9pj xkrqix3 x1fey0fg x1s688f\" role=\"link\" href=\"https:\/\/l.facebook.com\/l.php?u=https%3A%2F%2Fdocs.google.com%2Fdocument%2Fd%2F13epxdiCaEWolp1GUcXg31fVVpaPJNDXwCrM3qEZ-ofU%2Fedit%3Fusp%3Dsharing%26fbclid%3DIwZXh0bgNhZW0CMTAAAR117aM7IzQoqQEukmPdTYrYPjGH-JkxpYbiFhB07nQlpyTj-P65BQaKM8o_aem_oht9KtlAvdu_sJ67r7s8hw&amp;h=AT1ZiskP93FKNKQWGUe0ua3qpkgAO5JYE3Ygnsm1CdhayaEDLD7qGsBBT1teqtnUZYlTVG_M778wlYTlENirIPK4KE4hNYuTO1F32EQhpDW7VP3QcE3t_KUZgXf9QpnG9Xj5QiuNIw&amp;__tn__=q&amp;c[0]=AT3t5bLBugxLMnTit_dsU_EbyncjO-BClRpVszma4v7tmKFdpq7kcJDpGLFbzUlUSoC8tv0BtLrxupNSSMNjkzC18-9Bc3kHu76fuCJzZKgmYZyYcmKiP_eO-iKWIQWeuI_TsOdEQ21uwnMN1Fs3qxQOjcbOAqMFLgI50w\" target=\"_blank\" rel=\"nofollow noopener noreferrer\">https:\/\/docs.google.com\/&#8230;\/13epxdiCaEWolp1GUcXg3&#8230;\/edit&#8230;<\/a><\/div>\n<div class=\"x11i5rnm xat24cr x1mh8g0r x1vvkbs xtlvy1s\"><\/div>\n<div class=\"x11i5rnm xat24cr x1mh8g0r x1vvkbs xtlvy1s\">KOSTNADER:<br class=\"html-br\" \/>Turen vil koste 690 kr. Det inkluderer transport, overnatting, middag(fredag\/l\u00f8rdag) og frokost(l\u00f8rdag\/s\u00f8ndag). Lunsj og snacks st\u00e5r deltakeren for selv. P\u00e5meldingen er bindende. Kan du ikke delta p\u00e5 turen er du selv ansvarlig for \u00e5 selge billetten videre. Ved videresalg er det viktig at vi f\u00e5r kontaktinformasjon til den som overtok plassen. Dette sendes til fridahsk@stud.ntnu.no<br class=\"html-br\" \/>TRANSPORT:<br class=\"html-br\" \/>For \u00e5 komme oss tur, er vi avhengig av at noen deltakere stiller med bil. Ta kontakt med fridahsk@stud.ntnu.no. Sj\u00e5f\u00f8rer er sikret plass p\u00e5 turen f\u00f8r p\u00e5meldingen, og blir kompensert 3,5 kr\/km. Bilen din m\u00e5 ha plass til deg selv og tre andre personer og alt av utstyr. Biler med takboks og god plass vil bli prioritert. Skriv merke og modell i mailen. N\u00e5r du stiller med bil har du et ekstra ansvar for at alle faktisk kommer seg ut p\u00e5 tur hver dag. Ingen biler skal forlate hytta halvtomme, og bruker man den ikke selv s\u00e5 m\u00e5 man v\u00e6re forberedt p\u00e5 \u00e5 l\u00e5ne den bort. Sj\u00e5f\u00f8r er selv ansvarlig for bilen i den forstand at utforkj\u00f8ring, bulking etc m\u00e5 dekkes av egen forsikring, og NTNUI er ikke erstatningsansvarlig for eventuelle skader p\u00e5 bil.<\/div>\n<div class=\"x11i5rnm xat24cr x1mh8g0r x1vvkbs xtlvy1s\"><\/div>\n<div class=\"x11i5rnm xat24cr x1mh8g0r x1vvkbs xtlvy1s\">Vi gleder oss!<br class=\"html-br\" \/>Hilsen Frida, Frida og Tonje<br class=\"html-br\" \/>\u2014&#8212;&#8212;&#8212;&#8212;&#8212;&#8212;&#8212;&#8212;&#8212;&#8212;&#8212;&#8212;&#8212;&#8212;&#8212;&#8212;&#8212;&#8212;&#8212;&#8212;&#8212;&#8212;&#8212;&#8212;&#8212;&#8212;&#8212;&#8212;&#8212;&#8212;&#8212;&#8212;&#8212;&#8212;&#8212;&#8212;&#8212;&#8212;<\/div>\n<div class=\"x11i5rnm xat24cr x1mh8g0r x1vvkbs xtlvy1s\">HELLO EVERYONE!<br class=\"html-br\" \/>We are excited to organize a trip to Sunndalen from February 28th to March 2nd. Departure from Gl\u00f8shaugen at 3:00 PM on Friday, February 28th. We will be staying at \u00c5lvundeid Grendahus, close to some fantastic hiking opportunities! We\u2019re planning hikes on Friday, Saturday, and Sunday before heading back to Trondheim on Sunday afternoon\/evening.<\/div>\n<div class=\"x11i5rnm xat24cr x1mh8g0r x1vvkbs xtlvy1s\">Bring a sleeping pad and a sleeping bag, along with everything else you think is necessary! More information and a packing list will follow.<\/div>\n<div class=\"x11i5rnm xat24cr x1mh8g0r x1vvkbs xtlvy1s\">NB: It\u2019s important that you read everything below!\u00a0<span class=\"html-span xexx8yu x4uap5 x18d9i69 xkhd6sd x1hl2dhg x16tdsg8 x1vvkbs x3nfvp2 x1j61x8r x1fcty0u xdj266r xat24cr xgzva0m xhhsvwb xxymvpz xlup9mm x1kky2od\"><img loading=\"lazy\" decoding=\"async\" class=\"xz74otr\" src=\"https:\/\/static.xx.fbcdn.net\/images\/emoji.php\/v9\/teb\/2\/16\/1f642.png\" alt=\"\ud83d\ude42\" width=\"16\" height=\"16\" \/><\/span><\/div>\n<div class=\"x11i5rnm xat24cr x1mh8g0r x1vvkbs xtlvy1s\">&#8212;<\/div>\n<div class=\"x11i5rnm xat24cr x1mh8g0r x1vvkbs xtlvy1s\">HIKING OPPORTUNITIES:<br class=\"html-br\" \/>Gr\u00f8velnebba, Trolltinden, Fl\u00f8tatind, Saufjellet, Mohaugen, Dronningkrona, and much more.<\/div>\n<div class=\"x11i5rnm xat24cr x1mh8g0r x1vvkbs xtlvy1s\">&#8212;<\/div>\n<div class=\"x11i5rnm xat24cr x1mh8g0r x1vvkbs xtlvy1s\">IMPORTANT DATES:<br class=\"html-br\" \/>February 6th: Early bird registration opens at 12:00 PM (only for committee members).<br class=\"html-br\" \/>February 7th: General registration opens at 12:00 PM.<\/div>\n<div class=\"x11i5rnm xat24cr x1mh8g0r x1vvkbs xtlvy1s\">General registration will be posted here in the event. There will be a total of 20 participants for the trip, with half of the spots reserved for committee members.<\/div>\n<div class=\"x11i5rnm xat24cr x1mh8g0r x1vvkbs xtlvy1s\">&#8212;<br class=\"html-br\" \/>MINIMUM REQUIREMENTS:<br class=\"html-br\" \/>&#8211; A valid NTNUI membership is required to register.<br class=\"html-br\" \/>&#8211; You must bring your own avalanche safety equipment: transceiver, shovel, and probe. TF has a limited number of avalanche safety kits for rent. If interested, send an email to tf-nestleder@ntnui.no. Unfortunately, we don\u2019t have any other equipment for rent.<br class=\"html-br\" \/>&#8211; Suitable touring equipment for mountain hikes, such as touring skis, telemark skis, splitboards, etc.<br class=\"html-br\" \/>&#8211; All participants must be familiar with the basic use of avalanche and ski equipment. You must have prior experience with hiking and be able to take care of yourself in winter mountain conditions. If you have no experience with winter mountain tours, a beginner\u2019s course with DNT or a professional guiding company is recommended as an introduction to this fantastic sport.<\/div>\n<div class=\"x11i5rnm xat24cr x1mh8g0r x1vvkbs xtlvy1s\">None of TF\u2019s trips are guided, so you are free to plan your own hikes. Since the area offers a variety of wonderful hikes, there are many opportunities for incredible experiences! This places the responsibility on each participant, both in trip planning and in the decisions made during the hike. TF is not responsible for you, and you are also not insured through TF when hiking with us. Personal travel insurance is strongly recommended.<\/div>\n<div class=\"x11i5rnm xat24cr x1mh8g0r x1vvkbs xtlvy1s\">By purchasing a ticket, you accept TF\u2019s disclaimer of responsibility. You can read it here: [TF Disclaimer](<a class=\"x1i10hfl xjbqb8w x1ejq31n xd10rxx x1sy0etr x17r0tee x972fbf xcfux6l x1qhh985 xm0m39n x9f619 x1ypdohk xt0psk2 xe8uvvx xdj266r x11i5rnm xat24cr x1mh8g0r xexx8yu x4uap5 x18d9i69 xkhd6sd x16tdsg8 x1hl2dhg xggy1nq x1a2a7pz x1sur9pj xkrqix3 x1fey0fg x1s688f\" role=\"link\" href=\"https:\/\/l.facebook.com\/l.php?u=https%3A%2F%2Fdocs.google.com%2Fdocument%2Fd%2F13epxdiCaEWolp1GUcXg31fVVpaPJNDXwCrM3qEZ-ofU%2Fedit%3Fusp%3Dsharing%26fbclid%3DIwZXh0bgNhZW0CMTAAAR3-jVuPuDy3P5D5uuluVg18F_oGXU-EKJAEZZS5mM4eY6MKJ_CbSUSh8u0_aem_Q4SwSViuknkT7tz9oZqutg&amp;h=AT1ZiskP93FKNKQWGUe0ua3qpkgAO5JYE3Ygnsm1CdhayaEDLD7qGsBBT1teqtnUZYlTVG_M778wlYTlENirIPK4KE4hNYuTO1F32EQhpDW7VP3QcE3t_KUZgXf9QpnG9Xj5QiuNIw&amp;__tn__=q&amp;c[0]=AT3t5bLBugxLMnTit_dsU_EbyncjO-BClRpVszma4v7tmKFdpq7kcJDpGLFbzUlUSoC8tv0BtLrxupNSSMNjkzC18-9Bc3kHu76fuCJzZKgmYZyYcmKiP_eO-iKWIQWeuI_TsOdEQ21uwnMN1Fs3qxQOjcbOAqMFLgI50w\" target=\"_blank\" rel=\"nofollow noopener noreferrer\">https:\/\/docs.google.com\/&#8230;\/13epxdiCaEWolp1GUcXg3&#8230;\/edit&#8230;<\/a>).<\/div>\n<div class=\"x11i5rnm xat24cr x1mh8g0r x1vvkbs xtlvy1s\">&#8212;<\/div>\n<div class=\"x11i5rnm xat24cr x1mh8g0r x1vvkbs xtlvy1s\">COSTS:<br class=\"html-br\" \/>The trip costs 690 NOK. This includes transportation, accommodation, dinner (Thursday\/Friday\/Saturday), and breakfast (Friday\/Saturday\/Sunday). Participants are responsible for their own lunch and snacks. Registration is binding. If you are unable to attend the trip, you are responsible for reselling your ticket. In case of resale, it is important that we receive the contact information of the person taking your spot. Please send this information to fridahsk@stud.ntnu.no.<\/div>\n<div class=\"x11i5rnm xat24cr x1mh8g0r x1vvkbs xtlvy1s\">&#8212;<\/div>\n<div class=\"x11i5rnm xat24cr x1mh8g0r x1vvkbs xtlvy1s\">TRANSPORTATION:<br class=\"html-br\" \/>To make this trip possible, we rely on participants providing cars. Please contact fridahsk@stud.ntnu.no if you have a car. Drivers are guaranteed a spot on the trip before general registration and will be compensated 3.5 NOK per kilometer. Your car must have space for yourself and three other participants, along with all equipment. Cars with roof boxes and good storage capacity will be prioritized. Include the car\u2019s make and model in your email.<\/div>\n<div class=\"x11i5rnm xat24cr x1mh8g0r x1vvkbs xtlvy1s\">As a driver, you will have extra responsibility to ensure that everyone gets to the hikes each day. No cars should leave the cabin half-empty, and if you\u2019re not using the car yourself, you must be prepared to lend it out. The driver is responsible for the car in terms of accidents, damage, etc., which must be covered by your own insurance. NTNUI is not liable for any damages to your car.<\/div>\n<div class=\"x11i5rnm xat24cr x1mh8g0r x1vvkbs xtlvy1s\">&#8212;<\/div>\n<div class=\"x11i5rnm xat24cr x1mh8g0r x1vvkbs xtlvy1s\">We\u2019re looking forward to the trip!<br class=\"html-br\" \/>Best regards,<br class=\"html-br\" \/>Frida, Frida, and Tonje<\/div>\n","protected":false},"excerpt":{"rendered":"<p>Ved \u00e5 kj\u00f8pe v\u00e5rt produkt godtar du v\u00e5re reisebetingelser<\/p>\n<hr \/>\n<p>By purchasing our product you accept our terms of travel<\/p>\n<p><em><a href=\"https:\/\/ntnui.no\/toppturogfrikjoring\/reisebetingelser-2\">Reisebetingelser<\/a>\/<a href=\"https:\/\/ntnui.no\/toppturogfrikjoring\/en\/terms-of-travel\/\">Terms of travel<\/a><\/em><\/p>\n","protected":false},"featured_media":6457,"comment_status":"open","ping_status":"closed","template":"","meta":{"inline_featured_image":false,"_coblocks_attr":"","_coblocks_dimensions":"","_coblocks_responsive_height":"","_coblocks_accordion_ie_support":"","_price":"690","_stock":"3","_tribe_ticket_header":"","_tribe_default_ticket_provider":"","_tribe_ticket_capacity":"10","_ticket_start_date":"","_ticket_end_date":"","_tribe_ticket_show_description":"","_tribe_ticket_show_not_going":false,"_tribe_ticket_use_global_stock":"","_tribe_ticket_global_stock_level":"","_global_stock_mode":"","_global_stock_cap":"","_tribe_rsvp_for_event":"","_tribe_ticket_going_count":"","_tribe_ticket_not_going_count":"","_tribe_tickets_list":[],"_tribe_ticket_has_attendee_info_fields":false},"product_brand":[],"product_cat":[39],"product_tag":[],"class_list":{"0":"post-6460","1":"product","2":"type-product","3":"status-publish","4":"has-post-thumbnail","6":"product_cat-trip","8":"first","9":"instock","10":"virtual","11":"sold-individually","12":"purchasable","13":"product-type-simple"},"_links":{"self":[{"href":"https:\/\/ntnui.no\/toppturogfrikjoring\/wp-json\/wp\/v2\/product\/6460","targetHints":{"allow":["GET"]}}],"collection":[{"href":"https:\/\/ntnui.no\/toppturogfrikjoring\/wp-json\/wp\/v2\/product"}],"about":[{"href":"https:\/\/ntnui.no\/toppturogfrikjoring\/wp-json\/wp\/v2\/types\/product"}],"replies":[{"embeddable":true,"href":"https:\/\/ntnui.no\/toppturogfrikjoring\/wp-json\/wp\/v2\/comments?post=6460"}],"wp:featuredmedia":[{"embeddable":true,"href":"https:\/\/ntnui.no\/toppturogfrikjoring\/wp-json\/wp\/v2\/media\/6457"}],"wp:attachment":[{"href":"https:\/\/ntnui.no\/toppturogfrikjoring\/wp-json\/wp\/v2\/media?parent=6460"}],"wp:term":[{"taxonomy":"product_brand","embeddable":true,"href":"https:\/\/ntnui.no\/toppturogfrikjoring\/wp-json\/wp\/v2\/product_brand?post=6460"},{"taxonomy":"product_cat","embeddable":true,"href":"https:\/\/ntnui.no\/toppturogfrikjoring\/wp-json\/wp\/v2\/product_cat?post=6460"},{"taxonomy":"product_tag","embeddable":true,"href":"https:\/\/ntnui.no\/toppturogfrikjoring\/wp-json\/wp\/v2\/product_tag?post=6460"}],"curies":[{"name":"wp","href":"https:\/\/api.w.org\/{rel}","templated":true}]}}