{"id":6404,"date":"2025-01-30T12:00:43","date_gmt":"2025-01-30T11:00:43","guid":{"rendered":"https:\/\/ntnui.no\/toppturogfrikjoring\/?post_type=product&#038;p=6404"},"modified":"2025-02-22T20:44:37","modified_gmt":"2025-02-22T19:44:37","slug":"sunnmore-ordinaer","status":"publish","type":"product","link":"https:\/\/ntnui.no\/toppturogfrikjoring\/product\/sunnmore-ordinaer\/","title":{"rendered":"Sunnm\u00f8re, Ordin\u00e6r"},"content":{"rendered":"<p>Hei og hopp og velkommen til \u00e5rets Sunnm\u00f8rsalpetur!<\/p>\n<p>&nbsp;<\/p>\n<p><strong>OPPM\u00d8TE OG OM TUREN:<\/strong><\/p>\n<p>Avreise blir onsdag 12.02 og hjemreise en gang p\u00e5 s\u00f8ndag 16.02. Vi skal bo p\u00e5 Velledalen grendahus, et (langt) steinkast unna Strandafjellet skisenter, og ca 6 timer kj\u00f8ring fra Trondheim.<\/p>\n<p>I \u00e5r er vi s\u00e5pass heldige at vi f\u00e5r st\u00f8tte til heiskort, s\u00e5 det er inkludert i prisen. Det er selvf\u00f8lgelig frivillig \u00e5 st\u00e5 i trekket hvis man har en topp i n\u00e6rheten \u00f8verst p\u00e5 \u00f8nskelista, men hvem takker nei til 3 dager sponsa heiskj\u00f8ring?<\/p>\n<p>&nbsp;<\/p>\n<p>Det er et stort og flott grendahus, med gode boforhold, sv\u00e6rt kj\u00f8kken, og sv\u00f8mmehall i kjelleren og til og med scene, s\u00e5 det er gode muligheter for \u00e5 ikke kjede vettet av seg:)<\/p>\n<p>Vi satser som sagt p\u00e5 tre dager i Strandafjellet skisenter, et av norges beste pudder-destinasjoner, s\u00e5 vi krysser fingra for en liten nedb\u00f8rs-dump i forkant. P\u00e5 hjemreisedagen, s\u00f8ndag, avtaler man innad i bilene om man er gira p\u00e5 topptur, eller bare roadtripe straka vegen hemmat.<\/p>\n<p>Vi satser p\u00e5 \u00e5 kj\u00f8re fra Trondheim 15:00 p\u00e5 onsdag, som betyr en sein ankomst p\u00e5 Sunnm\u00f8re, men akkurat god nok tid til \u00e5 rulle ut liggeunderlaget og f\u00e5 seg en god natts s\u00f8vn f\u00f8r shredding i bakken.<\/p>\n<p>&nbsp;<\/p>\n<p><strong>SKIMULIGHETER:<\/strong><\/p>\n<p>Det er flotte turmuligheter i omr\u00e5det, men fokuset er og blir i gondolen. Har man aldri h\u00f8rt om Strandafjellet er det ikke mange google-s\u00f8kene man trenger for \u00e5 bli gira. Strandafjellet er et stort og flott anlegg med gode preparerte l\u00f8yper, men er nok mest kjent for sin skogskj\u00f8ring og frikj\u00f8ring. Er man en parkrotte kan man trikse i vei, er man glad i skog er det nok greiner \u00e5 krasje i at du slipper \u00e5 kj\u00f8pe ved resten av vinteren. Er man gira p\u00e5 brattere kj\u00f8ringa kan man lure seg bak i Bl\u00e5dalen og er man en ordentlig alpinist innerst inne, er det nok av l\u00f8yper \u00e5 kj\u00f8re svinger p\u00e5, kanskje til og med en port eller tre.<\/p>\n<p>&nbsp;<\/p>\n<p>P\u00e5 s\u00f8ndagen er det kun nattes\u00f8vnen p\u00e5f\u00f8lgende natt (og skredfaren) som setter grenser hvor toppturen tar veien. Om man tar turen over til \u00d8rsta, Standaleidet eller Molladalen, kj\u00f8rer til Hellesylt eller Urke, skal man slite for \u00e5 finne en d\u00e5rlig tur. Det blir nok noen tips og triks ifht hvilke turer vi g\u00e5r, men det tar vi n\u00e5r vi er der.<\/p>\n<p>&nbsp;<\/p>\n<p><strong>MINIMUMSKRAV:<\/strong><\/p>\n<p>Gyldig medlemskap i NTNUI kreves for \u00e5 melde seg p\u00e5.<\/p>\n<p>Betalt \u00e5rsmedlemskap i TF. Dette er en medlemskontigent som kreves for \u00e5 delta p\u00e5 NTNUI Topptur og Frikj\u00f8ring sine turer. Dette m\u00e5 skaffes f\u00f8r turen og kan kj\u00f8pes her:<\/p>\n<p><a href=\"https:\/\/ntnui.no\/toppturogfrikjoring\/bli-medlem\/\">https:\/\/ntnui.no\/toppturogfrikjoring\/bli-medlem\/<\/a><\/p>\n<p>Dere m\u00e5 ha med eget skredutstyr, sender\/mottaker, spade og s\u00f8kestang. TF har noen f\u00e5 skredpakker til utleie, send mail til\u00a0<a href=\"mailto:tf-nestleder@ntnui.no\">tf-nestleder@ntnui.no<\/a>\u00a0dersom det er av interesse. Vi har dessverre ikke noe annet utstyr til leie.<\/p>\n<p>Egnet alpint utstyr til \u00e5 kj\u00f8re med &#8211;\u00a0 frikj\u00f8ringsski, carving, jibbing etc. og\/eller toppturutstyr til \u00e5 g\u00e5 tur med, toppturski, telemark, splitboard etc.<\/p>\n<p>Alle deltakere m\u00e5 mestre den grunnleggende bruken av b\u00e5de skred- og skiutstyret. Du m\u00e5 ha v\u00e6rt p\u00e5 tur f\u00f8r og kunne ta vare p\u00e5 deg selv i vinterfjellet. Har du ingen erfaring med toppturer p\u00e5 vinteren kan nybegynnerkurs hos DNT eller et av de profesjonelle guideselskapene anbefales som inngang til denne herlige sporten.<\/p>\n<p>Ingen av TFs turer er guidet, her st\u00e5r man fritt til \u00e5 legge opp turer selv. Ettersom omr\u00e5det inneholder en haug av lekre turer gir dette store muligheter for flotte opplevelser! Dette legger ansvaret p\u00e5 den enkelte deltaker, b\u00e5de i turplanlegging og avgj\u00f8relser som tas p\u00e5 tur. TF har ikke ansvar for deg og du er heller ikke forsikret gjennom TF n\u00e5r du er p\u00e5 tur med oss. Egen reiseforsikring anbefales sterkt.<\/p>\n<p>Ved kj\u00f8p av billetten s\u00e5 godkjenner dere TF sin ansvarsfraskrivelse. Den kan leses ved kj\u00f8p av billett.<\/p>\n<p>&nbsp;<\/p>\n<p><strong>KOSTNADER:<\/strong><\/p>\n<p>Turen vil koste\u00a0<strong>1,310 kr<\/strong>. Det inkluderer transport, overnatting, middag (torsdag\/fredag\/l\u00f8rdag) og frokost (torsdag\/fredag\/l\u00f8rdag\/s\u00f8ndag). Lunsj og snacks st\u00e5r deltakeren for selv.<\/p>\n<p>P\u00e5meldingen er bindende. Kan du ikke delta p\u00e5 turen er du selv ansvarlig for \u00e5 selge billetten videre. Ved videresalg er det viktig at vi f\u00e5r kontaktinformasjon til den som overtok plassen. Dette sendes til\u00a0<a href=\"mailto:sondre.jordheim@gmail.com\">sondre.jordheim@gmail.com<\/a><\/p>\n<p>For \u00e5 komme oss p\u00e5 tur, er vi avhengig av at noen deltakere stiller med bil. Ta kontakt med\u00a0<a href=\"mailto:sondre.jordheim@gmail.com\">sondre.jordheim@gmail.com<\/a>. Sj\u00e5f\u00f8rer er sikret plass p\u00e5 turen f\u00f8r p\u00e5meldingen, og blir kompensert 3,5 kr\/km. Bilen din m\u00e5 ha plass til deg selv og tre andre personer og alt av utstyr. Biler med takboks og god plass vil bli prioritert. Skriv merke og modell i mailen. N\u00e5r du stiller med bil har du et ekstra ansvar for at alle faktisk kommer seg ut p\u00e5 tur hver dag. Ingen biler skal forlate hytta halvtomme, og bruker man den ikke selv s\u00e5 m\u00e5 man v\u00e6re forberedt p\u00e5 \u00e5 l\u00e5ne den bort.<\/p>\n<p>&#8212;&#8212;&#8212;&#8212;&#8212;&#8212;&#8212;&#8212;&#8212;&#8212;&#8212;&#8212;&#8212;&#8212;&#8212;&#8212;&#8212;&#8212;&#8212;&#8212;&#8212;&#8212;&#8212;&#8212;<\/p>\n<p><strong>\u00a0<\/strong><\/p>\n<p><strong>English:<\/strong><\/p>\n<p><strong>\u00a0<\/strong><\/p>\n<p><strong>SUNNM\u00d8RE TRIP 2025:\u00a0<\/strong><\/p>\n<p><strong>\u00a0<\/strong><\/p>\n<p><strong>IMPORTANT DATES:<\/strong><\/p>\n<p><strong>Wednesday 29.01<\/strong>\u00a0Early-Bird registration opens at 12:00 pm (only for committee members)<\/p>\n<p><strong>Thursday 30.01<\/strong>\u00a0Ordinary registration opens at 12:00 pm<\/p>\n<p>The registration will be published in this facebook-event. There\u2019s a total of 32 tickets available, with the half of them being reserved for committee members!<\/p>\n<p><strong>Wednesday 12.02<\/strong>\u00a0Departure for Velledalen grendahus from Hovedbygget at Gl\u00f8shaugen.<\/p>\n<p>&nbsp;<\/p>\n<p><strong>THE TRIP:<\/strong><\/p>\n<p>Hi there and welcome to this year\u2019s Sunnm\u00f8re Alps Trip!<\/p>\n<p>Departure is Wednesday, February 12, and we\u2019ll return sometime on Sunday, February 16. We\u2019ll be staying at Velledalen grendahus, just a (long) stone\u2019s throw from Strandafjellet Ski Resort, and about a 6 hour drive from Trondheim.<\/p>\n<p>This year, we\u2019re lucky enough to have lift passes subsidized, so they\u2019re included in the price. It\u2019s, of course, optional to ride the lifts if you have a peak nearby at the top of your bucket list, but who in their right mind is saying no to 3 days of sponsored lift skiing?<\/p>\n<p>Velledalen grendahus is large and comfortable, with great conditions, a spacious kitchen, a swimming pool in the basement, and even a stage \u2013 so there\u2019s no risk of boredom setting in!<\/p>\n<p>We\u2019re planning three days at Strandafjellet Ski Resort, one of Norway\u2019s best powder destinations, so let\u2019s cross our fingers for a snow dump just before the trip. On the return day, Sunday, the car-groups can decide whether they\u2019re up for a skitour or just want to do the road trip straight back home.<\/p>\n<p>We\u2019re aiming to leave Trondheim at 15:00 on Wednesday, which means a late arrival in Sunnm\u00f8re \u2013 just in time to roll out your sleeping mat and get a good night\u2019s sleep before shredding the slopes.<\/p>\n<p>&nbsp;<\/p>\n<p><strong>SKIING OPTIONS:<br \/>\n<\/strong>There\u2019s fantastic opportunities for skitouring in the area, but the main focus will of course be on the gondola and the piste. If you\u2019ve never heard of Strandafjellet, a quick Google search will get you excited!<\/p>\n<p>Strandafjellet is a large and beautiful resort with well-groomed slopes, but is best known for its freeriding and woods. If you\u2019re a park enthusiast, you\u2019ll find plenty of opportunities to practice tricks. If you love tree runs, there are enough branches to crash into that you won\u2019t need to buy firewood for the rest of the winter. For those craving steeper lines, you can traverse to Bl\u00e5dalen, and if you\u2019re a die-hard alpine skier, there are plenty of slopes to practise your carving \u2013 maybe even a gate or two to race through.<\/p>\n<p>On Sunday, the only limits to your ski touring adventures are the upcoming night\u2019s sleep (and avalanche danger:). Whether you head to \u00d8rsta, Standaleidet, Molladalen, Hellesylt, or Urke, it\u2019ll be hard to find a bad route. We\u2019ll share some tips and tricks about which tours to go on once we\u2019re there.<\/p>\n<p>&nbsp;<\/p>\n<p><strong>MINIMUM REQUIREMENTS:<\/strong><\/p>\n<p>A valid NTNUI membership is required to sign up. Paid annual membership in TF. This is a membership fee required to participate in NTNUI Topptur og Frikj\u00f8ring (NTNUI Alpine Touring and Freeride) trips. This must be arranged before the trip and can be purchased here:<a href=\"https:\/\/ntnui.no\/...\/medlemskap-i-ntnui-topptur-og...\/...\">\u00a0<\/a><a href=\"https:\/\/ntnui.no\/...\/medlemskap-i-ntnui-topptur-og...\/\">https:\/\/ntnui.no\/&#8230;\/medlemskap-i-ntnui-topptur-og&#8230;\/<\/a><a href=\"https:\/\/ntnui.no\/...\/medlemskap-i-ntnui-topptur-og...\/...\">&#8230;<\/a>.<\/p>\n<p>You must bring your own avalanche safety equipment: transceiver, shovel, and probe. TF has a limited number of avalanche kits available for rent. If interested, email\u00a0<a href=\"mailto:tf-nestleder@ntnui.no\"><strong>tf-nestleder@ntnui.no<\/strong><\/a>. Unfortunately, we do not have other gear available for rent.<\/p>\n<p>Suitable alpine equipment for freeriding, carving, jibbing, etc., and\/or touring equipment for backcountry trips such as touring skis, telemark skis, splitboards, etc.<\/p>\n<p>All participants must master the basic use of avalanche safety equipment and ski gear. You must have prior experience with ski touring and be capable of taking care of yourself in winter mountain conditions. If you lack winter touring experience, beginner courses through DNT or professional guiding companies are recommended as a good introduction to this great sport.<\/p>\n<p><strong>Please note:<\/strong>\u00a0None of TF&#8217;s trips are guided. You are free to plan your own routes. The area offers many amazing trips, providing great opportunities for memorable experiences! This means, however, that each participant is responsible for their own planning and decisions during the trip. TF is not responsible for you, and you are not insured through TF while participating in our trips. Personal travel insurance is highly recommended.<\/p>\n<p>By purchasing a ticket, you agree to TF&#8217;s liability waiver, which can be read upon registration:<a href=\"https:\/\/docs.google.com\/...\/13epxdiCaEWolp1GUcXg3...\/edit...\">\u00a0<\/a><\/p>\n<p>&nbsp;<\/p>\n<p><strong>COSTS:<br \/>\n<\/strong>The trip cost\u00a0<strong>1,310 NOK<\/strong>, which includes transportation, accommodation, dinner (Thursday\/Friday\/Saturday), and breakfast (Thursday\/Friday\/Saturday\/Sunday). Lunch and snacks are not included, and you have to fix it yourself.<\/p>\n<p>The registration is binding. If you are unable to attend,\u00a0<strong>you<\/strong>\u00a0are responsible for reselling your ticket. In the case of a resale, it is important that we receive the contact information of the person taking over your spot. This should be sent to\u00a0<a href=\"mailto:sondre.jordheim@gmail.com\"><strong>sondre.jordheim@gmail.com<\/strong><\/a>.<\/p>\n<p>To ensure that the transportation goes smoothly, we depend on participants providing cars. Contact\u00a0<a href=\"mailto:sondre.jordheim@gmail.com\"><strong>sondre.jordheim@gmail.com<\/strong><\/a>\u00a0if you have a car available. Drivers are guaranteed a spot on the trip before the registration opens, and will be compensated\u00a0<strong>3.5 NOK\/km<\/strong>. Your car must have room for yourself, three other people, and all of the equipment. Cars with roof boxes and ample space will be prioritized. Please include your car&#8217;s make and model in the email.<\/p>\n<p>As a driver, you also have an extra responsibility to ensure everyone gets out on the trips each day. No cars should leave the cabin half-empty, and if you don\u2019t use your car yourself, you must be prepared to lend it to others.<\/p>\n","protected":false},"excerpt":{"rendered":"<p>Ved \u00e5 kj\u00f8pe v\u00e5rt produkt godtar du v\u00e5re reisebetingelser<\/p>\n<hr \/>\n<p>By purchasing our product you accept our terms of travel<\/p>\n<p><em><a href=\"https:\/\/ntnui.no\/toppturogfrikjoring\/reisebetingelser-2\">Reisebetingelser<\/a>\/<a href=\"https:\/\/ntnui.no\/toppturogfrikjoring\/en\/terms-of-travel\/\">Terms of travel<\/a><\/em><\/p>\n","protected":false},"featured_media":6403,"comment_status":"open","ping_status":"closed","template":"","meta":{"inline_featured_image":false,"_coblocks_attr":"","_coblocks_dimensions":"","_coblocks_responsive_height":"","_coblocks_accordion_ie_support":"","_price":"1310","_stock":"0","_tribe_ticket_header":"","_tribe_default_ticket_provider":"","_tribe_ticket_capacity":"10","_ticket_start_date":"","_ticket_end_date":"","_tribe_ticket_show_description":"","_tribe_ticket_show_not_going":false,"_tribe_ticket_use_global_stock":"","_tribe_ticket_global_stock_level":"","_global_stock_mode":"","_global_stock_cap":"","_tribe_rsvp_for_event":"","_tribe_ticket_going_count":"","_tribe_ticket_not_going_count":"","_tribe_tickets_list":[],"_tribe_ticket_has_attendee_info_fields":false},"product_brand":[],"product_cat":[39],"product_tag":[],"class_list":{"0":"post-6404","1":"product","2":"type-product","3":"status-publish","4":"has-post-thumbnail","6":"product_cat-trip","8":"first","9":"outofstock","10":"virtual","11":"sold-individually","12":"purchasable","13":"product-type-simple"},"_links":{"self":[{"href":"https:\/\/ntnui.no\/toppturogfrikjoring\/wp-json\/wp\/v2\/product\/6404","targetHints":{"allow":["GET"]}}],"collection":[{"href":"https:\/\/ntnui.no\/toppturogfrikjoring\/wp-json\/wp\/v2\/product"}],"about":[{"href":"https:\/\/ntnui.no\/toppturogfrikjoring\/wp-json\/wp\/v2\/types\/product"}],"replies":[{"embeddable":true,"href":"https:\/\/ntnui.no\/toppturogfrikjoring\/wp-json\/wp\/v2\/comments?post=6404"}],"wp:featuredmedia":[{"embeddable":true,"href":"https:\/\/ntnui.no\/toppturogfrikjoring\/wp-json\/wp\/v2\/media\/6403"}],"wp:attachment":[{"href":"https:\/\/ntnui.no\/toppturogfrikjoring\/wp-json\/wp\/v2\/media?parent=6404"}],"wp:term":[{"taxonomy":"product_brand","embeddable":true,"href":"https:\/\/ntnui.no\/toppturogfrikjoring\/wp-json\/wp\/v2\/product_brand?post=6404"},{"taxonomy":"product_cat","embeddable":true,"href":"https:\/\/ntnui.no\/toppturogfrikjoring\/wp-json\/wp\/v2\/product_cat?post=6404"},{"taxonomy":"product_tag","embeddable":true,"href":"https:\/\/ntnui.no\/toppturogfrikjoring\/wp-json\/wp\/v2\/product_tag?post=6404"}],"curies":[{"name":"wp","href":"https:\/\/api.w.org\/{rel}","templated":true}]}}