{"id":6890,"date":"2025-04-15T22:56:48","date_gmt":"2025-04-15T20:56:48","guid":{"rendered":"https:\/\/ntnui.no\/toppturogfrikjoring\/?page_id=6890"},"modified":"2025-04-15T23:01:37","modified_gmt":"2025-04-15T21:01:37","slug":"tf-freeride-2025","status":"publish","type":"page","link":"https:\/\/ntnui.no\/toppturogfrikjoring\/tf-freeride-2025\/","title":{"rendered":"TF Freeride 2025"},"content":{"rendered":"\n<figure class=\"wp-block-image size-full\"><img loading=\"lazy\" decoding=\"async\" width=\"980\" height=\"650\" src=\"https:\/\/ntnui.no\/toppturogfrikjoring\/wp-content\/uploads\/sites\/229\/2025\/04\/image.jpeg\" alt=\"En mann med ski henger opp ned i luften\" class=\"wp-image-6891\" \/><\/figure>\n\n\n\n<p>Foto: Kristian Aars\/NTNUI (CC BY 4.0)<\/p>\n\n\n\n<p class=\"has-large-font-size\">Nok en gang gikk TF Freeride av stabelen. P\u00e5 tross av lite sn\u00f8 og marginale forhold klarte konkurransekomiteen \u00e5 trylle fram en brakende suksess av en freeride-konkurranse. Takk til alle som bidro til en minnerik opplevelse \u2013 deriblant frivillige, dommere, stavplukkere, speakere, Vassfjellet, skipatruljen, NTNUI Blits, alle bedrifter som stilte med spons og premier, og ikke minst KonKom.<\/p>\n\n\n\n<p class=\"has-huge-font-size\"><strong>Artikkel fra FriFlyt:<\/strong><\/p>\n\n\n\n<div class=\"wp-block-atomic-blocks-ab-button ab-block-button\"><a href=\"https:\/\/www.friflyt.no\/frikjoering-ski\/ntnui-freeride-konkurranse-25?fbclid=IwY2xjawJrnqlleHRuA2FlbQIxMQABHsMu93UGi5anq4xd_g4H9M8kFsCd_G4fP4H184_aysuCpZ-ngQNXRKwIsFeF_aem_jLvhJu0dfmWf8g3tYxHHaw\" class=\"ab-button ab-button-shape-rounded ab-button-size-medium\" style=\"color:#ffffff;background-color:#3373dc\">FriFlyt-artikkel<\/a><\/div>\n\n\n\n<p class=\"has-huge-font-size\"><strong>Topp tre per klasse:<\/strong><\/p>\n\n\n\n<p><strong>Damer, telemark:<\/strong><\/p>\n\n\n\n<ol class=\"wp-block-list\">\n<li>Anna Leonora Brekkhus<\/li>\n\n\n\n<li>Catarina Skibsrud<\/li>\n<\/ol>\n\n\n\n<figure class=\"wp-block-image size-full\"><img loading=\"lazy\" decoding=\"async\" width=\"1290\" height=\"124\" src=\"https:\/\/ntnui.no\/toppturogfrikjoring\/wp-content\/uploads\/sites\/229\/2025\/04\/Skjermbilde-2025-04-15-kl.-22.50.15.png\" alt=\"\" class=\"wp-image-6899\" \/><\/figure>\n\n\n\n<p><strong>Menn, telemark:<\/strong><\/p>\n\n\n\n<ol class=\"wp-block-list\">\n<li>Carl Konow<\/li>\n\n\n\n<li>Tage Rosenlund<\/li>\n\n\n\n<li>Marius \u00d8stb\u00f8<\/li>\n<\/ol>\n\n\n\n<figure class=\"wp-block-image size-full\"><img loading=\"lazy\" decoding=\"async\" width=\"1298\" height=\"118\" src=\"https:\/\/ntnui.no\/toppturogfrikjoring\/wp-content\/uploads\/sites\/229\/2025\/04\/Skjermbilde-2025-04-15-kl.-22.49.31.png\" alt=\"\" class=\"wp-image-6898\" \/><\/figure>\n\n\n\n<p><strong>Damer, snowboard:<\/strong><\/p>\n\n\n\n<ol class=\"wp-block-list\">\n<li>Andrine H\u00f8idahl<\/li>\n\n\n\n<li>Tiril Metveit Beisland<\/li>\n<\/ol>\n\n\n\n<figure class=\"wp-block-image size-full\"><img loading=\"lazy\" decoding=\"async\" width=\"1290\" height=\"82\" src=\"https:\/\/ntnui.no\/toppturogfrikjoring\/wp-content\/uploads\/sites\/229\/2025\/04\/Skjermbilde-2025-04-15-kl.-22.49.01.png\" alt=\"\" class=\"wp-image-6897\" \/><\/figure>\n\n\n\n<p><strong>Menn snowboard:<\/strong><\/p>\n\n\n\n<ol class=\"wp-block-list\">\n<li>S\u00f8lve Gr\u00f8teide<\/li>\n\n\n\n<li>Birk Saether<\/li>\n<\/ol>\n\n\n\n<figure class=\"wp-block-image size-full\"><img loading=\"lazy\" decoding=\"async\" width=\"1302\" height=\"86\" src=\"https:\/\/ntnui.no\/toppturogfrikjoring\/wp-content\/uploads\/sites\/229\/2025\/04\/Skjermbilde-2025-04-15-kl.-22.48.35.png\" alt=\"\" class=\"wp-image-6896\" \/><\/figure>\n\n\n\n<p><strong>Damer, ski:<\/strong><\/p>\n\n\n\n<ol class=\"wp-block-list\">\n<li>Idunn Intelhus Markeg\u00e5rd<\/li>\n\n\n\n<li>Malin Naalsund Gaupseth<\/li>\n\n\n\n<li>Anna Luksengard Stave<\/li>\n<\/ol>\n\n\n\n<p><strong>Menn, ski:<\/strong><\/p>\n\n\n\n<ol class=\"wp-block-list\">\n<li>Fredrik Gaudestad<\/li>\n\n\n\n<li>Gustav Johnsen Gran\u00f8ien<\/li>\n\n\n\n<li>Hallstein Finne Engelsen<\/li>\n<\/ol>\n\n\n\n<p class=\"has-huge-font-size\"><strong>Resultatliste, ski damer:<\/strong><\/p>\n\n\n\n<figure class=\"wp-block-image size-full\"><img loading=\"lazy\" decoding=\"async\" width=\"674\" height=\"333\" src=\"https:\/\/ntnui.no\/toppturogfrikjoring\/wp-content\/uploads\/sites\/229\/2025\/04\/image-2.jpeg\" alt=\"\" class=\"wp-image-6894\" \/><\/figure>\n\n\n\n<p class=\"has-huge-font-size\"><strong>Resultatliste, ski herrer:<\/strong><\/p>\n\n\n\n<figure class=\"wp-block-image size-full\"><img loading=\"lazy\" decoding=\"async\" width=\"657\" height=\"522\" src=\"https:\/\/ntnui.no\/toppturogfrikjoring\/wp-content\/uploads\/sites\/229\/2025\/04\/image-3.jpeg\" alt=\"\" class=\"wp-image-6895\" \/><\/figure>\n","protected":false},"excerpt":{"rendered":"<p>Foto: Kristian Aars\/NTNUI (CC BY 4.0) Nok en gang gikk TF Freeride av stabelen. P\u00e5 tross av lite sn\u00f8 og marginale forhold klarte konkurransekomiteen \u00e5 trylle fram en brakende suksess av en freeride-konkurranse. Takk til alle som bidro til en minnerik opplevelse \u2013 deriblant frivillige, dommere, stavplukkere, speakere, Vassfjellet, skipatruljen, NTNUI Blits, alle bedrifter som [&hellip;]<\/p>\n","protected":false},"author":668,"featured_media":0,"parent":0,"menu_order":0,"comment_status":"closed","ping_status":"closed","template":"","meta":{"inline_featured_image":false,"_coblocks_attr":"","_coblocks_dimensions":"","_coblocks_responsive_height":"","_coblocks_accordion_ie_support":"","_price":"","_stock":"","_tribe_ticket_header":"","_tribe_default_ticket_provider":"","_tribe_ticket_capacity":"0","_ticket_start_date":"","_ticket_end_date":"","_tribe_ticket_show_description":"","_tribe_ticket_show_not_going":false,"_tribe_ticket_use_global_stock":"","_tribe_ticket_global_stock_level":"","_global_stock_mode":"","_global_stock_cap":"","_tribe_rsvp_for_event":"","_tribe_ticket_going_count":"","_tribe_ticket_not_going_count":"","_tribe_tickets_list":[],"_tribe_ticket_has_attendee_info_fields":false,"footnotes":""},"class_list":["post-6890","page","type-page","status-publish","hentry"],"featured_image_src":null,"featured_image_src_square":null,"_links":{"self":[{"href":"https:\/\/ntnui.no\/toppturogfrikjoring\/wp-json\/wp\/v2\/pages\/6890","targetHints":{"allow":["GET"]}}],"collection":[{"href":"https:\/\/ntnui.no\/toppturogfrikjoring\/wp-json\/wp\/v2\/pages"}],"about":[{"href":"https:\/\/ntnui.no\/toppturogfrikjoring\/wp-json\/wp\/v2\/types\/page"}],"author":[{"embeddable":true,"href":"https:\/\/ntnui.no\/toppturogfrikjoring\/wp-json\/wp\/v2\/users\/668"}],"replies":[{"embeddable":true,"href":"https:\/\/ntnui.no\/toppturogfrikjoring\/wp-json\/wp\/v2\/comments?post=6890"}],"version-history":[{"count":3,"href":"https:\/\/ntnui.no\/toppturogfrikjoring\/wp-json\/wp\/v2\/pages\/6890\/revisions"}],"predecessor-version":[{"id":6903,"href":"https:\/\/ntnui.no\/toppturogfrikjoring\/wp-json\/wp\/v2\/pages\/6890\/revisions\/6903"}],"wp:attachment":[{"href":"https:\/\/ntnui.no\/toppturogfrikjoring\/wp-json\/wp\/v2\/media?parent=6890"}],"curies":[{"name":"wp","href":"https:\/\/api.w.org\/{rel}","templated":true}]}}