{"id":5266,"date":"2024-03-06T22:16:26","date_gmt":"2024-03-06T21:16:26","guid":{"rendered":"https:\/\/ntnui.no\/toppturogfrikjoring\/?page_id=5266"},"modified":"2024-10-31T15:32:13","modified_gmt":"2024-10-31T14:32:13","slug":"anton-sport-2","status":"publish","type":"page","link":"https:\/\/ntnui.no\/toppturogfrikjoring\/anton-sport-2\/","title":{"rendered":"RABATT HOS ANTON SPORT"},"content":{"rendered":"\n<div class=\"wp-block-cover alignfull is-position-center-center is-cropping\" style=\"background-image:url(https:\/\/ntnui.no\/toppturogfrikjoring\/wp-content\/uploads\/sites\/229\/2024\/03\/anton-sport.jpeg)\"><div class=\"wp-block-cover__inner-container is-layout-flow wp-block-cover-is-layout-flow\">\n<p class=\"has-text-align-center has-large-font-size\"><\/p>\n<\/div><\/div>\n\n\n\n<p>NTNUI Topptur og Frikj\u00f8ring har en samarbeidsavtale med <strong>Anton Sport Tillertorget<\/strong>! Dette inneb\u00e6rer gode rabatter p\u00e5 en rekke utvalgte produkter!<\/p>\n\n\n\n<p>For \u00e5 f\u00e5 disse rabattene m\u00e5 man v\u00e6re <strong>medlem av TF<\/strong> og <strong>melde seg inn i Anton Sport sin medlemsklubb<\/strong>. Dette gj\u00f8r du enten ved \u00e5 scanne QR-koden nederst p\u00e5 siden, eller f\u00f8lge denne linken:<\/p>\n\n\n\n<div class=\"wp-block-atomic-blocks-ab-button ab-block-button\"><a href=\"https:\/\/www.antonsport.no\/klubbmedlemskap\/99900124\" class=\"ab-button ab-button-shape-circular ab-button-size-medium\" style=\"color:#ffffff;background-color:#ff6613\">Anton Sport Medlemsklubb<\/a><\/div>\n\n\n\n<figure class=\"wp-block-image size-large\"><img loading=\"lazy\" decoding=\"async\" width=\"1080\" height=\"1080\" src=\"https:\/\/ntnui.no\/toppturogfrikjoring\/wp-content\/uploads\/sites\/229\/2023\/11\/94E44669-36A0-4D76-BBA8-35343FCFB77A.png\" alt=\"\" class=\"wp-image-4278\" \/><\/figure>\n\n\n\n<figure class=\"wp-block-image size-large\"><img loading=\"lazy\" decoding=\"async\" width=\"1080\" height=\"1080\" src=\"https:\/\/ntnui.no\/toppturogfrikjoring\/wp-content\/uploads\/sites\/229\/2023\/11\/Rabatter-som-TF-medlem-2.png\" alt=\"\" class=\"wp-image-4277\" \/><\/figure>\n\n\n\n<p><\/p>\n","protected":false},"excerpt":{"rendered":"<p>NTNUI Topptur og Frikj\u00f8ring har en samarbeidsavtale med Anton Sport Tillertorget! Dette inneb\u00e6rer gode rabatter p\u00e5 en rekke utvalgte produkter! For \u00e5 f\u00e5 disse rabattene m\u00e5 man v\u00e6re medlem av TF og melde seg inn i Anton Sport sin medlemsklubb. Dette gj\u00f8r du enten ved \u00e5 scanne QR-koden nederst p\u00e5 siden, eller f\u00f8lge denne linken:<\/p>\n","protected":false},"author":570,"featured_media":0,"parent":0,"menu_order":0,"comment_status":"closed","ping_status":"closed","template":"","meta":{"inline_featured_image":false,"_coblocks_attr":"","_coblocks_dimensions":"","_coblocks_responsive_height":"","_coblocks_accordion_ie_support":"","_price":"","_stock":"","_tribe_ticket_header":"","_tribe_default_ticket_provider":"","_tribe_ticket_capacity":"0","_ticket_start_date":"","_ticket_end_date":"","_tribe_ticket_show_description":"","_tribe_ticket_show_not_going":false,"_tribe_ticket_use_global_stock":"","_tribe_ticket_global_stock_level":"","_global_stock_mode":"","_global_stock_cap":"","_tribe_rsvp_for_event":"","_tribe_ticket_going_count":"","_tribe_ticket_not_going_count":"","_tribe_tickets_list":[],"_tribe_ticket_has_attendee_info_fields":false,"footnotes":""},"class_list":["post-5266","page","type-page","status-publish","hentry"],"featured_image_src":null,"featured_image_src_square":null,"_links":{"self":[{"href":"https:\/\/ntnui.no\/toppturogfrikjoring\/wp-json\/wp\/v2\/pages\/5266","targetHints":{"allow":["GET"]}}],"collection":[{"href":"https:\/\/ntnui.no\/toppturogfrikjoring\/wp-json\/wp\/v2\/pages"}],"about":[{"href":"https:\/\/ntnui.no\/toppturogfrikjoring\/wp-json\/wp\/v2\/types\/page"}],"author":[{"embeddable":true,"href":"https:\/\/ntnui.no\/toppturogfrikjoring\/wp-json\/wp\/v2\/users\/570"}],"replies":[{"embeddable":true,"href":"https:\/\/ntnui.no\/toppturogfrikjoring\/wp-json\/wp\/v2\/comments?post=5266"}],"version-history":[{"count":15,"href":"https:\/\/ntnui.no\/toppturogfrikjoring\/wp-json\/wp\/v2\/pages\/5266\/revisions"}],"predecessor-version":[{"id":5404,"href":"https:\/\/ntnui.no\/toppturogfrikjoring\/wp-json\/wp\/v2\/pages\/5266\/revisions\/5404"}],"wp:attachment":[{"href":"https:\/\/ntnui.no\/toppturogfrikjoring\/wp-json\/wp\/v2\/media?parent=5266"}],"curies":[{"name":"wp","href":"https:\/\/api.w.org\/{rel}","templated":true}]}}