{"id":2629,"date":"2022-09-12T14:21:41","date_gmt":"2022-09-12T12:21:41","guid":{"rendered":"https:\/\/ntnui.no\/toppturogfrikjoring\/?page_id=2629"},"modified":"2023-10-19T13:10:25","modified_gmt":"2023-10-19T11:10:25","slug":"1-2-ostsida","status":"publish","type":"page","link":"https:\/\/ntnui.no\/toppturogfrikjoring\/1-2-ostsida\/","title":{"rendered":"1.1.2 Alternativ nedkj\u00f8ring; \u00d8stsida"},"content":{"rendered":"\n<p><\/p>\n\n\n\n<div class=\"wp-block-coblocks-alert has-text-color has-dark-black-color has-text-align-left has-background is-style-warning\" style=\"background-color:#cecece;font-size:17px\" aria-label=\"Alert section of type warning\"><p class=\"wp-block-coblocks-alert__title\"><strong>Vanskelighetsgrad:<\/strong>\u2026.\u2605\u2605\u2606\u2606<br><strong>Lengde:<\/strong>\u2026\u2026\u2026\u2026&#8230;..\u2026\u2026900 hm, 3.5 km<br><strong>Bratteste helning:<\/strong>\u2026\u202635\u00b0<br><strong>Faremomenter:<\/strong>\u2026\u2026.\u2026skred<\/p><\/div>\n\n\n\n<p>Fra toppen kan det v\u00e6re et smart trekk \u00e5 kj\u00f8re ned \u00f8stsida, som gjerne har mer og bedre sn\u00f8. Det er ofte en skavl som sperrer inngangen til bollen \u00f8verst, s\u00e5 hold litt venstre her for \u00e5 unng\u00e5 denne. Skr\u00e5 godt mot h\u00f8yre i bunn f\u00f8r det blir for bratt.<\/p>\n\n\n\n<figure class=\"wp-block-image size-large is-resized\"><img loading=\"lazy\" decoding=\"async\" src=\"https:\/\/ntnui.no\/toppturogfrikjoring\/wp-content\/uploads\/sites\/229\/2023\/10\/Sula-1.png\" alt=\"\" class=\"wp-image-4112\" width=\"1450\" height=\"1166\" \/><\/figure>\n\n\n\n<div class=\"wp-block-blockgallery-stacked\"><ul class=\"blockgallery has-no-alignment has-caption-color has-background has-light-gray-background-color has-padding has-padding-30 has-padding-mobile-30 has-dark-black-color has-fullwidth-images has-margin\"><li class=\"blockgallery--item\"><figure class=\"blockgallery--figure has-margin-bottom-20\"><img loading=\"lazy\" decoding=\"async\" width=\"3660\" height=\"2556\" src=\"https:\/\/ntnui.no\/toppturogfrikjoring\/wp-content\/uploads\/sites\/229\/2022\/09\/P1000346-copy.jpg\" alt=\"\" data-id=\"2517\" data-link=\"https:\/\/ntnui.no\/toppturogfrikjoring\/todalen\/p1000346-copy\/\" class=\"wp-image-2517 has-shadow-none\" \/><figcaption class=\"blockgallery--caption\">\u00d8stsida, et par dager etter at et skred har g\u00e5tt. <\/figcaption><\/figure><\/li><li class=\"blockgallery--item\"><figure class=\"blockgallery--figure has-margin-bottom-20\"><img loading=\"lazy\" decoding=\"async\" width=\"5472\" height=\"3648\" src=\"https:\/\/ntnui.no\/toppturogfrikjoring\/wp-content\/uploads\/sites\/229\/2022\/09\/P1040704-copy.jpg\" alt=\"\" data-id=\"2631\" data-link=\"https:\/\/ntnui.no\/toppturogfrikjoring\/?attachment_id=2631\" class=\"wp-image-2631 has-shadow-none\" \/><figcaption class=\"blockgallery--caption\">Dust on crust en dag i november<\/figcaption><\/figure><\/li><\/ul><\/div>\n\n\n\n<p><\/p>\n","protected":false},"excerpt":{"rendered":"<p>Fra toppen kan det v\u00e6re et smart trekk \u00e5 kj\u00f8re ned \u00f8stsida, som gjerne har mer og bedre sn\u00f8. Det er ofte en skavl som sperrer inngangen til bollen \u00f8verst, s\u00e5 hold litt venstre her for \u00e5 unng\u00e5 denne. Skr\u00e5 godt mot h\u00f8yre i bunn f\u00f8r det blir for bratt.<\/p>\n","protected":false},"author":388,"featured_media":0,"parent":0,"menu_order":0,"comment_status":"closed","ping_status":"closed","template":"","meta":{"inline_featured_image":false,"_coblocks_attr":"","_coblocks_dimensions":"","_coblocks_responsive_height":"","_coblocks_accordion_ie_support":"","_price":"","_stock":"","_tribe_ticket_header":"","_tribe_default_ticket_provider":"","_tribe_ticket_capacity":"0","_ticket_start_date":"","_ticket_end_date":"","_tribe_ticket_show_description":"","_tribe_ticket_show_not_going":false,"_tribe_ticket_use_global_stock":"","_tribe_ticket_global_stock_level":"","_global_stock_mode":"","_global_stock_cap":"","_tribe_rsvp_for_event":"","_tribe_ticket_going_count":"","_tribe_ticket_not_going_count":"","_tribe_tickets_list":[],"_tribe_ticket_has_attendee_info_fields":false,"footnotes":""},"class_list":["post-2629","page","type-page","status-publish","hentry"],"featured_image_src":null,"featured_image_src_square":null,"_links":{"self":[{"href":"https:\/\/ntnui.no\/toppturogfrikjoring\/wp-json\/wp\/v2\/pages\/2629","targetHints":{"allow":["GET"]}}],"collection":[{"href":"https:\/\/ntnui.no\/toppturogfrikjoring\/wp-json\/wp\/v2\/pages"}],"about":[{"href":"https:\/\/ntnui.no\/toppturogfrikjoring\/wp-json\/wp\/v2\/types\/page"}],"author":[{"embeddable":true,"href":"https:\/\/ntnui.no\/toppturogfrikjoring\/wp-json\/wp\/v2\/users\/388"}],"replies":[{"embeddable":true,"href":"https:\/\/ntnui.no\/toppturogfrikjoring\/wp-json\/wp\/v2\/comments?post=2629"}],"version-history":[{"count":5,"href":"https:\/\/ntnui.no\/toppturogfrikjoring\/wp-json\/wp\/v2\/pages\/2629\/revisions"}],"predecessor-version":[{"id":4121,"href":"https:\/\/ntnui.no\/toppturogfrikjoring\/wp-json\/wp\/v2\/pages\/2629\/revisions\/4121"}],"wp:attachment":[{"href":"https:\/\/ntnui.no\/toppturogfrikjoring\/wp-json\/wp\/v2\/media?parent=2629"}],"curies":[{"name":"wp","href":"https:\/\/api.w.org\/{rel}","templated":true}]}}