{"id":2537,"date":"2022-09-06T13:31:32","date_gmt":"2022-09-06T11:31:32","guid":{"rendered":"https:\/\/ntnui.no\/toppturogfrikjoring\/?page_id=2537"},"modified":"2023-10-19T13:39:36","modified_gmt":"2023-10-19T11:39:36","slug":"storlidalen","status":"publish","type":"page","link":"https:\/\/ntnui.no\/toppturogfrikjoring\/storlidalen\/","title":{"rendered":"Storlidalen"},"content":{"rendered":"\n<figure class=\"wp-block-image size-large is-resized\"><a href=\"https:\/\/ntnui.no\/toppturogfrikjoring\/wp-content\/uploads\/sites\/229\/2023\/10\/Storlidalen.png\"><img loading=\"lazy\" decoding=\"async\" src=\"https:\/\/ntnui.no\/toppturogfrikjoring\/wp-content\/uploads\/sites\/229\/2023\/10\/Storlidalen.png\" alt=\"\" class=\"wp-image-4105\" width=\"1450\" height=\"715\" \/><\/a><figcaption>Kart over Storlidalen st\u00f8rre kart finner du p\u00e5 skif\u00f8rer start siden<\/figcaption><\/figure>\n\n\n\n<div class=\"wp-block-coblocks-gallery-masonry alignwide\"><div class=\"coblocks-gallery has-caption-style-dark has-gutter\"><ul class=\"has-grid-xlrg has-gutter-5 has-gutter-mobile-15\"><li class=\"coblocks-gallery--item\"><figure class=\"coblocks-gallery--figure\"><a href=\"https:\/\/ntnui.no\/toppturogfrikjoring\/hoa\/\" rel=\"\"><img loading=\"lazy\" decoding=\"async\" width=\"5038\" height=\"3648\" alt=\"\" class=\"wp-image-2540\" data-id=\"2540\" data-imglink=\"\" data-link=\"https:\/\/ntnui.no\/toppturogfrikjoring\/?attachment_id=2540\" src=\"https:\/\/ntnui.no\/toppturogfrikjoring\/wp-content\/uploads\/sites\/229\/2022\/09\/P1000212-copy.jpg\" \/><\/a><figcaption class=\"coblocks-gallery--caption\">H\u00f8a<\/figcaption><\/figure><\/li><li class=\"coblocks-gallery--item\"><figure class=\"coblocks-gallery--figure\"><a href=\"https:\/\/ntnui.no\/toppturogfrikjoring\/storsomrungnebba\/\" rel=\"\"><img loading=\"lazy\" decoding=\"async\" width=\"4128\" height=\"3096\" alt=\"\" class=\"wp-image-2539\" data-id=\"2539\" data-imglink=\"\" data-link=\"https:\/\/ntnui.no\/toppturogfrikjoring\/?attachment_id=2539\" src=\"https:\/\/ntnui.no\/toppturogfrikjoring\/wp-content\/uploads\/sites\/229\/2022\/09\/20200307_134525-copy-1.jpg\" \/><\/a><figcaption class=\"coblocks-gallery--caption\">Storsomrungnebba<\/figcaption><\/figure><\/li><li class=\"coblocks-gallery--item\"><figure class=\"coblocks-gallery--figure\"><a href=\"https:\/\/ntnui.no\/toppturogfrikjoring\/nonshoa\/\" rel=\"\"><img loading=\"lazy\" decoding=\"async\" width=\"4000\" height=\"3000\" alt=\"\" class=\"wp-image-2541\" data-id=\"2541\" data-imglink=\"\" data-link=\"https:\/\/ntnui.no\/toppturogfrikjoring\/?attachment_id=2541\" src=\"https:\/\/ntnui.no\/toppturogfrikjoring\/wp-content\/uploads\/sites\/229\/2022\/09\/P1010552-copy.jpg\" \/><\/a><figcaption class=\"coblocks-gallery--caption\">Nonsh\u00f8a<\/figcaption><\/figure><\/li><\/ul><\/div><\/div>\n","protected":false},"excerpt":{"rendered":"","protected":false},"author":388,"featured_media":0,"parent":0,"menu_order":0,"comment_status":"closed","ping_status":"closed","template":"","meta":{"inline_featured_image":false,"_coblocks_attr":"","_coblocks_dimensions":"","_coblocks_responsive_height":"","_coblocks_accordion_ie_support":"","_price":"","_stock":"","_tribe_ticket_header":"","_tribe_default_ticket_provider":"","_tribe_ticket_capacity":"0","_ticket_start_date":"","_ticket_end_date":"","_tribe_ticket_show_description":"","_tribe_ticket_show_not_going":false,"_tribe_ticket_use_global_stock":"","_tribe_ticket_global_stock_level":"","_global_stock_mode":"","_global_stock_cap":"","_tribe_rsvp_for_event":"","_tribe_ticket_going_count":"","_tribe_ticket_not_going_count":"","_tribe_tickets_list":[],"_tribe_ticket_has_attendee_info_fields":false,"footnotes":""},"class_list":["post-2537","page","type-page","status-publish","hentry"],"featured_image_src":null,"featured_image_src_square":null,"_links":{"self":[{"href":"https:\/\/ntnui.no\/toppturogfrikjoring\/wp-json\/wp\/v2\/pages\/2537","targetHints":{"allow":["GET"]}}],"collection":[{"href":"https:\/\/ntnui.no\/toppturogfrikjoring\/wp-json\/wp\/v2\/pages"}],"about":[{"href":"https:\/\/ntnui.no\/toppturogfrikjoring\/wp-json\/wp\/v2\/types\/page"}],"author":[{"embeddable":true,"href":"https:\/\/ntnui.no\/toppturogfrikjoring\/wp-json\/wp\/v2\/users\/388"}],"replies":[{"embeddable":true,"href":"https:\/\/ntnui.no\/toppturogfrikjoring\/wp-json\/wp\/v2\/comments?post=2537"}],"version-history":[{"count":11,"href":"https:\/\/ntnui.no\/toppturogfrikjoring\/wp-json\/wp\/v2\/pages\/2537\/revisions"}],"predecessor-version":[{"id":4143,"href":"https:\/\/ntnui.no\/toppturogfrikjoring\/wp-json\/wp\/v2\/pages\/2537\/revisions\/4143"}],"wp:attachment":[{"href":"https:\/\/ntnui.no\/toppturogfrikjoring\/wp-json\/wp\/v2\/media?parent=2537"}],"curies":[{"name":"wp","href":"https:\/\/api.w.org\/{rel}","templated":true}]}}