{"id":2498,"date":"2022-09-01T11:05:08","date_gmt":"2022-09-01T09:05:08","guid":{"rendered":"https:\/\/ntnui.no\/toppturogfrikjoring\/?page_id=2498"},"modified":"2023-10-19T12:25:11","modified_gmt":"2023-10-19T10:25:11","slug":"2-3-2-kongskrona-fra-sunndalen","status":"publish","type":"page","link":"https:\/\/ntnui.no\/toppturogfrikjoring\/2-3-2-kongskrona-fra-sunndalen\/","title":{"rendered":"2.3.2 Kongskrona fra Sunndalen"},"content":{"rendered":"\n<p>Ruta opp fra Ho\u00e5s i Sunndalen er et mindre brukt og en del mer knotete alternativ til normalruta. Fordelen er at breene den krysser har mindre sprekker og kj\u00f8returen fra Trondheim er noe kortere som gj\u00f8r den mer egna tidlig i sesongen.<\/p>\n\n\n\n<div class=\"wp-block-coblocks-alert has-text-color has-dark-black-color has-text-align-left has-background is-style-warning\" style=\"background-color:#cecece;font-size:17px\" aria-label=\"Alert section of type warning\"><p class=\"wp-block-coblocks-alert__title\"><strong>Vanskelighetsgrad:<\/strong>\u2026.\u2605\u2605\u2605\u2606<br><strong>Lengde:<\/strong>\u2026\u2026\u2026\u2026&#8230;..\u2026\u20261750 hm, 8 (16) km<br><strong>Bratteste helning:<\/strong>\u2026\u202637\u00b0<br><strong>Faremomenter:<\/strong>\u2026\u2026.\u2026skred, utglidning, bresprekker<\/p><\/div>\n\n\n\n<p>Parker der sommerstien starter og f\u00f8lg den. Fra rundt 300moh er det mulig \u00e5 f\u00f8lge en rasrenne litt til h\u00f8yre for \u00e5 unng\u00e5 det verste \u201csunndalskrattet\u201d. Eventuelt kan man f\u00f8lge stien og det vil \u00e5pne seg opp ganske fort. Videre f\u00f8lges rampa greit men bratt opp til toppen. Husk at du befinner deg i en terrengfelle og at utglidning kan bli farlig. Oppe p\u00e5 plat\u00e5et sikter du mot ryggen som f\u00f8rer opp til toppen og f\u00f8lger denne. Kryss breen og begynn p\u00e5 den siste motbakken til topps. Det er bre i den siste biten av kneika og p\u00e5 selve topplat\u00e5et, hold venstre for \u00e5 unng\u00e5 de verste sprekkene.<\/p>\n\n\n\n<figure class=\"wp-block-image size-large is-resized\"><a href=\"https:\/\/ntnui.no\/toppturogfrikjoring\/wp-content\/uploads\/sites\/229\/2023\/10\/KongsKrona.png\"><img loading=\"lazy\" decoding=\"async\" src=\"https:\/\/ntnui.no\/toppturogfrikjoring\/wp-content\/uploads\/sites\/229\/2023\/10\/KongsKrona.png\" alt=\"\" class=\"wp-image-4080\" width=\"1450\" height=\"1792\" \/><\/a><figcaption>Hvis du trykker p\u00e5 bilde kan du se det alene og laste det ned : o<\/figcaption><\/figure>\n\n\n\n<div class=\"wp-block-blockgallery-stacked alignfull\"><ul class=\"blockgallery has-caption-color has-background has-light-gray-background-color has-padding has-padding-30 has-padding-mobile-30 has-dark-black-color has-fullwidth-images has-margin\"><li class=\"blockgallery--item\"><figure class=\"blockgallery--figure has-margin-bottom-20\"><img loading=\"lazy\" decoding=\"async\" width=\"4032\" height=\"3024\" src=\"https:\/\/ntnui.no\/toppturogfrikjoring\/wp-content\/uploads\/sites\/229\/2022\/09\/IMG_2485-copy.jpg\" alt=\"\" data-id=\"2499\" data-link=\"https:\/\/ntnui.no\/toppturogfrikjoring\/?attachment_id=2499\" class=\"wp-image-2499 has-shadow-none\" \/><figcaption class=\"blockgallery--caption\"><em>Sunndalskratt<\/em><\/figcaption><\/figure><\/li><li class=\"blockgallery--item\"><figure class=\"blockgallery--figure has-margin-bottom-20\"><img loading=\"lazy\" decoding=\"async\" width=\"5472\" height=\"3648\" src=\"https:\/\/ntnui.no\/toppturogfrikjoring\/wp-content\/uploads\/sites\/229\/2022\/09\/P1050070-copy.jpg\" alt=\"\" data-id=\"2502\" data-link=\"https:\/\/ntnui.no\/toppturogfrikjoring\/?attachment_id=2502\" class=\"wp-image-2502 has-shadow-none\" \/><figcaption class=\"blockgallery--caption\"><em>I bakken opp fra Ho\u00e5s. Flanken er en terrengfelle og det kan v\u00e6re utglidningsfare hvis f\u00f8ret er hardt nok.<\/em><\/figcaption><\/figure><\/li><li class=\"blockgallery--item\"><figure class=\"blockgallery--figure has-margin-bottom-20\"><img loading=\"lazy\" decoding=\"async\" width=\"5472\" height=\"3648\" src=\"https:\/\/ntnui.no\/toppturogfrikjoring\/wp-content\/uploads\/sites\/229\/2022\/09\/P1050074-copy.jpg\" alt=\"\" data-id=\"2500\" data-link=\"https:\/\/ntnui.no\/toppturogfrikjoring\/?attachment_id=2500\" class=\"wp-image-2500 has-shadow-none\" \/><figcaption class=\"blockgallery--caption\"><em>Kongskrona i skyene i bakgrunnen<\/em><\/figcaption><\/figure><\/li><li class=\"blockgallery--item\"><figure class=\"blockgallery--figure has-margin-bottom-20\"><img loading=\"lazy\" decoding=\"async\" width=\"5472\" height=\"3648\" src=\"https:\/\/ntnui.no\/toppturogfrikjoring\/wp-content\/uploads\/sites\/229\/2022\/09\/P1050106-copy.jpg\" alt=\"\" data-id=\"2518\" data-link=\"https:\/\/ntnui.no\/toppturogfrikjoring\/2-3-2-kongskrona-fra-sunndalen\/p1050106-copy\/\" class=\"wp-image-2518 has-shadow-none\" \/><figcaption class=\"blockgallery--caption\"><em>Omtrentlig veivalg siste motbakken. I toppen kan en g\u00e5 mer h\u00f8yre for \u00e5 f\u00e5 en slakere men ogs\u00e5 mer oppsprukken bre.<\/em><\/figcaption><\/figure><\/li><\/ul><\/div>\n\n\n\n<p><\/p>\n","protected":false},"excerpt":{"rendered":"<p>Ruta opp fra Ho\u00e5s i Sunndalen er et mindre brukt og en del mer knotete alternativ til normalruta. Fordelen er at breene den krysser har mindre sprekker og kj\u00f8returen fra Trondheim er noe kortere som gj\u00f8r den mer egna tidlig i sesongen. Parker der sommerstien starter og f\u00f8lg den. Fra rundt 300moh er det mulig [&hellip;]<\/p>\n","protected":false},"author":388,"featured_media":0,"parent":0,"menu_order":0,"comment_status":"closed","ping_status":"closed","template":"","meta":{"inline_featured_image":false,"_coblocks_attr":"","_coblocks_dimensions":"","_coblocks_responsive_height":"","_coblocks_accordion_ie_support":"","_price":"","_stock":"","_tribe_ticket_header":"","_tribe_default_ticket_provider":"","_tribe_ticket_capacity":"0","_ticket_start_date":"","_ticket_end_date":"","_tribe_ticket_show_description":"","_tribe_ticket_show_not_going":false,"_tribe_ticket_use_global_stock":"","_tribe_ticket_global_stock_level":"","_global_stock_mode":"","_global_stock_cap":"","_tribe_rsvp_for_event":"","_tribe_ticket_going_count":"","_tribe_ticket_not_going_count":"","_tribe_tickets_list":[],"_tribe_ticket_has_attendee_info_fields":false,"footnotes":""},"class_list":["post-2498","page","type-page","status-publish","hentry"],"featured_image_src":null,"featured_image_src_square":null,"_links":{"self":[{"href":"https:\/\/ntnui.no\/toppturogfrikjoring\/wp-json\/wp\/v2\/pages\/2498","targetHints":{"allow":["GET"]}}],"collection":[{"href":"https:\/\/ntnui.no\/toppturogfrikjoring\/wp-json\/wp\/v2\/pages"}],"about":[{"href":"https:\/\/ntnui.no\/toppturogfrikjoring\/wp-json\/wp\/v2\/types\/page"}],"author":[{"embeddable":true,"href":"https:\/\/ntnui.no\/toppturogfrikjoring\/wp-json\/wp\/v2\/users\/388"}],"replies":[{"embeddable":true,"href":"https:\/\/ntnui.no\/toppturogfrikjoring\/wp-json\/wp\/v2\/comments?post=2498"}],"version-history":[{"count":6,"href":"https:\/\/ntnui.no\/toppturogfrikjoring\/wp-json\/wp\/v2\/pages\/2498\/revisions"}],"predecessor-version":[{"id":4082,"href":"https:\/\/ntnui.no\/toppturogfrikjoring\/wp-json\/wp\/v2\/pages\/2498\/revisions\/4082"}],"wp:attachment":[{"href":"https:\/\/ntnui.no\/toppturogfrikjoring\/wp-json\/wp\/v2\/media?parent=2498"}],"curies":[{"name":"wp","href":"https:\/\/api.w.org\/{rel}","templated":true}]}}