{"id":2491,"date":"2022-09-01T10:37:32","date_gmt":"2022-09-01T08:37:32","guid":{"rendered":"https:\/\/ntnui.no\/toppturogfrikjoring\/?page_id=2491"},"modified":"2023-10-19T12:26:01","modified_gmt":"2023-10-19T10:26:01","slug":"2-3-3-kongskrona-via-dronningkrona","status":"publish","type":"page","link":"https:\/\/ntnui.no\/toppturogfrikjoring\/2-3-3-kongskrona-via-dronningkrona\/","title":{"rendered":"2.3.3 Kongskrona via Dronningkrona"},"content":{"rendered":"\n<p>Ved \u00e5 rappellere ned fra Dronningkrona er det mulig \u00e5 kombinere den og Kongskrona i en tur. P\u00e5 grunn av bresmeltinga er rappellen n\u00e5 litt over 60m lang, s\u00e5 det kan v\u00e6re lurt \u00e5 forlenge rappellfestet med et par meter, eventuelt dele rappellen i to. \u00c5 klyve ned den siste biten er ogs\u00e5 mulig.<\/p>\n\n\n\n<div class=\"wp-block-coblocks-alert has-text-color has-dark-black-color has-text-align-left has-background is-style-warning\" style=\"background-color:#cecece;font-size:17px\" aria-label=\"Alert section of type warning\"><p class=\"wp-block-coblocks-alert__title\"><strong>Vanskelighetsgrad:<\/strong>\u2026.\u2605\u2605\u2605\u2605<br><strong>Lengde:<\/strong>\u2026\u2026\u2026\u2026&#8230;..\u2026\u20261800 hm, 17 km<br><strong>Bratteste helning:<\/strong>\u2026\u202640\u00b0<br><strong>Faremomenter:<\/strong>\u2026\u2026.\u2026skred, bresprekker<\/p><\/div>\n\n\n\n<p>Rappellfestet finner du helt i sydspissen av toppunktet. Som regel ligger det gamle slynger her. Rappeller ned den \u00f8stvendte renna. Kryss breen bort til normalruta og f\u00f8lg den til topps.<\/p>\n\n\n\n<figure class=\"wp-block-image size-large is-resized\"><a href=\"https:\/\/ntnui.no\/toppturogfrikjoring\/wp-content\/uploads\/sites\/229\/2023\/10\/KongsKrona.png\"><img loading=\"lazy\" decoding=\"async\" src=\"https:\/\/ntnui.no\/toppturogfrikjoring\/wp-content\/uploads\/sites\/229\/2023\/10\/KongsKrona.png\" alt=\"\" class=\"wp-image-4080\" width=\"1450\" height=\"1792\" \/><\/a><figcaption>Sjekk Dronning krona kartet for mer n\u00f8ye tur den delen av veien <\/figcaption><\/figure>\n\n\n\n<div class=\"wp-block-blockgallery-stacked alignfull\"><ul class=\"blockgallery has-caption-color has-background has-light-gray-background-color has-padding has-padding-30 has-padding-mobile-30 has-dark-black-color has-fullwidth-images has-margin\"><li class=\"blockgallery--item\"><figure class=\"blockgallery--figure has-margin-bottom-20\"><img loading=\"lazy\" decoding=\"async\" width=\"3660\" height=\"3024\" src=\"https:\/\/ntnui.no\/toppturogfrikjoring\/wp-content\/uploads\/sites\/229\/2022\/09\/1E99668B-C491-4A63-96AB-72226F25C086-copy.jpg\" alt=\"\" data-id=\"2484\" data-link=\"https:\/\/ntnui.no\/toppturogfrikjoring\/innerdalen-viromdalen\/1e99668b-c491-4a63-96ab-72226f25c086-copy\/\" class=\"wp-image-2484 has-shadow-none\" \/><figcaption class=\"blockgallery--caption\"><em>Kongskrona i bakgrunnen. Foto: Oliver Danielsen<\/em><\/figcaption><\/figure><\/li><li class=\"blockgallery--item\"><figure class=\"blockgallery--figure has-margin-bottom-20\"><img loading=\"lazy\" decoding=\"async\" width=\"4032\" height=\"3024\" src=\"https:\/\/ntnui.no\/toppturogfrikjoring\/wp-content\/uploads\/sites\/229\/2022\/09\/484462AB-BBAB-419F-A764-9F65144EFDC2-copy.jpg\" alt=\"\" data-id=\"2492\" data-link=\"https:\/\/ntnui.no\/toppturogfrikjoring\/?attachment_id=2492\" class=\"wp-image-2492 has-shadow-none\" \/><figcaption class=\"blockgallery--caption\"><em>P\u00e5 breen mellom Kongen og Dronningen. Foto: Oliver Danielsen<\/em><\/figcaption><\/figure><\/li><\/ul><\/div>\n","protected":false},"excerpt":{"rendered":"<p>Ved \u00e5 rappellere ned fra Dronningkrona er det mulig \u00e5 kombinere den og Kongskrona i en tur. P\u00e5 grunn av bresmeltinga er rappellen n\u00e5 litt over 60m lang, s\u00e5 det kan v\u00e6re lurt \u00e5 forlenge rappellfestet med et par meter, eventuelt dele rappellen i to. \u00c5 klyve ned den siste biten er ogs\u00e5 mulig. Rappellfestet [&hellip;]<\/p>\n","protected":false},"author":388,"featured_media":0,"parent":0,"menu_order":0,"comment_status":"closed","ping_status":"closed","template":"","meta":{"inline_featured_image":false,"_coblocks_attr":"","_coblocks_dimensions":"","_coblocks_responsive_height":"","_coblocks_accordion_ie_support":"","_price":"","_stock":"","_tribe_ticket_header":"","_tribe_default_ticket_provider":"","_tribe_ticket_capacity":"0","_ticket_start_date":"","_ticket_end_date":"","_tribe_ticket_show_description":"","_tribe_ticket_show_not_going":false,"_tribe_ticket_use_global_stock":"","_tribe_ticket_global_stock_level":"","_global_stock_mode":"","_global_stock_cap":"","_tribe_rsvp_for_event":"","_tribe_ticket_going_count":"","_tribe_ticket_not_going_count":"","_tribe_tickets_list":[],"_tribe_ticket_has_attendee_info_fields":false,"footnotes":""},"class_list":["post-2491","page","type-page","status-publish","hentry"],"featured_image_src":null,"featured_image_src_square":null,"_links":{"self":[{"href":"https:\/\/ntnui.no\/toppturogfrikjoring\/wp-json\/wp\/v2\/pages\/2491","targetHints":{"allow":["GET"]}}],"collection":[{"href":"https:\/\/ntnui.no\/toppturogfrikjoring\/wp-json\/wp\/v2\/pages"}],"about":[{"href":"https:\/\/ntnui.no\/toppturogfrikjoring\/wp-json\/wp\/v2\/types\/page"}],"author":[{"embeddable":true,"href":"https:\/\/ntnui.no\/toppturogfrikjoring\/wp-json\/wp\/v2\/users\/388"}],"replies":[{"embeddable":true,"href":"https:\/\/ntnui.no\/toppturogfrikjoring\/wp-json\/wp\/v2\/comments?post=2491"}],"version-history":[{"count":6,"href":"https:\/\/ntnui.no\/toppturogfrikjoring\/wp-json\/wp\/v2\/pages\/2491\/revisions"}],"predecessor-version":[{"id":4084,"href":"https:\/\/ntnui.no\/toppturogfrikjoring\/wp-json\/wp\/v2\/pages\/2491\/revisions\/4084"}],"wp:attachment":[{"href":"https:\/\/ntnui.no\/toppturogfrikjoring\/wp-json\/wp\/v2\/media?parent=2491"}],"curies":[{"name":"wp","href":"https:\/\/api.w.org\/{rel}","templated":true}]}}