{"id":7492,"date":"2026-03-27T16:38:42","date_gmt":"2026-03-27T15:38:42","guid":{"rendered":"https:\/\/ntnui.no\/tindegruppa\/?post_type=product&#038;p=7492"},"modified":"2026-04-06T11:55:27","modified_gmt":"2026-04-06T09:55:27","slug":"boltekurs","status":"publish","type":"product","link":"https:\/\/ntnui.no\/tindegruppa\/product\/boltekurs\/","title":{"rendered":"Boltekurs"},"content":{"rendered":"<p>Det vil bli holdt boltekurs helgen den 11. og 12. April. Kurset vil i hovedsak v\u00e6re p\u00e5 Hardmoen, hvor det vil bli rebolting av rutene som er der, og muligens fullf\u00f8re delvis boltede ruter. Det vil ogs\u00e5 v\u00e6re en teorikveld p\u00e5 onsdagen 8. april fra 18:00 p\u00e5 Helgasetr. Dersom det er sv\u00e6rt d\u00e5rlig v\u00e6r, vil kurset bli utsatt til helgen etter. Mer informasjon om tidspunkt og sted for kurset vil komme ved p\u00e5melding.<\/p>\n<p>Dette er for deg som er gira p\u00e5 \u00e5 l\u00e6re \u00e5 bolte sportsruter ute, og som kan tenke seg \u00e5 bidra til \u00e5 utvikle og vedlikeholde diverse klatrefelt i Trondheimsomr\u00e5det og andre steder. Det er fordelaktig \u00e5 ha en del erfaring med klatring p\u00e5 forh\u00e5nd, og at man er gira p\u00e5 \u00e5 kunne drive med bolting\/rebolting p\u00e5 eget initiativ i fremtiden. Det er \u00f8nskelig at man kan bidra p\u00e5 minst en dugnad, mest sannsynlig p\u00e5 Hell, etter kurset.<\/p>\n<p>For mer informasjon om feltet kan man bes\u00f8ke f\u00f8lgende sider:<\/p>\n<p>https:\/\/www.thecrag.com\/en\/climbing\/norway\/mid-norway\/snillfjord\/area\/2294629053?fbclid=IwY2xjawQzWbNleHRuA2FlbQIxMQBzcnRjBmFwcF9pZAEwAAEeDXB_ME0pwVN_LWet3BtNX2eKOqTj_5AQCuqMx8RPkty3t83opLj2TUjxEeg_aem_gKaSVSlBHIy4rae4PVxw6A<\/p>\n<p>https:\/\/27crags.com\/crags\/hardmoen\/topos\/hardmoen?fbclid=IwY2xjawQzhT1leHRuA2FlbQIxMQBzcnRjBmFwcF9pZAEwAAEenJwmT0YAbDBtwGgnFmLNIztfmAO2wXvfNCrgnE6FClelHF87ymLnldvCtZc_aem_Ux59L5mQ1h2Qbac3QqiNAA<\/p>\n","protected":false},"excerpt":{"rendered":"<p>Boltekurs, l\u00e6re \u00e5 bolte\/rebolte sportsruter ute p\u00e5 en sikker m\u00e5te.<\/p>\n","protected":false},"featured_media":7494,"comment_status":"closed","ping_status":"closed","template":"","meta":{"_coblocks_attr":"","_coblocks_dimensions":"","_coblocks_responsive_height":"","_coblocks_accordion_ie_support":"","_price":"600","_stock":"1","_tribe_ticket_header":"","_tribe_default_ticket_provider":"","_tribe_ticket_capacity":"3","_ticket_start_date":"","_ticket_end_date":"","_tribe_ticket_show_description":"","_tribe_ticket_show_not_going":false,"_tribe_ticket_use_global_stock":"","_tribe_ticket_global_stock_level":"","_global_stock_mode":"","_global_stock_cap":"","_tribe_rsvp_for_event":"","_tribe_ticket_going_count":"","_tribe_ticket_not_going_count":"","_tribe_tickets_list":[],"_tribe_ticket_has_attendee_info_fields":false},"product_brand":[],"product_cat":[32,40,41,39],"product_tag":[],"class_list":{"0":"post-7492","1":"product","2":"type-product","3":"status-publish","4":"has-post-thumbnail","6":"product_cat-ukategorisert","7":"product_cat-arrangement","8":"product_cat-diverse","9":"product_cat-uncategorized","11":"first","12":"instock","13":"sold-individually","14":"shipping-taxable","15":"purchasable","16":"product-type-simple"},"_links":{"self":[{"href":"https:\/\/ntnui.no\/tindegruppa\/wp-json\/wp\/v2\/product\/7492","targetHints":{"allow":["GET"]}}],"collection":[{"href":"https:\/\/ntnui.no\/tindegruppa\/wp-json\/wp\/v2\/product"}],"about":[{"href":"https:\/\/ntnui.no\/tindegruppa\/wp-json\/wp\/v2\/types\/product"}],"replies":[{"embeddable":true,"href":"https:\/\/ntnui.no\/tindegruppa\/wp-json\/wp\/v2\/comments?post=7492"}],"wp:featuredmedia":[{"embeddable":true,"href":"https:\/\/ntnui.no\/tindegruppa\/wp-json\/wp\/v2\/media\/7494"}],"wp:attachment":[{"href":"https:\/\/ntnui.no\/tindegruppa\/wp-json\/wp\/v2\/media?parent=7492"}],"wp:term":[{"taxonomy":"product_brand","embeddable":true,"href":"https:\/\/ntnui.no\/tindegruppa\/wp-json\/wp\/v2\/product_brand?post=7492"},{"taxonomy":"product_cat","embeddable":true,"href":"https:\/\/ntnui.no\/tindegruppa\/wp-json\/wp\/v2\/product_cat?post=7492"},{"taxonomy":"product_tag","embeddable":true,"href":"https:\/\/ntnui.no\/tindegruppa\/wp-json\/wp\/v2\/product_tag?post=7492"}],"curies":[{"name":"wp","href":"https:\/\/api.w.org\/{rel}","templated":true}]}}