{"id":7014,"date":"2026-03-01T12:13:01","date_gmt":"2026-03-01T11:13:01","guid":{"rendered":"https:\/\/ntnui.no\/tindegruppa\/?post_type=product&#038;p=7014"},"modified":"2026-03-23T19:30:18","modified_gmt":"2026-03-23T18:30:18","slug":"grunnkurs-inne-18-og-19-mars","status":"publish","type":"product","link":"https:\/\/ntnui.no\/tindegruppa\/product\/grunnkurs-inne-18-og-19-mars\/","title":{"rendered":"Grunnkurs inne 23. og 24. mars"},"content":{"rendered":"<p>Grunnkurset er for deg som \u00f8nsker \u00e5 starte med tauklatring og ta brattkort. Kurset gir grunnleggende sikrings og klatrekunnskaper og mulighet for \u00e5 ta brattkorttesten.<\/p>\n<p>Kurset holdes fra 17.00 &#8211; 22.00 over to dager.<\/p>\n<p>Kurset vil bli avholdt p\u00e5 den ny klatreveggen p\u00e5 SiT \u00f8ya. Vangslunds Gate 2, 7030 Trondheim.<\/p>\n<p>Du m\u00e5 ha egen inngang hos Sit.<\/p>\n<p>Du f\u00e5r l\u00e5nt sele, tau og sko av Tindegruppa for kurset:)<\/p>\n<p><strong>OBS Bindende p\u00e5melding<\/strong><\/p>\n","protected":false},"excerpt":{"rendered":"<p>Grunnkurset er for deg som \u00f8nsker \u00e5 starte med tauklatring og ta brattkort. Kurset gir grunnleggende sikrings og klatrekunnskaper og mulighet for \u00e5 ta brattkorttesten.<\/p>\n<p>Kurset holdes fra 17.00 &#8211; 22.00 over to dager.<\/p>\n<p>Kurset vil bli avholdt p\u00e5 den ny klatreveggen p\u00e5 SiT \u00f8ya. Vangslunds Gate 2, 7030 Trondheim.<\/p>\n<p>Du m\u00e5 ha egen inngang hos Sit.<\/p>\n<p>&nbsp;<\/p>\n<p>&nbsp;<\/p>\n<p>&nbsp;<\/p>\n<p>&nbsp;<\/p>\n<p>&nbsp;<\/p>\n<p>&nbsp;<\/p>\n","protected":false},"featured_media":6343,"comment_status":"closed","ping_status":"closed","template":"","meta":{"_coblocks_attr":"","_coblocks_dimensions":"","_coblocks_responsive_height":"","_coblocks_accordion_ie_support":"","_price":"900","_stock":"8","_tribe_ticket_header":"","_tribe_default_ticket_provider":"","_tribe_ticket_capacity":"19","_ticket_start_date":"","_ticket_end_date":"","_tribe_ticket_show_description":"","_tribe_ticket_show_not_going":false,"_tribe_ticket_use_global_stock":"","_tribe_ticket_global_stock_level":"","_global_stock_mode":"","_global_stock_cap":"","_tribe_rsvp_for_event":"","_tribe_ticket_going_count":"","_tribe_ticket_not_going_count":"","_tribe_tickets_list":[],"_tribe_ticket_has_attendee_info_fields":false},"product_brand":[],"product_cat":[32,103,44],"product_tag":[],"class_list":{"0":"post-7014","1":"product","2":"type-product","3":"status-publish","4":"has-post-thumbnail","6":"product_cat-ukategorisert","7":"product_cat-grunnkurs","8":"product_cat-kurs","10":"first","11":"instock","12":"downloadable","13":"shipping-taxable","14":"purchasable","15":"product-type-simple"},"_links":{"self":[{"href":"https:\/\/ntnui.no\/tindegruppa\/wp-json\/wp\/v2\/product\/7014","targetHints":{"allow":["GET"]}}],"collection":[{"href":"https:\/\/ntnui.no\/tindegruppa\/wp-json\/wp\/v2\/product"}],"about":[{"href":"https:\/\/ntnui.no\/tindegruppa\/wp-json\/wp\/v2\/types\/product"}],"replies":[{"embeddable":true,"href":"https:\/\/ntnui.no\/tindegruppa\/wp-json\/wp\/v2\/comments?post=7014"}],"wp:featuredmedia":[{"embeddable":true,"href":"https:\/\/ntnui.no\/tindegruppa\/wp-json\/wp\/v2\/media\/6343"}],"wp:attachment":[{"href":"https:\/\/ntnui.no\/tindegruppa\/wp-json\/wp\/v2\/media?parent=7014"}],"wp:term":[{"taxonomy":"product_brand","embeddable":true,"href":"https:\/\/ntnui.no\/tindegruppa\/wp-json\/wp\/v2\/product_brand?post=7014"},{"taxonomy":"product_cat","embeddable":true,"href":"https:\/\/ntnui.no\/tindegruppa\/wp-json\/wp\/v2\/product_cat?post=7014"},{"taxonomy":"product_tag","embeddable":true,"href":"https:\/\/ntnui.no\/tindegruppa\/wp-json\/wp\/v2\/product_tag?post=7014"}],"curies":[{"name":"wp","href":"https:\/\/api.w.org\/{rel}","templated":true}]}}