{"id":1678,"date":"2019-01-30T21:42:51","date_gmt":"2019-01-30T20:42:51","guid":{"rendered":"https:\/\/ntnui.no\/tindegruppa\/?page_id=1678"},"modified":"2026-03-21T11:44:52","modified_gmt":"2026-03-21T10:44:52","slug":"bli-medlem","status":"publish","type":"page","link":"https:\/\/ntnui.no\/tindegruppa\/bli-medlem\/","title":{"rendered":"Bli medlem"},"content":{"rendered":"\n<div class=\"wp-block-blockgallery-carousel alignwide\"><div class=\"is-cropped blockgallery has-caption-style-dark has-horizontal-gutter\"><div class=\"has-carousel has-carousel-lrg\" style=\"height:400px\" data-flickity=\"{&quot;autoPlay&quot;:false,&quot;draggable&quot;:true,&quot;pageDots&quot;:false,&quot;prevNextButtons&quot;:true,&quot;wrapAround&quot;:true,&quot;arrowShape&quot;:{&quot;x0&quot;:10,&quot;x1&quot;:60,&quot;y1&quot;:50,&quot;x2&quot;:65,&quot;y2&quot;:45,&quot;x3&quot;:20}}\"><div class=\"blockgallery--item\"><figure class=\"blockgallery--figure has-margin-left-15 has-margin-left-mobile-15 has-margin-right-15 has-margin-right-mobile-15\"><img loading=\"lazy\" decoding=\"async\" width=\"660\" height=\"660\" src=\"https:\/\/ntnui.no\/tindegruppa-ny\/wp-content\/uploads\/sites\/261\/2018\/10\/30821278_2140340599314985_2764385080077178737_o-1-e1540235078435.jpg\" alt=\"\" data-id=\"1548\" data-link=\"https:\/\/ntnui.no\/tindegruppa-ny\/30821278_2140340599314985_2764385080077178737_o-1-2\/\" class=\"wp-image-1548\" srcset=\"https:\/\/ntnui.no\/tindegruppa\/wp-content\/uploads\/sites\/261\/2018\/10\/30821278_2140340599314985_2764385080077178737_o-1-e1540235078435.jpg 660w, https:\/\/ntnui.no\/tindegruppa\/wp-content\/uploads\/sites\/261\/2018\/10\/30821278_2140340599314985_2764385080077178737_o-1-e1540235078435-150x150.jpg 150w, https:\/\/ntnui.no\/tindegruppa\/wp-content\/uploads\/sites\/261\/2018\/10\/30821278_2140340599314985_2764385080077178737_o-1-e1540235078435-300x300.jpg 300w, https:\/\/ntnui.no\/tindegruppa\/wp-content\/uploads\/sites\/261\/2018\/10\/30821278_2140340599314985_2764385080077178737_o-1-e1540235078435-600x600.jpg 600w, https:\/\/ntnui.no\/tindegruppa\/wp-content\/uploads\/sites\/261\/2018\/10\/30821278_2140340599314985_2764385080077178737_o-1-e1540235078435-100x100.jpg 100w\" sizes=\"auto, (max-width: 660px) 100vw, 660px\" \/><\/figure><\/div><div class=\"blockgallery--item\"><figure class=\"blockgallery--figure has-margin-left-15 has-margin-left-mobile-15 has-margin-right-15 has-margin-right-mobile-15\"><img loading=\"lazy\" decoding=\"async\" width=\"683\" height=\"1024\" src=\"https:\/\/ntnui.no\/tindegruppa-ny\/wp-content\/uploads\/sites\/261\/2018\/10\/Ving-683x1024.jpg\" alt=\"\" data-id=\"1540\" data-link=\"https:\/\/ntnui.no\/tindegruppa-ny\/ving\/\" class=\"wp-image-1540\" srcset=\"https:\/\/ntnui.no\/tindegruppa\/wp-content\/uploads\/sites\/261\/2018\/10\/Ving-683x1024.jpg 683w, https:\/\/ntnui.no\/tindegruppa\/wp-content\/uploads\/sites\/261\/2018\/10\/Ving-200x300.jpg 200w, https:\/\/ntnui.no\/tindegruppa\/wp-content\/uploads\/sites\/261\/2018\/10\/Ving-768x1152.jpg 768w, https:\/\/ntnui.no\/tindegruppa\/wp-content\/uploads\/sites\/261\/2018\/10\/Ving-600x900.jpg 600w, https:\/\/ntnui.no\/tindegruppa\/wp-content\/uploads\/sites\/261\/2018\/10\/Ving.jpg 1280w\" sizes=\"auto, (max-width: 683px) 100vw, 683px\" \/><\/figure><\/div><div class=\"blockgallery--item\"><figure class=\"blockgallery--figure has-margin-left-15 has-margin-left-mobile-15 has-margin-right-15 has-margin-right-mobile-15\"><img loading=\"lazy\" decoding=\"async\" width=\"1024\" height=\"768\" src=\"https:\/\/ntnui.no\/tindegruppa-ny\/wp-content\/uploads\/sites\/261\/2018\/08\/16-1024x768.jpg\" alt=\"\" data-id=\"1256\" data-link=\"https:\/\/ntnui.no\/tindegruppa-ny\/16\/\" class=\"wp-image-1256\" srcset=\"https:\/\/ntnui.no\/tindegruppa\/wp-content\/uploads\/sites\/261\/2018\/08\/16-1024x768.jpg 1024w, https:\/\/ntnui.no\/tindegruppa\/wp-content\/uploads\/sites\/261\/2018\/08\/16-300x225.jpg 300w, https:\/\/ntnui.no\/tindegruppa\/wp-content\/uploads\/sites\/261\/2018\/08\/16-768x576.jpg 768w, https:\/\/ntnui.no\/tindegruppa\/wp-content\/uploads\/sites\/261\/2018\/08\/16-600x450.jpg 600w, https:\/\/ntnui.no\/tindegruppa\/wp-content\/uploads\/sites\/261\/2018\/08\/16.jpg 1200w\" sizes=\"auto, (max-width: 1024px) 100vw, 1024px\" \/><\/figure><\/div><div class=\"blockgallery--item\"><figure class=\"blockgallery--figure has-margin-left-15 has-margin-left-mobile-15 has-margin-right-15 has-margin-right-mobile-15\"><img loading=\"lazy\" decoding=\"async\" width=\"1024\" height=\"768\" src=\"https:\/\/ntnui.no\/tindegruppa-ny\/wp-content\/uploads\/sites\/261\/2018\/08\/19-1024x768.jpg\" alt=\"\" data-id=\"1254\" data-link=\"https:\/\/ntnui.no\/tindegruppa-ny\/19\/\" class=\"wp-image-1254\" srcset=\"https:\/\/ntnui.no\/tindegruppa\/wp-content\/uploads\/sites\/261\/2018\/08\/19-1024x768.jpg 1024w, https:\/\/ntnui.no\/tindegruppa\/wp-content\/uploads\/sites\/261\/2018\/08\/19-300x225.jpg 300w, https:\/\/ntnui.no\/tindegruppa\/wp-content\/uploads\/sites\/261\/2018\/08\/19-768x576.jpg 768w, https:\/\/ntnui.no\/tindegruppa\/wp-content\/uploads\/sites\/261\/2018\/08\/19-600x450.jpg 600w, https:\/\/ntnui.no\/tindegruppa\/wp-content\/uploads\/sites\/261\/2018\/08\/19.jpg 1200w\" sizes=\"auto, (max-width: 1024px) 100vw, 1024px\" \/><\/figure><\/div><div class=\"blockgallery--item\"><figure class=\"blockgallery--figure has-margin-left-15 has-margin-left-mobile-15 has-margin-right-15 has-margin-right-mobile-15\"><img loading=\"lazy\" decoding=\"async\" width=\"1024\" height=\"678\" src=\"https:\/\/ntnui.no\/tindegruppa-ny\/wp-content\/uploads\/sites\/261\/2018\/10\/Harbak2-kp-1024x678.jpg\" alt=\"\" data-id=\"1559\" data-link=\"https:\/\/ntnui.no\/tindegruppa-ny\/harbak2-kp\/\" class=\"wp-image-1559\" srcset=\"https:\/\/ntnui.no\/tindegruppa\/wp-content\/uploads\/sites\/261\/2018\/10\/Harbak2-kp-1024x678.jpg 1024w, https:\/\/ntnui.no\/tindegruppa\/wp-content\/uploads\/sites\/261\/2018\/10\/Harbak2-kp-300x199.jpg 300w, https:\/\/ntnui.no\/tindegruppa\/wp-content\/uploads\/sites\/261\/2018\/10\/Harbak2-kp-768x509.jpg 768w, https:\/\/ntnui.no\/tindegruppa\/wp-content\/uploads\/sites\/261\/2018\/10\/Harbak2-kp-1736x1150.jpg 1736w, https:\/\/ntnui.no\/tindegruppa\/wp-content\/uploads\/sites\/261\/2018\/10\/Harbak2-kp-600x397.jpg 600w\" sizes=\"auto, (max-width: 1024px) 100vw, 1024px\" \/><\/figure><\/div><div class=\"blockgallery--item\"><figure class=\"blockgallery--figure has-margin-left-15 has-margin-left-mobile-15 has-margin-right-15 has-margin-right-mobile-15\"><img loading=\"lazy\" decoding=\"async\" width=\"1024\" height=\"768\" src=\"https:\/\/ntnui.no\/tindegruppa-ny\/wp-content\/uploads\/sites\/261\/2018\/08\/selneskoia-1024x768.jpg\" alt=\"\" data-id=\"1311\" data-link=\"https:\/\/ntnui.no\/tindegruppa-ny\/selneskoia-2\/\" class=\"wp-image-1311\" srcset=\"https:\/\/ntnui.no\/tindegruppa\/wp-content\/uploads\/sites\/261\/2018\/08\/selneskoia-1024x768.jpg 1024w, https:\/\/ntnui.no\/tindegruppa\/wp-content\/uploads\/sites\/261\/2018\/08\/selneskoia-300x225.jpg 300w, https:\/\/ntnui.no\/tindegruppa\/wp-content\/uploads\/sites\/261\/2018\/08\/selneskoia-768x576.jpg 768w, https:\/\/ntnui.no\/tindegruppa\/wp-content\/uploads\/sites\/261\/2018\/08\/selneskoia-1736x1302.jpg 1736w, https:\/\/ntnui.no\/tindegruppa\/wp-content\/uploads\/sites\/261\/2018\/08\/selneskoia-600x450.jpg 600w, https:\/\/ntnui.no\/tindegruppa\/wp-content\/uploads\/sites\/261\/2018\/08\/selneskoia.jpg 2048w\" sizes=\"auto, (max-width: 1024px) 100vw, 1024px\" \/><\/figure><\/div><div class=\"blockgallery--item\"><figure class=\"blockgallery--figure has-margin-left-15 has-margin-left-mobile-15 has-margin-right-15 has-margin-right-mobile-15\"><img loading=\"lazy\" decoding=\"async\" width=\"2048\" height=\"1365\" src=\"https:\/\/ntnui.no\/tindegruppa-ny\/wp-content\/uploads\/sites\/261\/2019\/10\/31891063_2082553038681558_8099173418097704960_o.jpg\" alt=\"\" data-id=\"2444\" data-link=\"https:\/\/ntnui.no\/tindegruppa-ny\/bli-medlem\/31891063_2082553038681558_8099173418097704960_o-2\/\" class=\"wp-image-2444\" srcset=\"https:\/\/ntnui.no\/tindegruppa\/wp-content\/uploads\/sites\/261\/2019\/10\/31891063_2082553038681558_8099173418097704960_o.jpg 2048w, https:\/\/ntnui.no\/tindegruppa\/wp-content\/uploads\/sites\/261\/2019\/10\/31891063_2082553038681558_8099173418097704960_o-300x200.jpg 300w, https:\/\/ntnui.no\/tindegruppa\/wp-content\/uploads\/sites\/261\/2019\/10\/31891063_2082553038681558_8099173418097704960_o-768x512.jpg 768w, https:\/\/ntnui.no\/tindegruppa\/wp-content\/uploads\/sites\/261\/2019\/10\/31891063_2082553038681558_8099173418097704960_o-1024x683.jpg 1024w, https:\/\/ntnui.no\/tindegruppa\/wp-content\/uploads\/sites\/261\/2019\/10\/31891063_2082553038681558_8099173418097704960_o-600x400.jpg 600w, https:\/\/ntnui.no\/tindegruppa\/wp-content\/uploads\/sites\/261\/2019\/10\/31891063_2082553038681558_8099173418097704960_o-1736x1157.jpg 1736w\" sizes=\"auto, (max-width: 2048px) 100vw, 2048px\" \/><\/figure><\/div><\/div><\/div><\/div>\n\n\n\n<h2 class=\"wp-block-heading\">Fordeler med \u00e5 v\u00e6re TG-medlem:<\/h2>\n\n\n\n<ul class=\"wp-block-list\">\n<li>Tilgang til kurs arrangert av Tindegruppa<\/li>\n\n\n\n<li>Tilgang til \u00e5 leie utstyr (Eks. trad-rack, crashpads, slynger etc. <strong>Ikke personlig utstyr som sko, sele++)<\/strong><\/li>\n\n\n\n<li>Rabatt p\u00e5 tirsdagsbuldring (90kr)<\/li>\n\n\n\n<li>Rabatt hos VPG (sp\u00f8r oss om rabattkode)<\/li>\n\n\n\n<li>Reiserefusjon til samlinger arrangert av TG<\/li>\n<\/ul>\n\n\n\n<div class=\"wp-block-media-text alignwide is-stacked-on-mobile\"><figure class=\"wp-block-media-text__media\"><img loading=\"lazy\" decoding=\"async\" width=\"946\" height=\"1260\" src=\"https:\/\/ntnui.no\/tindegruppa\/wp-content\/uploads\/sites\/261\/2024\/09\/Screenshot-2024-09-26-at-14.45.13.png\" alt=\"\" class=\"wp-image-6050 size-full\" \/><\/figure><div class=\"wp-block-media-text__content\">\n<h2 class=\"wp-block-heading\">Hvordan bli TG-medlem:<\/h2>\n\n\n\n<p><strong>1. V\u00e6r medlem av NTNUI<\/strong><br>NTNUI-medlemsskap er inkludert i \u00e5rsabonnement hos Sit. Eller kan du kj\u00f8pe det separat p\u00e5 et av Sit sine treningssentere.<\/p>\n\n\n\n<div class=\"wp-block-atomic-blocks-ab-button ab-block-button\"><a href=\"https:\/\/ntnui.no\/blimedlem\/\" class=\"ab-button ab-button-shape-circular ab-button-size-medium\" style=\"color:#ffffff;background-color:#4ade30\">Bli NTNUI-medlem<\/a><\/div>\n\n\n\n<p><strong>2. Betal medlemskontigenten til TG<\/strong><br>Dette er et bel\u00f8p du betaler <strong>\u00e9n gang<\/strong> og deretter har et livslangt medlemsskap.<br>Medlemskontigent: 250NOK<br>Utvekslingselever: 150NOK<\/p>\n\n\n\n<div class=\"wp-block-atomic-blocks-ab-button ab-block-button\"><a href=\"https:\/\/ntnui.no\/tindegruppa\/product\/bli-medlem-2\/\" class=\"ab-button ab-button-shape-circular ab-button-size-medium\" style=\"color:#ffffff;background-color:#4ade30\">Vanlig medlemsskap<\/a><\/div>\n\n\n\n<div class=\"wp-block-atomic-blocks-ab-button ab-block-button\"><a href=\"https:\/\/ntnui.no\/tindegruppa\/product\/become-a-member\/\" class=\"ab-button ab-button-shape-circular ab-button-size-medium\" style=\"color:#ffffff;background-color:#4ade30\">Medlemsskap for utvekslingselever<\/a><\/div>\n\n\n\n<p><strong>3. Registrer deg i medlemsbasen<\/strong><br>Dette m\u00e5 gj\u00f8res ved starten av hvert kalender\u00e5r p\u00e5 medlem.ntnui.no<\/p>\n\n\n\n<div class=\"wp-block-atomic-blocks-ab-button ab-block-button\"><a href=\"https:\/\/medlem.ntnui.no\/groups\/tindegruppa\/\" class=\"ab-button ab-button-shape-circular ab-button-size-medium\" style=\"color:#ffffff;background-color:#4ade30\">Registrer deg<\/a><\/div>\n<\/div><\/div>\n","protected":false},"excerpt":{"rendered":"<p>Fordeler med \u00e5 v\u00e6re TG-medlem:<\/p>\n","protected":false},"author":134,"featured_media":0,"parent":0,"menu_order":0,"comment_status":"closed","ping_status":"closed","template":"","meta":{"_coblocks_attr":"","_coblocks_dimensions":"","_coblocks_responsive_height":"","_coblocks_accordion_ie_support":"","_price":"","_stock":"","_tribe_ticket_header":"","_tribe_default_ticket_provider":"","_tribe_ticket_capacity":"0","_ticket_start_date":"","_ticket_end_date":"","_tribe_ticket_show_description":"","_tribe_ticket_show_not_going":false,"_tribe_ticket_use_global_stock":"","_tribe_ticket_global_stock_level":"","_global_stock_mode":"","_global_stock_cap":"","_tribe_rsvp_for_event":"","_tribe_ticket_going_count":"","_tribe_ticket_not_going_count":"","_tribe_tickets_list":[],"_tribe_ticket_has_attendee_info_fields":false,"footnotes":""},"class_list":["post-1678","page","type-page","status-publish","hentry"],"featured_image_src":null,"featured_image_src_square":null,"ticketed":false,"_links":{"self":[{"href":"https:\/\/ntnui.no\/tindegruppa\/wp-json\/wp\/v2\/pages\/1678","targetHints":{"allow":["GET"]}}],"collection":[{"href":"https:\/\/ntnui.no\/tindegruppa\/wp-json\/wp\/v2\/pages"}],"about":[{"href":"https:\/\/ntnui.no\/tindegruppa\/wp-json\/wp\/v2\/types\/page"}],"author":[{"embeddable":true,"href":"https:\/\/ntnui.no\/tindegruppa\/wp-json\/wp\/v2\/users\/134"}],"replies":[{"embeddable":true,"href":"https:\/\/ntnui.no\/tindegruppa\/wp-json\/wp\/v2\/comments?post=1678"}],"version-history":[{"count":33,"href":"https:\/\/ntnui.no\/tindegruppa\/wp-json\/wp\/v2\/pages\/1678\/revisions"}],"predecessor-version":[{"id":7246,"href":"https:\/\/ntnui.no\/tindegruppa\/wp-json\/wp\/v2\/pages\/1678\/revisions\/7246"}],"wp:attachment":[{"href":"https:\/\/ntnui.no\/tindegruppa\/wp-json\/wp\/v2\/media?parent=1678"}],"curies":[{"name":"wp","href":"https:\/\/api.w.org\/{rel}","templated":true}]}}