{"id":1235,"date":"2018-08-30T16:17:09","date_gmt":"2018-08-30T14:17:09","guid":{"rendered":"https:\/\/ntnui.no\/tindegruppa\/?page_id=1235"},"modified":"2026-03-21T16:36:50","modified_gmt":"2026-03-21T15:36:50","slug":"info","status":"publish","type":"page","link":"https:\/\/ntnui.no\/tindegruppa\/info\/","title":{"rendered":"Om oss:)"},"content":{"rendered":"\n<div class=\"wp-block-media-text alignwide\"><figure class=\"wp-block-media-text__media\"><img loading=\"lazy\" decoding=\"async\" width=\"640\" height=\"427\" src=\"https:\/\/ntnui.no\/tindegruppa\/wp-content\/uploads\/sites\/261\/2026\/03\/20250907-DSC07801.png\" alt=\"\" class=\"wp-image-7408 size-full\" \/><\/figure><div class=\"wp-block-media-text__content\">\n<p><strong><a href=\"https:\/\/ntnui.no\/tindegruppa\/tindegruppas-historie\/\" data-type=\"page\" data-id=\"1279\">Tindegruppas historie<\/a><\/strong><\/p>\n\n\n\n<p>Tindegruppa ble stiftet i 1959, og var da Norges f\u00f8rste klatreklubb \u00e5pen for almuen. Fram til da hadde Norsk Tindeklub v\u00e6rt den eneste \u201cklatreklubben\u201d i landet, men her ble det stilt krav til nye medlemmer. Flere store personer og foregangsmenn i klatresporten har v\u00e6rt innom Tindegruppa opp gjennom tidene.<\/p>\n<\/div><\/div>\n\n\n\n<div class=\"wp-block-media-text alignwide has-media-on-the-right is-stacked-on-mobile\"><div class=\"wp-block-media-text__content\">\n<h3 class=\"wp-block-heading has-text-align-center has-custom-lineheight\" style=\"line-height:3\"><a href=\"https:\/\/ntnui.no\/tindegruppa\/styret-2\/\" data-type=\"page\" data-id=\"1439\">Styret<\/a><\/h3>\n\n\n\n<p>Ikke v\u00e6r redd for \u00e5 ta kontakt med gjengen i styret dersom du har noen spm!:)<\/p>\n\n\n\n<p><\/p>\n<\/div><figure class=\"wp-block-media-text__media\"><img loading=\"lazy\" decoding=\"async\" width=\"1284\" height=\"983\" src=\"https:\/\/ntnui.no\/tindegruppa\/wp-content\/uploads\/sites\/261\/2026\/03\/IMG_2053-2.jpeg\" alt=\"\" class=\"wp-image-7412 size-full\" \/><\/figure><\/div>\n\n\n\n<div class=\"wp-block-media-text alignwide is-stacked-on-mobile\"><figure class=\"wp-block-media-text__media\"><img loading=\"lazy\" decoding=\"async\" width=\"640\" height=\"427\" src=\"https:\/\/ntnui.no\/tindegruppa\/wp-content\/uploads\/sites\/261\/2026\/03\/20250906-DSC07686-1.png\" alt=\"\" class=\"wp-image-7413 size-full\" \/><\/figure><div class=\"wp-block-media-text__content\">\n<h3 class=\"wp-block-heading has-custom-lineheight\" style=\"line-height:3\"><a href=\"https:\/\/ntnui.no\/tindegruppa\/komiteer\/\" data-type=\"page\" data-id=\"7370\">Komiteer<\/a><\/h3>\n\n\n\n<ul class=\"wp-block-list\">\n<li>Tur komite<\/li>\n<\/ul>\n\n\n\n<ul class=\"wp-block-list\">\n<li>Sosial komite<\/li>\n<\/ul>\n<\/div><\/div>\n\n\n\n<div class=\"wp-block-columns alignwide is-layout-flex wp-container-core-columns-is-layout-1 wp-block-columns-is-layout-flex\">\n<div class=\"wp-block-column is-layout-flow wp-block-column-is-layout-flow\" style=\"flex-basis:45%\">\n<h3 class=\"wp-block-heading has-custom-lineheight\" style=\"line-height:3\"><a href=\"https:\/\/ntnui.no\/tindegruppa\/test-1\/\" data-type=\"page\" data-id=\"7257\">Merch<\/a><\/h3>\n\n\n\n<p>Vi har en haug med gr\u00f8nne t-skjorter.<\/p>\n\n\n\n<p><\/p>\n<\/div>\n<\/div>\n\n\n\n<div class=\"wp-block-columns alignwide is-layout-flex wp-container-core-columns-is-layout-2 wp-block-columns-is-layout-flex\">\n<div class=\"wp-block-column is-layout-flow wp-block-column-is-layout-flow\" style=\"flex-basis:45%\">\n<h3 class=\"wp-block-heading has-custom-lineheight\" style=\"line-height:3\">Anlegg<\/h3>\n\n\n\n<p>Dragwall ligger p\u00e5 Dragvoll Idrettssenter. 12 meter h\u00f8y klatrevegg med bolter for led og topptau. Klatring her krever brattkort og vi arrangerer nybegynnerkurs i starten hvert semester. Dersom du kan \u00e5 sikre led trygt, uten at du har brattkort, kan du ta brattkorttesten i forbindelse med tirsdagsklatring. Ta kontakt med oss p\u00e5 facebook om du \u00f8nsker dette.<\/p>\n\n\n\n<p>Vi har ogs\u00e5 et lite buldrerom p\u00e5 I-bygget som anbefales \u00e5 utforske.<\/p>\n\n\n\n<p>Adgang til anleggene krever vanlig medlemskap hos Sit Trening. I tillegg koster det 25 kr pr gang for \u00e5 klatre p\u00e5 Dragwall. Man kan kj\u00f8pe \u00e5rskort p\u00e5 Dragwall for 300 kr. Det betales i resepsjonen p\u00e5 Dragvoll Idrettsenter, og man m\u00e5 v\u00e6re medlem av TG for \u00e5 kj\u00f8pe \u00e5rskort.<\/p>\n<\/div>\n\n\n\n<div class=\"wp-block-column is-layout-flow wp-block-column-is-layout-flow\" style=\"flex-basis:45%\">\n<h3 class=\"wp-block-heading has-custom-lineheight\" style=\"line-height:3\">Utend\u00f8rsklatring<\/h3>\n\n\n\n<p>I omr\u00e5de rundt Trondheim er det gode muligheter for utend\u00f8rsklatring. De mest brukte feltene for sportsklatring er Hell og Korsvika. Korsvika er byn\u00e6rt, men ikke s\u00e5 stort. Hell er stort, men litt lenger \u00e5 kj\u00f8re (25 min). N\u00e5r det gjelder trad er St\u00f8ren (45 min kj\u00f8ring) det mest brukte av de byn\u00e6re feltene. Andre felt i n\u00e6rheten er Tikneppen, Trolla, Storvika og Olavsspranget. Informasjon om Storvika og Olavsspranget finner man p\u00e5 27crags. <\/p>\n\n\n\n<p>De andre feltene og mange flere, er beskrevet i f\u00f8reren Tr\u00f8nder Rock (skrevet av Tindegruppa).Det er flere gode omr\u00e5der for buldring utend\u00f8rs. Med sykkel\/buss kommer man seg lett til Trolla, Ila og Korsvika. Ved Harbak og Vingsand, begge nord for Trondheim, ligger noen av landets beste omr\u00e5der for buldring.<\/p>\n<\/div>\n<\/div>\n\n\n\n<h3 class=\"wp-block-heading has-custom-lineheight\" style=\"line-height:3\">Konkurranser<\/h3>\n\n\n\n<p>Konkurransene v\u00e5re er \u00e5pne for alle, uansett niv\u00e5. Fokuset er rett mot \u00e5 samle klatrere i Trondheim til klatrekonkurranser litt utenom det vanlig. Dagen avsluttes alltid med en fest. De faste konkurransene v\u00e5re er Midt-Norsk Studentmesterskap i oktober, og 3B \u2013 Buldring, benk og biceps i mars.<\/p>\n\n\n\n<figure class=\"wp-block-gallery has-nested-images columns-default is-cropped wp-block-gallery-1 is-layout-flex wp-block-gallery-is-layout-flex\">\n<figure class=\"wp-block-image size-large\"><img loading=\"lazy\" decoding=\"async\" width=\"2048\" height=\"2001\" data-id=\"7427\" src=\"https:\/\/ntnui.no\/tindegruppa\/wp-content\/uploads\/sites\/261\/2026\/03\/Bilde-92.jpeg\" alt=\"\" class=\"wp-image-7427\" \/><\/figure>\n<\/figure>\n\n\n\n<h3 class=\"wp-block-heading has-custom-lineheight\" style=\"line-height:3\">Barnslige gl\u00e6der<\/h3>\n\n\n\n<p>V\u00e5rt \u00e5rlige magasin med TG-historier fra n\u00e6rt og fjernt.<\/p>\n\n\n\n<figure class=\"wp-block-gallery has-nested-images columns-default is-cropped wp-block-gallery-2 is-layout-flex wp-block-gallery-is-layout-flex\">\n<figure class=\"wp-block-image size-large\"><img loading=\"lazy\" decoding=\"async\" width=\"6000\" height=\"4000\" data-id=\"7428\" src=\"https:\/\/ntnui.no\/tindegruppa\/wp-content\/uploads\/sites\/261\/2026\/03\/20250906-DSC07574-1.jpeg\" alt=\"\" class=\"wp-image-7428\" \/><\/figure>\n<\/figure>\n\n\n\n<p><\/p>\n","protected":false},"excerpt":{"rendered":"<p>Tindegruppas historie Tindegruppa ble stiftet i 1959, og var da Norges f\u00f8rste klatreklubb \u00e5pen for almuen. Fram til da hadde Norsk Tindeklub v\u00e6rt den eneste \u201cklatreklubben\u201d i landet, men her ble det stilt krav til nye medlemmer. Flere store personer og foregangsmenn i klatresporten har v\u00e6rt innom Tindegruppa opp gjennom tidene. Styret Ikke v\u00e6r redd [&hellip;]<\/p>\n","protected":false},"author":134,"featured_media":0,"parent":0,"menu_order":0,"comment_status":"closed","ping_status":"closed","template":"","meta":{"_coblocks_attr":"","_coblocks_dimensions":"","_coblocks_responsive_height":"","_coblocks_accordion_ie_support":"","_price":"","_stock":"","_tribe_ticket_header":"","_tribe_default_ticket_provider":"","_tribe_ticket_capacity":"0","_ticket_start_date":"","_ticket_end_date":"","_tribe_ticket_show_description":"","_tribe_ticket_show_not_going":false,"_tribe_ticket_use_global_stock":"","_tribe_ticket_global_stock_level":"","_global_stock_mode":"","_global_stock_cap":"","_tribe_rsvp_for_event":"","_tribe_ticket_going_count":"","_tribe_ticket_not_going_count":"","_tribe_tickets_list":[],"_tribe_ticket_has_attendee_info_fields":false,"footnotes":""},"class_list":["post-1235","page","type-page","status-publish","hentry"],"featured_image_src":null,"featured_image_src_square":null,"ticketed":false,"_links":{"self":[{"href":"https:\/\/ntnui.no\/tindegruppa\/wp-json\/wp\/v2\/pages\/1235","targetHints":{"allow":["GET"]}}],"collection":[{"href":"https:\/\/ntnui.no\/tindegruppa\/wp-json\/wp\/v2\/pages"}],"about":[{"href":"https:\/\/ntnui.no\/tindegruppa\/wp-json\/wp\/v2\/types\/page"}],"author":[{"embeddable":true,"href":"https:\/\/ntnui.no\/tindegruppa\/wp-json\/wp\/v2\/users\/134"}],"replies":[{"embeddable":true,"href":"https:\/\/ntnui.no\/tindegruppa\/wp-json\/wp\/v2\/comments?post=1235"}],"version-history":[{"count":13,"href":"https:\/\/ntnui.no\/tindegruppa\/wp-json\/wp\/v2\/pages\/1235\/revisions"}],"predecessor-version":[{"id":7431,"href":"https:\/\/ntnui.no\/tindegruppa\/wp-json\/wp\/v2\/pages\/1235\/revisions\/7431"}],"wp:attachment":[{"href":"https:\/\/ntnui.no\/tindegruppa\/wp-json\/wp\/v2\/media?parent=1235"}],"curies":[{"name":"wp","href":"https:\/\/api.w.org\/{rel}","templated":true}]}}