{"id":11,"date":"2019-01-10T17:36:42","date_gmt":"2019-01-10T17:36:42","guid":{"rendered":"https:\/\/ntnui.no\/svomming2\/?page_id=11"},"modified":"2026-04-18T08:21:13","modified_gmt":"2026-04-18T08:21:13","slug":"styret","status":"publish","type":"page","link":"https:\/\/ntnui.no\/svomming\/styret\/","title":{"rendered":"Styret"},"content":{"rendered":"\n<p>Her finner du en oversikt over styret i NTNUI Sv\u00f8mming. Ikke n\u00f8l med \u00e5 ta kontakt med oss!<\/p>\n\n\n\n<div class=\"wp-block-media-text alignwide has-media-on-the-right is-stacked-on-mobile is-style-default\"><div class=\"wp-block-media-text__content\">\n<p class=\"has-large-font-size\"><strong>Leder<\/strong><\/p>\n\n\n\n<p>M\u00e1t\u00e9 Oresk\u00f3<\/p>\n\n\n\n<p><a href=\"mailto:svomming-leder@ntnui.no\">svomming-leder@ntnui.no<\/a><\/p>\n\n\n\n<p>Lederens rolle er ansvarlig for den daglige driften av NTNUI Sv\u00f8mming og jobbe for sv\u00f8mmegruppens interesser. Leder er ansvarlig for \u00e5 arrangere styrem\u00f8ter med jevnlige mellomrom og \u00e5 f\u00f8lge opp arbeidet til resten av styret. Leder m\u00e5 i tillegg st\u00e5 som kantansvarlig p\u00e5 rundgang sammen med resten av styret. Dette er en krevende rolle som kan ta mye tid og dermed krever mye motivasjon. Lederen av sv\u00f8mmegruppa er ogs\u00e5 kontaktpersonen NTNUI har med Pirbadet, og mellom sv\u00f8mmegruppa og NTNUI hovedstyret.<\/p>\n<\/div><figure class=\"wp-block-media-text__media\"><img loading=\"lazy\" decoding=\"async\" width=\"6000\" height=\"4000\" src=\"https:\/\/ntnui.no\/svomming\/wp-content\/uploads\/sites\/301\/2026\/03\/DSC01209.jpg\" alt=\"\" class=\"wp-image-3021 size-full\" \/><\/figure><\/div>\n\n\n\n<div class=\"wp-block-media-text alignwide is-stacked-on-mobile is-style-default\"><figure class=\"wp-block-media-text__media\"><img loading=\"lazy\" decoding=\"async\" width=\"6000\" height=\"4000\" src=\"https:\/\/ntnui.no\/svomming\/wp-content\/uploads\/sites\/301\/2026\/03\/DSC01255.jpg\" alt=\"\" class=\"wp-image-3017 size-full\" \/><\/figure><div class=\"wp-block-media-text__content\">\n<p class=\"has-large-font-size\"><strong>Nestleder<\/strong><\/p>\n\n\n\n<p>Joakim Flaata Petersen<\/p>\n\n\n\n<p><a href=\"mailto:svomming-nestleder@ntnui.no\">svomming-nestleder@ntnui.no<\/a><\/p>\n\n\n\n<p>Nestleder er leders h\u00f8yre h\u00e5nd og skal ogs\u00e5 v\u00e6re tilgjengelig dersom kasserer trenger hjelp. Det er et fleksibelt og morsomt verv som man i stor grad kan forme selv, men det krever at man er villig til \u00e5 ta p\u00e5 seg en del arbeid og st\u00f8rre prosjekter. Som nestleder er man ogs\u00e5 teknisk ansvarlig p\u00e5 stevner.<\/p>\n\n\n\n<p>Nestledervervet er ellers et typisk potetverv, der man tar ansvar og hjelper til der det trengs. Dette gir stor variasjon i arbeidsoppgaver og et godt innblikk i det som skjer i sv\u00f8mmeklubben, i NTNUI generelt, h\u00f8yere opp i studentidretten og i Sv\u00f8mme-Norge. Nestleder m\u00e5 ogs\u00e5 st\u00e5 som kantansvarlig p\u00e5 rundgang med resten av styret, og har i tillegg rollen som barneidrettsansvarlig.<\/p>\n<\/div><\/div>\n\n\n\n<div class=\"wp-block-media-text alignwide has-media-on-the-right is-stacked-on-mobile is-style-default\" style=\"grid-template-columns:auto 48%\"><div class=\"wp-block-media-text__content\">\n<p class=\"has-large-font-size\"><strong>Kasserer<\/strong><\/p>\n\n\n\n<p>Solveig Ramstad<\/p>\n\n\n\n<p><a href=\"mailto:svomming-kasserer@ntnui.no\">svomming-kasserer@ntnui.no<\/a><\/p>\n\n\n\n<p>Kasserer er hovedansvarlig for \u00f8konomien til NTNUI Sv\u00f8mming. Noen av oppgavene til kasserer er \u00e5 betale sv\u00f8mmelisensen til alle medlemmene videre til Norges Sv\u00f8mmeforbund, behandle refusjoner, informere om \u00f8konomiske st\u00f8tter til medlemmene ift. reise, opphold og konkurranser, samt f\u00f8re regnskap som skal sendes videre til hovedstyret i NTNUI for godkjenning. Dette er et innholdsrik verv hvor man samarbeider mye med de andre rollene i styret. Som kasserer har man ogs\u00e5 ansvar for \u00e5 st\u00e5 kantansvarlig p\u00e5 rundgang sammen med resten av styret. <\/p>\n\n\n\n<p>Alle \u00f8konomisk relaterte sp\u00f8rsm\u00e5l skal sendes til kasserer p\u00e5 e-post.<\/p>\n<\/div><figure class=\"wp-block-media-text__media\"><img loading=\"lazy\" decoding=\"async\" width=\"6000\" height=\"4000\" src=\"https:\/\/ntnui.no\/svomming\/wp-content\/uploads\/sites\/301\/2026\/03\/DSC01207.jpg\" alt=\"\" class=\"wp-image-3018 size-full\" \/><\/figure><\/div>\n\n\n\n<div class=\"wp-block-media-text alignwide is-stacked-on-mobile is-style-default\"><figure class=\"wp-block-media-text__media\"><img loading=\"lazy\" decoding=\"async\" width=\"6000\" height=\"4000\" src=\"https:\/\/ntnui.no\/svomming\/wp-content\/uploads\/sites\/301\/2026\/04\/IMG_4908.jpeg\" alt=\"\" class=\"wp-image-3065 size-full\" \/><\/figure><div class=\"wp-block-media-text__content\">\n<p class=\"has-large-font-size\"><strong>Medlemsansvarlig<\/strong><\/p>\n\n\n\n<p>Elin Anna Norstr\u00f8m<\/p>\n\n\n\n<p><a href=\"mailto:svomming-medlem@ntnui.no\">svomming-medlem@ntnui.no<\/a><\/p>\n\n\n\n<p>Medlemsansvarlig s\u00f8rger for at medlemmene her gyldig lisens og medlemskap i NTNUI f\u00f8r de blir f\u00e5r tilgang inn til treningene v\u00e5re. Som medlemsansvarlig har man ogs\u00e5 ansvar for \u00e5 st\u00e5 kantansvarlig p\u00e5 rundgang sammen med resten av styret. <\/p>\n\n\n\n<p>Om du har noen sp\u00f8rsm\u00e5l ang\u00e5ende medlemskap som du ikke fant i&nbsp;<a href=\"https:\/\/ntnui.no\/svomming\/faq\/\">FAQ<\/a>, s\u00e5 send gjerne en e-post.<\/p>\n<\/div><\/div>\n\n\n\n<div class=\"wp-block-media-text alignwide has-media-on-the-right is-image-fill-element is-stacked-on-mobile is-style-default\"><div class=\"wp-block-media-text__content\">\n<p class=\"has-large-font-size\"><strong>Dommeransvarlig<\/strong><\/p>\n\n\n\n<p>\u00d8ystein Spangelo<\/p>\n\n\n\n<p><a href=\"mailto:svomming-dommer@ntnui.no\">svomming-dommer@ntnui.no<\/a><\/p>\n\n\n\n<p>\u00d8ystein Spangelo har v\u00e6rt en del av styret i NTNUI Sv\u00f8mming siden 1999. \u00d8ysteins tid i NTNUI er sv\u00e6rt imponerende, hvor han har v\u00e6rt i stillinger som styremedlem, nestleder, leder og i dag dommeransvarlig. Han er utdannet kretsdommer, forbundsdommer, starter og internasjonal dommer, og d\u00f8mmer p\u00e5 internasjonale mesterskap som Europalekene, Bergen Swim Festival, Ungdoms-OL og EM. Jevnlig utdanner han sv\u00f8mmere fra NTNUI og andre norske klubber til \u00e5 bli gode dommere i n\u00e6rmilj\u00f8et. Han er en representant i S\u00f8r-Tr\u00f8ndelag idrettskrets og er utnevnt til Ridder av NTNUIs ordenen.<\/p>\n\n\n\n<p>Om du har noen dommerrelaterte sp\u00f8rsm\u00e5l, s\u00e5 kan du sende en e-post.<\/p>\n<\/div><figure class=\"wp-block-media-text__media\"><img loading=\"lazy\" decoding=\"async\" width=\"1536\" height=\"2048\" src=\"https:\/\/ntnui.no\/svomming\/wp-content\/uploads\/sites\/301\/2025\/04\/Oystein.jpg\" alt=\"\" class=\"wp-image-1733 size-full\" style=\"object-position:62% 31%\" \/><\/figure><\/div>\n\n\n\n<div class=\"wp-block-media-text alignwide is-stacked-on-mobile is-style-default\"><figure class=\"wp-block-media-text__media\"><\/figure><div class=\"wp-block-media-text__content\">\n<p class=\"has-large-font-size\"><strong>Trener<\/strong><\/p>\n\n\n\n<p>Espen Tinius Roli S\u00f8rensen<\/p>\n\n\n\n<p><a href=\"mailto:svomming-trener@ntnui.no\">svomming-trener@ntnui.no<\/a><\/p>\n\n\n\n<p>Trener har ansvaret for \u00e5 skrive program, organisere kurs i ulike sv\u00f8mmearter og ta imot p\u00e5meldinger til lokale stevner. De lager programmer for hver sv\u00f8mmetrening og arrangerer lavterskel arrangementer i treningstiden. Som trener har man ogs\u00e5 ansvar for \u00e5 st\u00e5 kantansvarlig p\u00e5 rundgang sammen med resten av styret. Gjerne send meg b\u00e5de ris og ros p\u00e5 e-post.<\/p>\n<\/div><\/div>\n\n\n\n<div class=\"wp-block-media-text alignwide has-media-on-the-right is-stacked-on-mobile is-style-default\"><div class=\"wp-block-media-text__content\">\n<p class=\"has-large-font-size\"><strong>Arrangementansvarlig<\/strong><\/p>\n\n\n\n<p>Veronica Antonsen<\/p>\n\n\n\n<p><a href=\"mailto:svomming-arrangement@ntnui.no\">svomming-arrangement@ntnui.no<\/a><\/p>\n\n\n\n<p>Arrangementsleder har ansvar for alt av arrangement i NTNUI Sv\u00f8mming. Arrangering av koieturer, leirer, stevner og liknende. Som arrangementansvarlig har man ogs\u00e5 ansvar for \u00e5 st\u00e5 kantansvarlig p\u00e5 rundgang sammen med resten av styret. <\/p>\n\n\n\n<p>Hvis du har noen sp\u00f8rsm\u00e5l ang\u00e5ende arrangementer i NTNUI Sv\u00f8mming, s\u00e5 kan du sende en e-post.<\/p>\n<\/div><figure class=\"wp-block-media-text__media\"><img loading=\"lazy\" decoding=\"async\" width=\"6000\" height=\"4000\" src=\"https:\/\/ntnui.no\/svomming\/wp-content\/uploads\/sites\/301\/2026\/03\/DSC01298.jpg\" alt=\"\" class=\"wp-image-3019 size-full\" \/><\/figure><\/div>\n\n\n\n<div class=\"wp-block-media-text alignwide is-stacked-on-mobile is-style-default\"><figure class=\"wp-block-media-text__media\"><\/figure><div class=\"wp-block-media-text__content\">\n<p class=\"has-large-font-size\"><strong>Materialforvalter<\/strong><\/p>\n\n\n\n<p>Karoline \u00d8ien Bj\u00f8rgo<\/p>\n\n\n\n<p><a href=\"mailto:svomming-material@ntnui.no\">svomming-material@ntnui.no<\/a><\/p>\n\n\n\n<p>Materialforvalter er ansvarlig for alt utstyret og merchet til sv\u00f8mmegruppa. Hvis du har kj\u00f8pt en badehette er det jeg som tar den med p\u00e5 trening til deg. Som materialforvalter har man ogs\u00e5 ansvar for \u00e5 st\u00e5 kantansvarlig p\u00e5 rundgang sammen med resten av styret. <\/p>\n\n\n\n<p>Ikke n\u00f8l med \u00e5 komme til meg p\u00e5 trening, til vanlig sv\u00f8mmer jeg i en av de middels-raske banene \ud83d\ude0a<\/p>\n<\/div><\/div>\n\n\n\n<div class=\"wp-block-media-text alignwide has-media-on-the-right is-stacked-on-mobile is-style-default\" style=\"grid-template-columns:auto 43%\"><div class=\"wp-block-media-text__content\">\n<p class=\"has-large-font-size\"><strong>Senior styremedlem<\/strong><\/p>\n\n\n\n<p>Am\u00e9lie Nguyen<\/p>\n\n\n\n<p><a href=\"mailto:svomming-senior@ntnui.no\">svomming-senior@ntnui.no<\/a><\/p>\n\n\n\n<p>Senior Styremedlem har en viktig rolle for \u00e5 sikre kontinuitet og stabilitet i styret. Dette inkluderer \u00e5 ha ansvar for \u00e5 bidra med erfaring og kompetanse innenfor styrearbeid, tradisjoner i sv\u00f8mmegruppen, samt fungere som en mentor og veileder for andre styremedlemmer. Som senior har man ogs\u00e5 ansvar for \u00e5 st\u00e5 kantansvarlig p\u00e5 rundgang sammen med resten av styret. <\/p>\n\n\n\n<p>En av hovedoppgavene vil v\u00e6re \u00e5 sikre at styret fungerer effektivt og at det er god kommunikasjon og samarbeid mellom alle medlemmene, samt \u00e5 sikre at NTNUI Sv\u00f8mming f\u00f8lger NTNUIs vedtekter og retningslinjer.<\/p>\n<\/div><figure class=\"wp-block-media-text__media\"><\/figure><\/div>\n\n\n\n<div class=\"wp-block-media-text alignwide is-stacked-on-mobile is-style-default\" style=\"grid-template-columns:44% auto\"><figure class=\"wp-block-media-text__media\"><img loading=\"lazy\" decoding=\"async\" width=\"6000\" height=\"4000\" src=\"https:\/\/ntnui.no\/svomming\/wp-content\/uploads\/sites\/301\/2026\/03\/DSC01311.jpg\" alt=\"\" class=\"wp-image-3010 size-full\" \/><\/figure><div class=\"wp-block-media-text__content\">\n<p class=\"has-large-font-size\"><strong>PR-Ansvarlig<\/strong><\/p>\n\n\n\n<p>Sirianne Kristiansen<\/p>\n\n\n\n<p><a href=\"mailto:svomming-pr@ntnui.no\">svomming-pr@ntnui.no<\/a><\/p>\n\n\n\n<p>PR-ansvarlig har ansvar for promotering av NTNUI-sv\u00f8mming p\u00e5 stand og sosiale medier som instagram og facebook. Ser dere de med et kamera i h\u00e5nden, er det bare \u00e5 possere etter beste evne. Som PR-ansvarlig har man ogs\u00e5 ansvar for \u00e5 st\u00e5 kantansvarlig p\u00e5 rundgang sammen med resten av styret. <\/p>\n<\/div><\/div>\n\n\n\n<div class=\"wp-block-media-text alignwide has-media-on-the-right is-image-fill-element is-stacked-on-mobile is-style-default\"><div class=\"wp-block-media-text__content\">\n<p class=\"has-large-font-size\"><strong>Jubilarist<\/strong> <\/p>\n\n\n\n<p>Aleksey Koryachko<\/p>\n\n\n\n<p><a href=\"mailto:svomming-trener@ntnui.no\">svomming-jubilarist@ntnui.no<\/a><\/p>\n\n\n\n<p>Jubilaristen har hovedansvaret for \u00e5 planlegge og gjennomf\u00f8re jubileet, samt andre aktiviteter knyttet til markeringen. Et jubileum arrangeres ikke \u00e5rlig, og rollen som jubilarist er derfor kun aktiv i jubileums\u00e5r. I disse periodene inneb\u00e6rer ansvaret \u00e5 organisere arrangementet i sin helhet, inkludert planlegging, gjennomf\u00f8ring og finansiering.<\/p>\n\n\n\n<p><\/p>\n\n\n\n<p><\/p>\n\n\n\n<p><\/p>\n\n\n\n<p><\/p>\n\n\n\n<p><\/p>\n<\/div><figure class=\"wp-block-media-text__media\"><img loading=\"lazy\" decoding=\"async\" width=\"1536\" height=\"2048\" src=\"https:\/\/ntnui.no\/svomming\/wp-content\/uploads\/sites\/301\/2025\/04\/Alexey.jpg\" alt=\"\" class=\"wp-image-1734 size-full\" style=\"object-position:70% 22%\" \/><\/figure><\/div>\n\n\n\n<p><\/p>\n","protected":false},"excerpt":{"rendered":"<p>Her finner du en oversikt over styret i NTNUI Sv\u00f8mming. Ikke n\u00f8l med \u00e5 ta kontakt med oss! Leder M\u00e1t\u00e9 Oresk\u00f3 svomming-leder@ntnui.no Lederens rolle er ansvarlig for den daglige driften av NTNUI Sv\u00f8mming og jobbe for sv\u00f8mmegruppens interesser. Leder er ansvarlig for \u00e5 arrangere styrem\u00f8ter med jevnlige mellomrom og \u00e5 f\u00f8lge opp arbeidet til resten [&hellip;]<\/p>\n","protected":false},"author":7,"featured_media":0,"parent":0,"menu_order":0,"comment_status":"closed","ping_status":"closed","template":"","meta":{"_coblocks_attr":"","_coblocks_dimensions":"","_coblocks_responsive_height":"","_coblocks_accordion_ie_support":"","_price":"","_stock":"","_tribe_ticket_header":"","_tribe_default_ticket_provider":"","_tribe_ticket_capacity":"0","_ticket_start_date":"","_ticket_end_date":"","_tribe_ticket_show_description":"","_tribe_ticket_show_not_going":false,"_tribe_ticket_use_global_stock":"","_tribe_ticket_global_stock_level":"","_global_stock_mode":"","_global_stock_cap":"","_tribe_rsvp_for_event":"","_tribe_ticket_going_count":"","_tribe_ticket_not_going_count":"","_tribe_tickets_list":[],"_tribe_ticket_has_attendee_info_fields":false,"footnotes":""},"class_list":["post-11","page","type-page","status-publish","hentry"],"featured_image_src":null,"featured_image_src_square":null,"_links":{"self":[{"href":"https:\/\/ntnui.no\/svomming\/wp-json\/wp\/v2\/pages\/11","targetHints":{"allow":["GET"]}}],"collection":[{"href":"https:\/\/ntnui.no\/svomming\/wp-json\/wp\/v2\/pages"}],"about":[{"href":"https:\/\/ntnui.no\/svomming\/wp-json\/wp\/v2\/types\/page"}],"author":[{"embeddable":true,"href":"https:\/\/ntnui.no\/svomming\/wp-json\/wp\/v2\/users\/7"}],"replies":[{"embeddable":true,"href":"https:\/\/ntnui.no\/svomming\/wp-json\/wp\/v2\/comments?post=11"}],"version-history":[{"count":21,"href":"https:\/\/ntnui.no\/svomming\/wp-json\/wp\/v2\/pages\/11\/revisions"}],"predecessor-version":[{"id":3066,"href":"https:\/\/ntnui.no\/svomming\/wp-json\/wp\/v2\/pages\/11\/revisions\/3066"}],"wp:attachment":[{"href":"https:\/\/ntnui.no\/svomming\/wp-json\/wp\/v2\/media?parent=11"}],"curies":[{"name":"wp","href":"https:\/\/api.w.org\/{rel}","templated":true}]}}