{"id":7,"date":"2019-01-10T17:36:13","date_gmt":"2019-01-10T16:36:13","guid":{"rendered":"https:\/\/ntnui.no\/surf\/?page_id=7"},"modified":"2026-04-16T09:59:18","modified_gmt":"2026-04-16T08:59:18","slug":"forside","status":"publish","type":"page","link":"https:\/\/ntnui.no\/surf\/","title":{"rendered":"NTNUI Surf"},"content":{"rendered":"\n<div class=\"wp-block-group alignfull\"><div class=\"wp-block-group__inner-container is-layout-flow wp-block-group-is-layout-flow\">\n<figure class=\"wp-block-image alignfull size-large is-style-default\"><img loading=\"lazy\" decoding=\"async\" width=\"5184\" height=\"2497\" src=\"https:\/\/ntnui.no\/surf\/wp-content\/uploads\/sites\/237\/2024\/04\/sunset_surfer.jpg\" alt=\"\" class=\"wp-image-304\" \/><figcaption class=\"wp-element-caption\">BILDE: En surfer i solnedgangen p\u00e5 J\u00e6ren. Foto: Andrine Bergan<\/figcaption><\/figure>\n\n\n\n<div class=\"wp-block-group alignwide\"><div class=\"wp-block-group__inner-container is-layout-flow wp-block-group-is-layout-flow\">\n<div class=\"wp-block-group\"><div class=\"wp-block-group__inner-container is-layout-flow wp-block-group-is-layout-flow\">\n<div class=\"wp-block-group\"><div class=\"wp-block-group__inner-container is-layout-flow wp-block-group-is-layout-flow\">\n<div class=\"wp-block-group\"><div class=\"wp-block-group__inner-container is-layout-flow wp-block-group-is-layout-flow\"><\/div><\/div>\n<\/div><\/div>\n<\/div><\/div>\n<\/div><\/div>\n<\/div><\/div>\n\n\n\n<p class=\"has-text-align-center\">Velkommen til NTNUI Surf sin hjemmeside! Her kan du finne nyttig informasjon om v\u00e5re <a href=\"https:\/\/ntnui.no\/surf\/arrangementer\/\">planlagte turer<\/a> for semesteret, litt informasjon om <a href=\"https:\/\/ntnui.no\/surf\/om-oss\/\">hvem vi er<\/a>, og <a href=\"https:\/\/ntnui.no\/surf\/for-medlemmer\/\">nyttige ressurser<\/a> for v\u00e5re medlemmer. <\/p>\n\n\n\n<p class=\"has-text-align-center\">Husk \u00e5 sjekke ut v\u00e5r Facebookside eller Instagram for oppdateringer om aktiviteter og sosialt gjennom semesteret. Dersom du ikke bruker sosiale medier, send oss en mail, s\u00e5 kan vi oppdatere deg der! \ud83d\ude0a<\/p>\n\n\n\n<h1 class=\"wp-block-heading has-text-align-center\" id=\"H5\"><span style=\"color:#578b87\" class=\"has-inline-color\">Hva skjer h\u00f8sten 2026? \ud83d\uddd3\ufe0f<\/span><\/h1>\n\n\n\n<div class=\"wp-block-group\"><div class=\"wp-block-group__inner-container is-layout-flow wp-block-group-is-layout-flow\">\n<p class=\"has-text-align-center\">Til h\u00f8sten er gruppa 10 \u00e5r! Det fortjener en fest i h\u00f8st! <\/p>\n\n\n\n<p class=\"has-text-align-center\">Bla gjennom for \u00e5 se de ulike turene for h\u00f8stsemesteret 2026. P\u00e5melding til turene skjer via <a href=\"https:\/\/ntnui.no\/surf\/arrangementer\/\" data-type=\"page\" data-id=\"149\">arrangementsiden<\/a>, og vil bli annonsert p\u00e5 forh\u00e5nd.<\/p>\n\n\n\n<div style=\"color:#ddd\" class=\"wp-block-atomic-blocks-ab-spacer ab-block-spacer ab-divider-solid ab-divider-size-1\"><hr style=\"height:12px\" \/><\/div>\n\n\n\n<div class=\"wp-block-coblocks-events wp-block-coblocks-events-front-container\"><div class=\"wp-block-coblocks-front-events-swiper-container\"><div class=\"\">\n<div class=\"wp-block-coblocks-event-item swiper-slide\" data-page=\"undefined\"><div class=\"wp-block-coblocks-events__date\"><span class=\"wp-block-coblocks-events__day\">11.-14.<\/span><div><span class=\"wp-block-coblocks-events__month\">September<\/span><span class=\"wp-block-coblocks-events__year\">2026<\/span><\/div><\/div><div class=\"wp-block-coblocks-events__content\"><span class=\"wp-block-coblocks-events__title\">Tur til Hoddevik \ud83c\udf0a<\/span><span class=\"wp-block-coblocks-events__description\">Semesterets f\u00f8rste tur til Hoddevik!<\/span><\/div><div class=\"wp-block-coblocks-events__details\"><span class=\"wp-block-coblocks-events__time\">P\u00e5melding<\/span><span class=\"wp-block-coblocks-events__location\">5.august kl.12:00<\/span><\/div><\/div>\n\n\n\n<div class=\"wp-block-coblocks-event-item swiper-slide\" data-page=\"undefined\"><div class=\"wp-block-coblocks-events__date\"><span class=\"wp-block-coblocks-events__day\">?<\/span><div><span class=\"wp-block-coblocks-events__month\">Oktober?<\/span><span class=\"wp-block-coblocks-events__year\">2026<\/span><\/div><\/div><div class=\"wp-block-coblocks-events__content\"><span class=\"wp-block-coblocks-events__title\">UTENLANDSTUR \ud83c\udf0a<\/span><span class=\"wp-block-coblocks-events__description\">Info i l\u00f8pet av v\u00e5rsemesteret<\/span><\/div><div class=\"wp-block-coblocks-events__details\"><span class=\"wp-block-coblocks-events__time\">P\u00e5melding<\/span><span class=\"wp-block-coblocks-events__location\">ila v\u00e5rsemesteret<\/span><\/div><\/div>\n\n\n\n<div class=\"wp-block-coblocks-event-item swiper-slide\" data-page=\"undefined\"><div class=\"wp-block-coblocks-events__date\"><span class=\"wp-block-coblocks-events__day\">22.-25.<\/span><div><span class=\"wp-block-coblocks-events__month\">Oktober<\/span><span class=\"wp-block-coblocks-events__year\">2026<\/span><\/div><\/div><div class=\"wp-block-coblocks-events__content\"><span class=\"wp-block-coblocks-events__title\">Tur til Hoddevik \ud83c\udf0a<\/span><span class=\"wp-block-coblocks-events__description\">Semesterets andre tur til Hoddevik!<\/span><\/div><div class=\"wp-block-coblocks-events__details\"><span class=\"wp-block-coblocks-events__time\">P\u00e5melding<\/span><span class=\"wp-block-coblocks-events__location\">Info kommer n\u00e6rmere<\/span><\/div><\/div>\n\n\n\n<div class=\"wp-block-coblocks-event-item swiper-slide\" data-page=\"undefined\"><div class=\"wp-block-coblocks-events__date\"><span class=\"wp-block-coblocks-events__day\">12.-15.<\/span><div><span class=\"wp-block-coblocks-events__month\">November<\/span><span class=\"wp-block-coblocks-events__year\">2026<\/span><\/div><\/div><div class=\"wp-block-coblocks-events__content\"><span class=\"wp-block-coblocks-events__title\">Tur til Hoddevik \ud83c\udf0a<\/span><span class=\"wp-block-coblocks-events__description\">Semesterets siste (og tredje) tur til Hoddevik!<\/span><\/div><div class=\"wp-block-coblocks-events__details\"><span class=\"wp-block-coblocks-events__time\">P\u00e5melding<\/span><span class=\"wp-block-coblocks-events__location\">Info kommer n\u00e6rmere <\/span><\/div><\/div>\n<\/div><\/div><button class=\"wp-coblocks-events-nav-button__prev\" id=\"wp-coblocks-event-swiper-prev\"><\/button><button class=\"wp-coblocks-events-nav-button__next\" id=\"wp-coblocks-event-swiper-next\"><\/button><\/div>\n\n\n\n<hr class=\"wp-block-coblocks-dynamic-separator is-style-line\" style=\"height:50px\" \/>\n\n\n\n<h3 class=\"wp-block-heading has-text-align-center\"><span style=\"color:#578b87\" class=\"has-inline-color\">F\u00f8lg oss p\u00e5 sosiale medier \ud83c\udfc4<\/span><\/h3>\n\n\n\n<div style=\"color:#ddd\" class=\"wp-block-atomic-blocks-ab-spacer ab-block-spacer ab-divider-solid ab-divider-size-1\"><hr style=\"height:22px\" \/><\/div>\n\n\n<div class=\"wp-block-coblocks-social wp-block-coblocks-social-profiles is-style-icon-and-text has-text-align-center has-colors has-button-size-lrg\"><ul><li><a href=\"https:\/\/www.facebook.com\/ntnuisurf\/\" title=\"Facebook\" class=\"wp-block-button__link wp-block-coblocks-social__button wp-block-coblocks-social__button--facebook has-padding\" style=\"border-radius:40px\" target=\"_blank\" rel=\"noopener noreferrer\"><span class=\"wp-block-coblocks-social__icon\"><\/span><span class=\"wp-block-coblocks-social__text\">Facebook<\/span><\/a><\/li><li><a href=\"https:\/\/www.instagram.com\/ntnuisurf\/\" title=\"Instagram\" class=\"wp-block-button__link wp-block-coblocks-social__button wp-block-coblocks-social__button--instagram has-padding\" style=\"border-radius:40px\" target=\"_blank\" rel=\"noopener noreferrer\"><span class=\"wp-block-coblocks-social__icon\"><\/span><span class=\"wp-block-coblocks-social__text\">Instagram<\/span><\/a><\/li><\/ul><\/div>\n\n\n<div class=\"wp-block-group\"><div class=\"wp-block-group__inner-container is-layout-flow wp-block-group-is-layout-flow\">\n<div style=\"color:#ddd\" class=\"wp-block-atomic-blocks-ab-spacer ab-block-spacer ab-divider-solid ab-divider-size-1\"><hr style=\"height:30px\" \/><\/div>\n<\/div><\/div>\n\n\n\n<div class=\"wp-block-group\"><div class=\"wp-block-group__inner-container is-layout-flow wp-block-group-is-layout-flow\"><\/div><\/div>\n\n\n\n<figure class=\"wp-block-image size-large is-style-default\"><img loading=\"lazy\" decoding=\"async\" width=\"1242\" height=\"932\" src=\"https:\/\/ntnui.no\/surf\/wp-content\/uploads\/sites\/237\/2021\/03\/IMG_9231.jpg\" alt=\"\" class=\"wp-image-73\" \/><figcaption class=\"wp-element-caption\">BILDE: NTNUI Surf har padletrening p\u00e5 Skansen i Trondheim<\/figcaption><\/figure>\n<\/div><\/div>\n\n\n\n<hr class=\"wp-block-coblocks-dynamic-separator is-style-line\" style=\"height:50px\" \/>\n\n\n\n<h1 class=\"wp-block-heading has-text-align-center\"><span style=\"color:#578b87\" class=\"has-inline-color\">Sp\u00f8rsm\u00e5l?<\/span><\/h1>\n\n\n\n<p><\/p>\n\n\n\n<p class=\"has-text-align-center\" style=\"font-size:24px\">Har du sp\u00f8rsm\u00e5l? Ta gjerne kontakt med oss p\u00e5 mail:<\/p>\n\n\n\n<p class=\"has-text-align-center has-large-font-size\"><a href=\"mailto:surf@ntnui.no\" data-type=\"mailto\" data-id=\"mailto:surf@ntnui.no\">surf@ntnui.no<\/a><\/p>\n","protected":false},"excerpt":{"rendered":"<p>Velkommen til NTNUI Surf sin hjemmeside! Her kan du finne nyttig informasjon om v\u00e5re planlagte turer for semesteret, litt informasjon om hvem vi er, og nyttige ressurser for v\u00e5re medlemmer. Husk \u00e5 sjekke ut v\u00e5r Facebookside eller Instagram for oppdateringer om aktiviteter og sosialt gjennom semesteret. Dersom du ikke bruker sosiale medier, send oss en [&hellip;]<\/p>\n","protected":false},"author":598,"featured_media":0,"parent":0,"menu_order":0,"comment_status":"closed","ping_status":"closed","template":"","meta":{"_coblocks_attr":"ArialTimes New Roman,Anton,Arvo,Asap Condensed,Barlow,Cormorant Garamond,Faustina,IBM Plex Sans,Heebo,Open Sans,Playfair Display,Roboto,Tajawal,Yrsa,Abril Fatface,,Barlow Condensed","_coblocks_dimensions":"","_coblocks_responsive_height":"","_coblocks_accordion_ie_support":"","_price":"","_stock":"","_tribe_ticket_header":"","_tribe_default_ticket_provider":"","_tribe_ticket_capacity":"0","_ticket_start_date":"","_ticket_end_date":"","_tribe_ticket_show_description":"","_tribe_ticket_show_not_going":false,"_tribe_ticket_use_global_stock":"","_tribe_ticket_global_stock_level":"","_global_stock_mode":"","_global_stock_cap":"","_tribe_rsvp_for_event":"","_tribe_ticket_going_count":"","_tribe_ticket_not_going_count":"","_tribe_tickets_list":[],"_tribe_ticket_has_attendee_info_fields":false,"footnotes":""},"class_list":["post-7","page","type-page","status-publish","hentry"],"featured_image_src":null,"featured_image_src_square":null,"jetpack_sharing_enabled":true,"_links":{"self":[{"href":"https:\/\/ntnui.no\/surf\/wp-json\/wp\/v2\/pages\/7","targetHints":{"allow":["GET"]}}],"collection":[{"href":"https:\/\/ntnui.no\/surf\/wp-json\/wp\/v2\/pages"}],"about":[{"href":"https:\/\/ntnui.no\/surf\/wp-json\/wp\/v2\/types\/page"}],"author":[{"embeddable":true,"href":"https:\/\/ntnui.no\/surf\/wp-json\/wp\/v2\/users\/598"}],"replies":[{"embeddable":true,"href":"https:\/\/ntnui.no\/surf\/wp-json\/wp\/v2\/comments?post=7"}],"version-history":[{"count":48,"href":"https:\/\/ntnui.no\/surf\/wp-json\/wp\/v2\/pages\/7\/revisions"}],"predecessor-version":[{"id":513,"href":"https:\/\/ntnui.no\/surf\/wp-json\/wp\/v2\/pages\/7\/revisions\/513"}],"wp:attachment":[{"href":"https:\/\/ntnui.no\/surf\/wp-json\/wp\/v2\/media?parent=7"}],"curies":[{"name":"wp","href":"https:\/\/api.w.org\/{rel}","templated":true}]}}