{"id":70,"date":"2019-10-11T11:15:26","date_gmt":"2019-10-11T11:15:26","guid":{"rendered":"https:\/\/ntnui.no\/sjakk\/?page_id=70"},"modified":"2026-01-14T10:34:09","modified_gmt":"2026-01-14T10:34:09","slug":"f-a-q","status":"publish","type":"page","link":"https:\/\/ntnui.no\/sjakk\/f-a-q\/","title":{"rendered":"F.A.Q."},"content":{"rendered":"\n<p><strong>Hvordan blir man medlem av NTNUI Sjakk?<\/strong><\/p>\n\n\n\n<p>Vi har ikke et eget medlemsregister, det er bare \u00e5 m\u00f8te opp p\u00e5 v\u00e5re sjakkvelder og delta!<\/p>\n\n\n\n<p><strong>Hvor mye koster det \u00e5 spille med NTNUI Sjakk?<\/strong><\/p>\n\n\n\n<p>Ingenting!<\/p>\n\n\n\n<p><strong>Hvor god m\u00e5 man v\u00e6re for \u00e5 spille med NTNUI Sjakk?<\/strong><\/p>\n\n\n\n<p>Du burde kjenne til reglene i sjakk, men det er ingen krav om ferdighetsniv\u00e5. <\/p>\n\n\n\n<p><strong>Kan man f\u00e5 rating av \u00e5 spille med NTNUI Sjakk?<\/strong><\/p>\n\n\n\n<p>NTNUI Sjakk er medlem i NSF og det er mulig \u00e5 f\u00e5 rating ved \u00e5 delta i offisielle turneringer, som blant annet NTNUI arrangerer fra tid til annen. For \u00e5 bli medlem i NSF-klubben, ta kontakt med sjakk-kasserer@ntnui.no<\/p>\n\n\n\n<p><\/p>\n","protected":false},"excerpt":{"rendered":"<p>Hvordan blir man medlem av NTNUI Sjakk? Vi har ikke et eget medlemsregister, det er bare \u00e5 m\u00f8te opp p\u00e5 v\u00e5re sjakkvelder og delta! Hvor mye koster det \u00e5 spille med NTNUI Sjakk? Ingenting! Hvor god m\u00e5 man v\u00e6re for \u00e5 spille med NTNUI Sjakk? Du burde kjenne til reglene i sjakk, men det er [&hellip;]<\/p>\n","protected":false},"author":168,"featured_media":0,"parent":0,"menu_order":0,"comment_status":"closed","ping_status":"closed","template":"","meta":{"_coblocks_attr":"","_coblocks_dimensions":"","_coblocks_responsive_height":"","_coblocks_accordion_ie_support":"","_price":"","_stock":"","_tribe_ticket_header":"","_tribe_default_ticket_provider":"","_tribe_ticket_capacity":"0","_ticket_start_date":"","_ticket_end_date":"","_tribe_ticket_show_description":"","_tribe_ticket_show_not_going":false,"_tribe_ticket_use_global_stock":"","_tribe_ticket_global_stock_level":"","_global_stock_mode":"","_global_stock_cap":"","_tribe_rsvp_for_event":"","_tribe_ticket_going_count":"","_tribe_ticket_not_going_count":"","_tribe_tickets_list":[],"_tribe_ticket_has_attendee_info_fields":false,"_EventAllDay":false,"_EventTimezone":"","_EventStartDate":"","_EventEndDate":"","_EventStartDateUTC":"","_EventEndDateUTC":"","_EventShowMap":false,"_EventShowMapLink":false,"_EventURL":"","_EventCost":"","_EventCostDescription":"","_EventCurrencySymbol":"","_EventCurrencyPosition":"","_EventDateTimeSeparator":"","_EventTimeRangeSeparator":"","_EventOrganizerID":[],"_EventVenueID":0,"_OrganizerEmail":"","_OrganizerPhone":"","_OrganizerWebsite":"","_VenueAddress":"","_VenueCity":"","_VenueCountry":"","_VenueProvince":"","_VenueZip":"","_VenuePhone":"","_VenueURL":"","_VenueStateProvince":"","_VenueLat":"","_VenueLng":"","footnotes":""},"class_list":["post-70","page","type-page","status-publish","hentry"],"featured_image_src":null,"featured_image_src_square":null,"_links":{"self":[{"href":"https:\/\/ntnui.no\/sjakk\/wp-json\/wp\/v2\/pages\/70","targetHints":{"allow":["GET"]}}],"collection":[{"href":"https:\/\/ntnui.no\/sjakk\/wp-json\/wp\/v2\/pages"}],"about":[{"href":"https:\/\/ntnui.no\/sjakk\/wp-json\/wp\/v2\/types\/page"}],"author":[{"embeddable":true,"href":"https:\/\/ntnui.no\/sjakk\/wp-json\/wp\/v2\/users\/168"}],"replies":[{"embeddable":true,"href":"https:\/\/ntnui.no\/sjakk\/wp-json\/wp\/v2\/comments?post=70"}],"version-history":[{"count":4,"href":"https:\/\/ntnui.no\/sjakk\/wp-json\/wp\/v2\/pages\/70\/revisions"}],"predecessor-version":[{"id":166,"href":"https:\/\/ntnui.no\/sjakk\/wp-json\/wp\/v2\/pages\/70\/revisions\/166"}],"wp:attachment":[{"href":"https:\/\/ntnui.no\/sjakk\/wp-json\/wp\/v2\/media?parent=70"}],"curies":[{"name":"wp","href":"https:\/\/api.w.org\/{rel}","templated":true}]}}