{"id":23031,"date":"2022-01-06T12:38:44","date_gmt":"2022-01-06T11:38:44","guid":{"rendered":"https:\/\/ntnui.no\/roing\/?page_id=23031"},"modified":"2022-01-09T21:38:16","modified_gmt":"2022-01-09T20:38:16","slug":"teknisk-guide","status":"publish","type":"page","link":"https:\/\/ntnui.no\/roing\/nm\/teknisk-guide\/","title":{"rendered":"Teknisk guide"},"content":{"rendered":"\n<div class=\"wp-block-cover alignfull has-background-dim coblocks-animate\" style=\"background-image:url(https:\/\/ntnui.no\/roing\/wp-content\/uploads\/sites\/239\/2022\/01\/Skjermbilde-2022-01-06-kl.-16.45.05.png)\" data-coblocks-animation=\"slideInLeft\"><div class=\"wp-block-cover__inner-container is-layout-flow wp-block-cover-is-layout-flow\">\n<p class=\"has-text-align-left has-large-font-size has-custom-font has-custom-weight\" style=\"font-family:Arvo;font-weight:bold;font-size:53px\"><span class=\"has-inline-color has-light-gray-color\">Teknisk guide<\/span><\/p>\n<\/div><\/div>\n\n\n\n<p>Den digitale l\u00f8sningen som brukes til NM leveres av Time-Team, og legger til rette for sanntids konkurranseroing over hele Norge. Time-Team er godt testet og brukt av andre store ronasjoner som bla. Nederland, New Zeland og Australia. Det er i utgangspunktet veldig lett \u00e5 bruke, men noen praktiske hensyn m\u00e5 tas.<br>Vi ber om at klubbene setter inn i systemet s\u00e5 godt det lar seg gj\u00f8re f\u00f8r det tekniske m\u00f8tet. For \u00e5 v\u00e6re forberedt til selve konkurransedagen kreves det noe utstyr og litt forarbeid. Vi anbefaler p\u00e5 det sterkeste \u00e5 ikke vente til kvelden i forveien med \u00e5 dette. Nedenfor finnes en sjekkliste av hva klubbene trenger av utstyr og hva som m\u00e5 gj\u00f8res p\u00e5 forh\u00e5nd. Alle fremgangsm\u00e5ter st\u00e5r beskrevet i den detaljerte brukermanualen for systemet.<\/p>\n\n\n\n<hr class=\"wp-block-coblocks-dynamic-separator is-style-fullwidth\" style=\"height:50px\" \/>\n\n\n\n<div class=\"wp-block-columns is-layout-flex wp-container-core-columns-is-layout-1 wp-block-columns-is-layout-flex\">\n<div class=\"wp-block-column is-layout-flow wp-block-column-is-layout-flow\">\n<p><strong>TEKNISK M\u00d8TE<\/strong><br><strong>17. januar kl. 20.00 <\/strong>vil det v\u00e6re teknisk m\u00f8te. Her vil systemet bil gjennomg\u00e5tt og det blir mulighet til \u00e5 stille sp\u00f8rsm\u00e5l rundt det digitale, praktisk gjennomf\u00f8ring og trekning. Dette vil foreg\u00e5 p\u00e5 zoom, og link vil sendes ut til roklubbene<\/p>\n<\/div>\n\n\n\n<div class=\"wp-block-column is-layout-flow wp-block-column-is-layout-flow\">\n<p><strong>Utrstyrsliste: <\/strong><br>-Concept2 romaskin med PM3, PM4 eller PM5 display for racing,<br>-Laptop<br>-Internett<br>-USB A-B kabel<br>-(Gjerne) Lerret\/storskjerm for framvisning av livestream<\/p>\n<\/div>\n\n\n\n<div class=\"wp-block-column is-layout-flow wp-block-column-is-layout-flow\">\n<p><strong>Viktige lenker:<\/strong><\/p>\n\n\n\n<div class=\"wp-block-buttons is-layout-flex wp-block-buttons-is-layout-flex\">\n<div class=\"wp-block-button is-style-fill\"><a class=\"wp-block-button__link\" href=\"https:\/\/docs.google.com\/document\/d\/1X3od2glgtsdVCqg_k1ZME50Ax3enSdcvr3JNA-i8Ns0\/edit\" target=\"_blank\" rel=\"noreferrer noopener\">Brukermanual<\/a><\/div>\n\n\n\n<div class=\"wp-block-button is-style-fill\"><a class=\"wp-block-button__link\" href=\"https:\/\/time-team.nl\/en\/info\/products\/homerace-virtual-ergometer-rowing-racing\" target=\"_blank\" rel=\"noreferrer noopener\">TEAM TIME<\/a><\/div>\n\n\n\n<div class=\"wp-block-button is-style-fill\"><a class=\"wp-block-button__link\" href=\"https:\/\/youtu.be\/-TflWusAK0c\" target=\"_blank\" rel=\"noreferrer noopener\">Eksempelvideo<\/a><\/div>\n<\/div>\n<\/div>\n<\/div>\n\n\n\n<div class=\"wp-block-cover alignfull has-background-dim has-parallax\" style=\"background-image:url(https:\/\/ntnui.no\/roing\/wp-content\/uploads\/sites\/239\/2022\/01\/Skjermbilde-2022-01-06-kl.-14.53.43.png)\"><div class=\"wp-block-cover__inner-container is-layout-flow wp-block-cover-is-layout-flow\">\n<p class=\"has-custom-font\" style=\"font-family:Rubik;font-size:27px\"><strong>Sponsorer og samarbeidspartnere:<\/strong><\/p>\n\n\n\n<div class=\"wp-block-buttons is-layout-flex wp-block-buttons-is-layout-flex\">\n<div class=\"wp-block-button\"><a class=\"wp-block-button__link\" href=\"https:\/\/www.sparebank1.no\/nb\/smn\/privat.html\" target=\"_blank\" rel=\"noreferrer noopener\"><img loading=\"lazy\" decoding=\"async\" width=\"1018\" height=\"231\" class=\"wp-image-24193\" style=\"width: 500px\" src=\"https:\/\/ntnui.no\/roing\/wp-content\/uploads\/sites\/239\/2023\/01\/rgb_SB1_SMN_verti_bw_neg.png\" alt=\"\"><\/a><\/div>\n<\/div>\n\n\n\n<div class=\"wp-block-columns are-vertically-aligned-center is-layout-flex wp-container-core-columns-is-layout-2 wp-block-columns-is-layout-flex\">\n<div class=\"wp-block-column is-vertically-aligned-center is-layout-flow wp-block-column-is-layout-flow\">\n<div class=\"wp-block-buttons is-layout-flex wp-block-buttons-is-layout-flex\">\n<div class=\"wp-block-button\"><a class=\"wp-block-button__link has-medium-gray-background-color has-background\" style=\"border-radius:10px\"><img loading=\"lazy\" decoding=\"async\" width=\"575\" height=\"431\" class=\"wp-image-23074\" style=\"width: 150px\" src=\"https:\/\/ntnui.no\/roing\/wp-content\/uploads\/sites\/239\/2022\/01\/iad_7845450447115664850ci2_300dpi.png\" alt=\"\"><\/a><\/div>\n<\/div>\n<\/div>\n\n\n\n<div class=\"wp-block-column is-vertically-aligned-center is-layout-flow wp-block-column-is-layout-flow\">\n<div class=\"wp-block-buttons is-layout-flex wp-block-buttons-is-layout-flex\">\n<div class=\"wp-block-button\"><a class=\"wp-block-button__link has-medium-gray-background-color has-background\" style=\"border-radius:10px\"><img loading=\"lazy\" decoding=\"async\" width=\"1024\" height=\"527\" class=\"wp-image-23075\" style=\"width: 150px\" src=\"https:\/\/ntnui.no\/roing\/wp-content\/uploads\/sites\/239\/2022\/01\/1024px-Leroy_logo.svg_.png\" alt=\"\"><\/a><\/div>\n<\/div>\n<\/div>\n\n\n\n<div class=\"wp-block-column is-vertically-aligned-center is-layout-flow wp-block-column-is-layout-flow\">\n<div class=\"wp-block-buttons is-layout-flex wp-block-buttons-is-layout-flex\">\n<div class=\"wp-block-button\"><a class=\"wp-block-button__link\" style=\"border-radius:10px\"><img loading=\"lazy\" decoding=\"async\" width=\"225\" height=\"225\" class=\"wp-image-23076\" style=\"width: 150px\" src=\"https:\/\/ntnui.no\/roing\/wp-content\/uploads\/sites\/239\/2022\/01\/last-ned.png\" alt=\"\"><\/a><\/div>\n<\/div>\n<\/div>\n<\/div>\n<\/div><\/div>\n\n\n\n<div class=\"wp-block-columns is-layout-flex wp-container-core-columns-is-layout-3 wp-block-columns-is-layout-flex\">\n<div class=\"wp-block-column is-layout-flow wp-block-column-is-layout-flow\">\n<p style=\"font-size:18px\"><strong>Mesterskapene<\/strong><br><strong> i innend\u00f8rsroing 2023 <\/strong><br>Arrangeres av: <br>NTNUI Roing<br>Org nr: 975728773<\/p>\n<\/div>\n\n\n\n<div class=\"wp-block-column is-layout-flow wp-block-column-is-layout-flow\">\n<p><strong>Postadresse:<\/strong><br><br>NTNUI Roing<br>Christian Frederiks gate 20<br>7030 Trondheim <\/p>\n<\/div>\n\n\n\n<div class=\"wp-block-column is-layout-flow wp-block-column-is-layout-flow\">\n<p class=\"has-text-align-left\" style=\"font-size:18px\"><strong>Kontaktinfo<\/strong>:<br><br>Epost: <a href=\"mailto:roing-nm@ntnui.no\">roing-nm@ntnui.no<\/a><br><\/p>\n<\/div>\n<\/div>\n","protected":false},"excerpt":{"rendered":"<p>Den digitale l\u00f8sningen som brukes til NM leveres av Time-Team, og legger til rette for sanntids konkurranseroing over hele Norge. Time-Team er godt testet og brukt av andre store ronasjoner som bla. Nederland, New Zeland og Australia. Det er i utgangspunktet veldig lett \u00e5 bruke, men noen praktiske hensyn m\u00e5 tas.Vi ber om at klubbene [&hellip;]<\/p>\n","protected":false},"author":290,"featured_media":0,"parent":22950,"menu_order":0,"comment_status":"closed","ping_status":"closed","template":"","meta":{"_coblocks_attr":"Fira Sans,Inconsolata,Heebo,Lato,Arvo","_coblocks_dimensions":"","_coblocks_responsive_height":"","_coblocks_accordion_ie_support":"","_price":"","_stock":"","_tribe_ticket_header":"","_tribe_default_ticket_provider":"","_tribe_ticket_capacity":"0","_ticket_start_date":"","_ticket_end_date":"","_tribe_ticket_show_description":"","_tribe_ticket_show_not_going":false,"_tribe_ticket_use_global_stock":"","_tribe_ticket_global_stock_level":"","_global_stock_mode":"","_global_stock_cap":"","_tribe_rsvp_for_event":"","_tribe_ticket_going_count":"","_tribe_ticket_not_going_count":"","_tribe_tickets_list":[],"_tribe_ticket_has_attendee_info_fields":false,"footnotes":""},"class_list":["post-23031","page","type-page","status-publish","hentry"],"featured_image_src":null,"featured_image_src_square":null,"jetpack_sharing_enabled":true,"ticketed":false,"_links":{"self":[{"href":"https:\/\/ntnui.no\/roing\/wp-json\/wp\/v2\/pages\/23031","targetHints":{"allow":["GET"]}}],"collection":[{"href":"https:\/\/ntnui.no\/roing\/wp-json\/wp\/v2\/pages"}],"about":[{"href":"https:\/\/ntnui.no\/roing\/wp-json\/wp\/v2\/types\/page"}],"author":[{"embeddable":true,"href":"https:\/\/ntnui.no\/roing\/wp-json\/wp\/v2\/users\/290"}],"replies":[{"embeddable":true,"href":"https:\/\/ntnui.no\/roing\/wp-json\/wp\/v2\/comments?post=23031"}],"version-history":[{"count":21,"href":"https:\/\/ntnui.no\/roing\/wp-json\/wp\/v2\/pages\/23031\/revisions"}],"predecessor-version":[{"id":23448,"href":"https:\/\/ntnui.no\/roing\/wp-json\/wp\/v2\/pages\/23031\/revisions\/23448"}],"up":[{"embeddable":true,"href":"https:\/\/ntnui.no\/roing\/wp-json\/wp\/v2\/pages\/22950"}],"wp:attachment":[{"href":"https:\/\/ntnui.no\/roing\/wp-json\/wp\/v2\/media?parent=23031"}],"curies":[{"name":"wp","href":"https:\/\/api.w.org\/{rel}","templated":true}]}}