{"id":1309,"date":"2019-03-27T10:15:14","date_gmt":"2019-03-27T10:15:14","guid":{"rendered":"https:\/\/ntnui.no\/paraidrett-ny-ny\/?page_id=1309"},"modified":"2024-11-15T08:08:48","modified_gmt":"2024-11-15T08:08:48","slug":"om","status":"publish","type":"page","link":"https:\/\/ntnui.no\/paraidrett\/om\/","title":{"rendered":"Om"},"content":{"rendered":"\n<div class=\"wp-block-cover alignfull has-background-dim\" style=\"background-image:url(https:\/\/ntnui.no\/paraidrett\/wp-content\/uploads\/sites\/252\/2019\/03\/nettside-1.jpg)\"><div class=\"wp-block-cover__inner-container is-layout-flow wp-block-cover-is-layout-flow\">\n<p class=\"has-text-align-center has-large-font-size\"><\/p>\n<\/div><\/div>\n\n\n\n<h1 class=\"has-text-align-center wp-block-heading\">NTNUI Paraidrett <\/h1>\n\n\n\n<p class=\"has-text-align-center\">NTNUI har siden opprettelsen i 1910 bidratt til \u00e5 skape en sosial arena for idrettsglede, fellesskap og samhold for Trondheims studenter. I dag er NTNUI anerkjent som Norges st\u00f8rste idrettslag med over 12000 unike medlemmer som alle har noe til felles; nemlig forkj\u00e6rligheten for sin idrett.<\/p>\n\n\n\n<p class=\"has-text-align-center\">NTNUI har et stort \u00f8nske om \u00e5 kunne tilby idrett for alle studenter som \u00f8nsker \u00e5 drive med idrett. Trondheim rommer et enormt spekter av studenter, hver og en forskjellige fra hverandre \u2013 b\u00e5de n\u00e5r det gjelder idrett i hjertet, men ogs\u00e5 behov innen idretten.<\/p>\n\n\n\n<h3 class=\"has-text-align-center wp-block-heading\"> Hva er Paraidrett? <\/h3>\n\n\n\n<p class=\"has-text-align-center\" style=\"font-size:18px\">Paraidrett er idrett for personer med en funksjonsnedsettelse. Det er \u00abpara\u00bblell til idretter for funksjonsfriske atleter, med tilpasset utstyr eller regler for \u00e5 gj\u00f8re idretten morsom og tilgjengelig for alle.<\/p>\n\n\n\n<p class=\"has-text-align-center\">Det er heller ikke slik at paraidretter kun er for dem med funksjonsnedsettelser \u2013 tvert imot! Ogs\u00e5 funksjonsfriske kan v\u00e6re med og det finnes flere alternativer for \u00e5 f\u00e5 dette til. <\/p>\n\n\n\n<p class=\"has-text-align-center\" style=\"font-size:18px\">Noen paraidretter har heller ikke en tilsvarende idrett for funksjonsfriske. Et eksempel p\u00e5 dette er<em> Goalball<\/em>. Det faktum at nesten ingen studenter har spilt det f\u00f8r samt at seende og blinde stiller helt likt gir en unik mulighet for likestilling og samhold.<\/p>\n\n\n\n<h3 class=\"has-text-align-center wp-block-heading\">Hvem er NTNUI Paraidrett?<\/h3>\n\n\n\n<p><\/p>\n\n\n\n<p class=\"has-text-align-center\"><strong>Hva vi gj\u00f8r<\/strong><\/p>\n\n\n\n<p class=\"has-text-align-center\">NTNUI Paraidrett er et adminutvalg som jobber med kompetanseheving knyttet til tilrettelegging i idretten innad i NTNUI. Vi jobber for \u00e5 senke terskelen for deltakelse i idretten b\u00e5de for ut\u00f8vere med permanente og midlertidige funksjonsnedsettelser. Derfor fungerer vi som et kontaktledd mellom ut\u00f8vere og grupper. I tillegg driver vi med kartlegging og med \u00e5 synliggj\u00f8re tilbudene vi har i NTNUI. Vi samarbeider ogs\u00e5 med PIT &#8211; Paraidrettsenteret i Tr\u00f8ndelag, og andre eksterne organisasjoner for \u00e5 skape \u00f8kt inkludering og kompetanse i gruppene.<\/p>\n\n\n\n<p class=\"has-text-align-center\"><strong>Hva vi kan hjelpe gruppene med:<\/strong><\/p>\n\n\n\n<p class=\"has-text-align-center\">NTNUI Paraidrett kan hjelpe gruppene med r\u00e5dgiving ang\u00e5ende inkludering og organisering av tilretteleggingstiltak. Vi har ogs\u00e5 det overordnede ansvaret for parakontaktordningen, hvor vi bidrar med \u00e5 \u00f8ke kompetansen innad i gruppene.<\/p>\n\n\n\n<p class=\"has-text-align-center\">I tillegg har vi noe utstyr som kan l\u00e5nes ut til enkeltut\u00f8vere eller grupper.<\/p>\n\n\n\n<p class=\"has-text-align-center\" style=\"font-size:18px\">Har du sp\u00f8rsm\u00e5l &#8211; n\u00f8l ikke med \u00e5 ta kontakt!<br>Send en e-post til paraidrett-leder@ntnui.no<br>F\u00f8lg oss p\u00e5 facebook: NTNUI Paraidrett<br>eller f\u00f8lg oss p\u00e5 instagram: @ntnuiparaidrett<\/p>\n\n\n\n<h3 class=\"has-text-align-center wp-block-heading\">HU OG HEI!<\/h3>\n","protected":false},"excerpt":{"rendered":"<p>NTNUI Paraidrett NTNUI har siden opprettelsen i 1910 bidratt til \u00e5 skape en sosial arena for idrettsglede, fellesskap og samhold for Trondheims studenter. I dag er NTNUI anerkjent som Norges st\u00f8rste idrettslag med over 12000 unike medlemmer som alle har noe til felles; nemlig forkj\u00e6rligheten for sin idrett. NTNUI har et stort \u00f8nske om \u00e5 [&hellip;]<\/p>\n","protected":false},"author":68,"featured_media":0,"parent":0,"menu_order":0,"comment_status":"closed","ping_status":"closed","template":"","meta":{"_coblocks_attr":"","_coblocks_dimensions":"","_coblocks_responsive_height":"","_coblocks_accordion_ie_support":"","_price":"","_stock":"","_tribe_ticket_header":"","_tribe_default_ticket_provider":"","_tribe_ticket_capacity":"0","_ticket_start_date":"","_ticket_end_date":"","_tribe_ticket_show_description":"","_tribe_ticket_show_not_going":false,"_tribe_ticket_use_global_stock":"","_tribe_ticket_global_stock_level":"","_global_stock_mode":"","_global_stock_cap":"","_tribe_rsvp_for_event":"","_tribe_ticket_going_count":"","_tribe_ticket_not_going_count":"","_tribe_tickets_list":[],"_tribe_ticket_has_attendee_info_fields":false,"footnotes":""},"class_list":["post-1309","page","type-page","status-publish","hentry"],"featured_image_src":null,"featured_image_src_square":null,"_links":{"self":[{"href":"https:\/\/ntnui.no\/paraidrett\/wp-json\/wp\/v2\/pages\/1309","targetHints":{"allow":["GET"]}}],"collection":[{"href":"https:\/\/ntnui.no\/paraidrett\/wp-json\/wp\/v2\/pages"}],"about":[{"href":"https:\/\/ntnui.no\/paraidrett\/wp-json\/wp\/v2\/types\/page"}],"author":[{"embeddable":true,"href":"https:\/\/ntnui.no\/paraidrett\/wp-json\/wp\/v2\/users\/68"}],"replies":[{"embeddable":true,"href":"https:\/\/ntnui.no\/paraidrett\/wp-json\/wp\/v2\/comments?post=1309"}],"version-history":[{"count":13,"href":"https:\/\/ntnui.no\/paraidrett\/wp-json\/wp\/v2\/pages\/1309\/revisions"}],"predecessor-version":[{"id":1586,"href":"https:\/\/ntnui.no\/paraidrett\/wp-json\/wp\/v2\/pages\/1309\/revisions\/1586"}],"wp:attachment":[{"href":"https:\/\/ntnui.no\/paraidrett\/wp-json\/wp\/v2\/media?parent=1309"}],"curies":[{"name":"wp","href":"https:\/\/api.w.org\/{rel}","templated":true}]}}