{"id":1172,"date":"2019-03-26T11:38:23","date_gmt":"2019-03-26T11:38:23","guid":{"rendered":"https:\/\/ntnui.no\/paraidrett\/?page_id=1172"},"modified":"2024-11-14T16:29:12","modified_gmt":"2024-11-14T16:29:12","slug":"kontakt","status":"publish","type":"page","link":"https:\/\/ntnui.no\/paraidrett\/kontakt\/","title":{"rendered":"Kontakt"},"content":{"rendered":"\n<div class=\"wp-block-cover alignfull has-background-dim\" style=\"background-image:url(https:\/\/ntnui.no\/paraidrett-ny-ny\/wp-content\/uploads\/sites\/252\/2018\/08\/Birgit-Skarstein-ryggen-1.jpg)\"><div class=\"wp-block-cover__inner-container is-layout-flow wp-block-cover-is-layout-flow\">\n<p class=\"has-text-align-center has-large-font-size\"><\/p>\n<\/div><\/div>\n\n\n\n<h2 class=\"has-text-align-center wp-block-heading\">Lurer du p\u00e5 noe, eller har innspill?<\/h2>\n\n\n<p style=\"text-align: center\">Send e-post til: paraidrett-leder@ntnui.no<\/p>\n<p style=\"text-align: center\">F\u00f8lg oss p\u00e5 facebook: ntnui paraidrett<\/p>\n<p style=\"text-align: center\">F\u00f8lg oss p\u00e5 instagram: @ntnuiparaidrett<\/p>\n\n\n<h2 class=\"has-text-align-center wp-block-heading\">Norges Idrettsforbund<\/h2>\n\n\n\n<p class=\"has-text-align-center\">\u00d8nsker du kontakt med noen som kan gi deg mer utfyllende informasjon om idrett for funksjonshemmede?<\/p>\n\n\n\n<div class=\"wp-block-button aligncenter is-style-outline is-style-outline--1\"><a class=\"wp-block-button__link has-light-gray-color has-text-color has-background\" href=\"https:\/\/www.idrettsforbundet.no\/paraidrett\/\" style=\"background-color:#098040\">KLIKK HER<\/a><\/div>\n\n\n\n<p><\/p>\n","protected":false},"excerpt":{"rendered":"<p>Lurer du p\u00e5 noe, eller har innspill? Send e-post til: paraidrett-leder@ntnui.no F\u00f8lg oss p\u00e5 facebook: ntnui paraidrett F\u00f8lg oss p\u00e5 instagram: @ntnuiparaidrett Norges Idrettsforbund \u00d8nsker du kontakt med noen som kan gi deg mer utfyllende informasjon om idrett for funksjonshemmede?<\/p>\n","protected":false},"author":68,"featured_media":0,"parent":0,"menu_order":0,"comment_status":"closed","ping_status":"closed","template":"","meta":{"_coblocks_attr":"","_coblocks_dimensions":"","_coblocks_responsive_height":"","_coblocks_accordion_ie_support":"","_price":"","_stock":"","_tribe_ticket_header":"","_tribe_default_ticket_provider":"","_tribe_ticket_capacity":"0","_ticket_start_date":"","_ticket_end_date":"","_tribe_ticket_show_description":"","_tribe_ticket_show_not_going":false,"_tribe_ticket_use_global_stock":"","_tribe_ticket_global_stock_level":"","_global_stock_mode":"","_global_stock_cap":"","_tribe_rsvp_for_event":"","_tribe_ticket_going_count":"","_tribe_ticket_not_going_count":"","_tribe_tickets_list":[],"_tribe_ticket_has_attendee_info_fields":false,"footnotes":""},"class_list":["post-1172","page","type-page","status-publish","hentry"],"featured_image_src":null,"featured_image_src_square":null,"_links":{"self":[{"href":"https:\/\/ntnui.no\/paraidrett\/wp-json\/wp\/v2\/pages\/1172","targetHints":{"allow":["GET"]}}],"collection":[{"href":"https:\/\/ntnui.no\/paraidrett\/wp-json\/wp\/v2\/pages"}],"about":[{"href":"https:\/\/ntnui.no\/paraidrett\/wp-json\/wp\/v2\/types\/page"}],"author":[{"embeddable":true,"href":"https:\/\/ntnui.no\/paraidrett\/wp-json\/wp\/v2\/users\/68"}],"replies":[{"embeddable":true,"href":"https:\/\/ntnui.no\/paraidrett\/wp-json\/wp\/v2\/comments?post=1172"}],"version-history":[{"count":14,"href":"https:\/\/ntnui.no\/paraidrett\/wp-json\/wp\/v2\/pages\/1172\/revisions"}],"predecessor-version":[{"id":1578,"href":"https:\/\/ntnui.no\/paraidrett\/wp-json\/wp\/v2\/pages\/1172\/revisions\/1578"}],"wp:attachment":[{"href":"https:\/\/ntnui.no\/paraidrett\/wp-json\/wp\/v2\/media?parent=1172"}],"curies":[{"name":"wp","href":"https:\/\/api.w.org\/{rel}","templated":true}]}}