{"id":2122,"date":"2023-03-23T12:53:46","date_gmt":"2023-03-23T11:53:46","guid":{"rendered":"https:\/\/ntnui.no\/padling\/?page_id=2122"},"modified":"2025-02-26T17:53:09","modified_gmt":"2025-02-26T16:53:09","slug":"verneombud","status":"publish","type":"page","link":"https:\/\/ntnui.no\/padling\/verneombud\/","title":{"rendered":"Verneombud"},"content":{"rendered":"\n<p>Verneombudet i NTNUI padling er ansvarlig for \u00e5 v\u00e6re bindeleddet mellom styret og medlemmene n\u00e5r det kommer til helse, milj\u00f8 og sikkerhet. Verneombudet er en du kan kontakte ved u\u00f8nskede hendelser i NTNUI Padling. Det er ogs\u00e5 alltid mulig \u00e5 kontakte NTNUIs lovutvalg direkte:<a href=\"https:\/\/ntnui.no\/varsling\/\"> https:\/\/ntnui.no\/varsling\/<\/a><\/p>\n\n\n\n<div class=\"wp-block-media-text alignwide is-stacked-on-mobile\" style=\"grid-template-columns:37% auto\"><figure class=\"wp-block-media-text__media\"><img loading=\"lazy\" decoding=\"async\" width=\"6246\" height=\"4170\" src=\"https:\/\/ntnui.no\/padling\/wp-content\/uploads\/sites\/161\/2025\/02\/DSCF9812_Original.jpg\" alt=\"\" class=\"wp-image-2394\" \/><\/figure><div class=\"wp-block-media-text__content\">\n<h2 class=\"wp-block-heading\">Bendik Stenberg<\/h2>\n\n\n\n<p>Tlf: 934 56 055<\/p>\n\n\n\n<h2 class=\"wp-block-heading\">Stina Morvik<\/h2>\n\n\n\n<p>Tlf: 481 22 538<\/p>\n\n\n\n<h2 class=\"wp-block-heading\">Kristian Rye <\/h2>\n\n\n\n<p>Tlf: 452 64 480<\/p>\n<\/div><\/div>\n\n\n\n<p><\/p>\n","protected":false},"excerpt":{"rendered":"<p>Verneombudet i NTNUI padling er ansvarlig for \u00e5 v\u00e6re bindeleddet mellom styret og medlemmene n\u00e5r det kommer til helse, milj\u00f8 og sikkerhet. Verneombudet er en du kan kontakte ved u\u00f8nskede hendelser i NTNUI Padling. Det er ogs\u00e5 alltid mulig \u00e5 kontakte NTNUIs lovutvalg direkte: https:\/\/ntnui.no\/varsling\/ Bendik Stenberg Tlf: 934 56 055 Stina Morvik Tlf: 481 [&hellip;]<\/p>\n","protected":false},"author":31,"featured_media":2394,"parent":0,"menu_order":0,"comment_status":"closed","ping_status":"closed","template":"","meta":{"_coblocks_attr":"","_coblocks_dimensions":"","_coblocks_responsive_height":"","_coblocks_accordion_ie_support":"","_price":"","_stock":"","_tribe_ticket_header":"","_tribe_default_ticket_provider":"","_tribe_ticket_capacity":"0","_ticket_start_date":"","_ticket_end_date":"","_tribe_ticket_show_description":"","_tribe_ticket_show_not_going":false,"_tribe_ticket_use_global_stock":"","_tribe_ticket_global_stock_level":"","_global_stock_mode":"","_global_stock_cap":"","_tribe_rsvp_for_event":"","_tribe_ticket_going_count":"","_tribe_ticket_not_going_count":"","_tribe_tickets_list":[],"_tribe_ticket_has_attendee_info_fields":false,"footnotes":""},"class_list":["post-2122","page","type-page","status-publish","has-post-thumbnail","hentry"],"featured_image_src":"https:\/\/ntnui.no\/padling\/wp-content\/uploads\/sites\/161\/2025\/02\/DSCF9812_Original.jpg","featured_image_src_square":"https:\/\/ntnui.no\/padling\/wp-content\/uploads\/sites\/161\/2025\/02\/DSCF9812_Original.jpg","jetpack_sharing_enabled":true,"_links":{"self":[{"href":"https:\/\/ntnui.no\/padling\/wp-json\/wp\/v2\/pages\/2122","targetHints":{"allow":["GET"]}}],"collection":[{"href":"https:\/\/ntnui.no\/padling\/wp-json\/wp\/v2\/pages"}],"about":[{"href":"https:\/\/ntnui.no\/padling\/wp-json\/wp\/v2\/types\/page"}],"author":[{"embeddable":true,"href":"https:\/\/ntnui.no\/padling\/wp-json\/wp\/v2\/users\/31"}],"replies":[{"embeddable":true,"href":"https:\/\/ntnui.no\/padling\/wp-json\/wp\/v2\/comments?post=2122"}],"version-history":[{"count":13,"href":"https:\/\/ntnui.no\/padling\/wp-json\/wp\/v2\/pages\/2122\/revisions"}],"predecessor-version":[{"id":2396,"href":"https:\/\/ntnui.no\/padling\/wp-json\/wp\/v2\/pages\/2122\/revisions\/2396"}],"wp:featuredmedia":[{"embeddable":true,"href":"https:\/\/ntnui.no\/padling\/wp-json\/wp\/v2\/media\/2394"}],"wp:attachment":[{"href":"https:\/\/ntnui.no\/padling\/wp-json\/wp\/v2\/media?parent=2122"}],"curies":[{"name":"wp","href":"https:\/\/api.w.org\/{rel}","templated":true}]}}