{"id":7,"date":"2019-01-10T17:36:13","date_gmt":"2019-01-10T17:36:13","guid":{"rendered":"https:\/\/ntnui.no\/okonomiutvalget2\/?page_id=7"},"modified":"2025-03-06T10:41:03","modified_gmt":"2025-03-06T10:41:03","slug":"forside","status":"publish","type":"page","link":"https:\/\/ntnui.no\/okonomiutvalget\/","title":{"rendered":"\u00d8konomiutvalget"},"content":{"rendered":"\n<div class=\"wp-block-blockgallery-stacked alignfull\"><ul class=\"blockgallery has-background-image has-background-no-repeat has-background-center-center has-background-cover has-fullwidth-images\" style=\"background-image:url(https:\/\/ntnui.no\/okonomiutvalget\/wp-content\/uploads\/sites\/306\/2025\/03\/Gruppebilde-3.jpg)\"><li class=\"blockgallery--item\"><figure class=\"blockgallery--figure\"><img loading=\"lazy\" decoding=\"async\" width=\"1279\" height=\"853\" src=\"https:\/\/ntnui.no\/okonomiutvalget\/wp-content\/uploads\/sites\/306\/2025\/03\/Gruppebilde-3.jpg\" alt=\"\" data-id=\"93\" data-link=\"https:\/\/ntnui.no\/okonomiutvalget\/forside\/gruppebilde-3\/\" class=\"wp-image-93 has-shadow-none\" \/><figcaption class=\"blockgallery--caption\">Foto: Matea Kj\u00f8rsvik\/NTNUI<\/figcaption><\/figure><\/li><\/ul><\/div>\n\n\n<p>NTNUI \u00d8konomi er et prosjektbasert utvalg som jobber med revisjon av regnskap og budsjettering. I tillegg har vi egne prosjekter som g\u00e5r p\u00e5 investering, veldedighet og mye mer!<\/p>\n\n\n<blockquote class=\"wp-block-quote is-layout-flow wp-block-quote-is-layout-flow\"><p>Internrevisjon<\/p><cite>Alle NTNUIs grupper f\u00f8rer sitt eget regnskap gjennom \u00e5ret, og det er v\u00e5r jobb \u00e5 g\u00e5 igjennom alle regnskapene f\u00f8r de oversendes til ekstern revisor. I l\u00f8pet av \u00e5ret har vi tre mer intensive perioder hvor vi jobber med internrevisjon. Internrevisorene er en gruppe p\u00e5 6-10 stykker. Hovedkasserer er den som har ansvar for internrevisjonen.<\/cite><\/blockquote>\n\n\n\n<blockquote class=\"wp-block-quote is-layout-flow wp-block-quote-is-layout-flow\"><p>Budsjett<\/p><cite>Alle gruppene i NTNUI lager egne \u00e5rsbudsjett, og \u00d8konomiutvalget bist\u00e5r med dette arbeidet. \u00d8konomiansvarlig er den som styrer hele budsjettprosessen, og s\u00f8rger for at alle budsjettene til slutt samles i NTNUI sitt hovedbudsjett.&nbsp;<\/cite><\/blockquote>\n\n\n\n<blockquote class=\"wp-block-quote is-layout-flow wp-block-quote-is-layout-flow\"><p>Prosjekt<\/p><cite>Vi tar ulike prosjekter. Det vil v\u00e6re en prosjektleder, og eventuelt flere medlemmer med p\u00e5 prosjektet. Et av v\u00e5re nylige prosjekter er oppdatering av de \u00f8konomiske retningslinjene for hele foreningen.\u00a0<\/cite><\/blockquote>\n\n\n\n<div class=\"wp-block-media-text alignwide has-media-on-the-right is-stacked-on-mobile\"><figure class=\"wp-block-media-text__media\"><img loading=\"lazy\" decoding=\"async\" width=\"1536\" height=\"2048\" src=\"https:\/\/ntnui.no\/okonomiutvalget\/wp-content\/uploads\/sites\/306\/2025\/03\/mote-2.jpg\" alt=\"\" class=\"wp-image-102\" \/><\/figure><div class=\"wp-block-media-text__content\">\n<h2 class=\"wp-block-heading\">Hvordan hjelper vi andre grupper i NTNUI?<br><\/h2>\n\n\n\n<p>Vi har workshops hver uke hvor vi hjelper gruppekassererne med regnskapet deres. Alle gruppene har en fadder fra \u00d8konomiutvalget, som blir hovedkontaktpersonen til gruppene om de trenger hjelp med regnskapet sitt eller har andre \u00f8konomiske sp\u00f8rsm\u00e5l.<\/p>\n<\/div><\/div>\n\n\n\n<div class=\"wp-block-media-text alignwide is-stacked-on-mobile\"><figure class=\"wp-block-media-text__media\"><img loading=\"lazy\" decoding=\"async\" width=\"1536\" height=\"1580\" src=\"https:\/\/ntnui.no\/okonomiutvalget\/wp-content\/uploads\/sites\/306\/2025\/03\/Ute-hytta-2.jpg\" alt=\"\" class=\"wp-image-83\" \/><\/figure><div class=\"wp-block-media-text__content\">\n<h2 class=\"wp-block-heading\">Vi finner p\u00e5 mye sosialt!<\/h2>\n\n\n\n<p><br>Vi finner p\u00e5 mange sosiale aktiviteter sammen, og har blant annet v\u00e6rt p\u00e5 \u00c5re-tur, hyttetur og bl\u00e5tur til Athen! Vi er ogs\u00e5 med p\u00e5 de sosiale aktivitetene sammen med hele NTNUI Admin, for eksempel adminsamling og julebord.<\/p>\n<\/div><\/div>\n\n\n\n<h2 class=\"wp-block-heading\">Bli med i \u00d8konomiutvalget!<\/h2>\n\n\n<p>Alle kan bli med i \u00d8konomiutvalget. Det er positivt om man har erfaring eller studerer noe innenfor \u00f8konomi, men ikke et krav. Vi er et utvalg for alle som \u00f8nsker, og oppl\u00e6ring vil bli gitt s\u00e5 lenge du er engasjert og villig til \u00e5 l\u00e6re!&nbsp;<br data-rich-text-line-break=\"true\"><br data-rich-text-line-break=\"true\">Vi har opptak samtidig som resten av NTNUI Admin i august og i januar! Om du \u00f8nsker et verv som gir deg masse god erfaring, samtidig som du m\u00f8ter mange nye mennesker og finner p\u00e5 mye sosialt, s\u00f8k \u00d8konomiutvalget da vel!<\/p>\n\n\n<div class=\"wp-block-buttons aligncenter is-layout-flex wp-block-buttons-is-layout-flex\">\n<div class=\"wp-block-button is-style-fill\"><a class=\"wp-block-button__link has-light-gray-color has-text-color has-background\" href=\"https:\/\/opptak.ntnui.no\/\" style=\"background-color:#007523\">S\u00f8knadsskjema!<\/a><\/div>\n<\/div>\n","protected":false},"excerpt":{"rendered":"<p>NTNUI \u00d8konomi er et prosjektbasert utvalg som jobber med revisjon av regnskap og budsjettering. I tillegg har vi egne prosjekter som g\u00e5r p\u00e5 investering, veldedighet og mye mer! Internrevisjon Alle NTNUIs grupper f\u00f8rer sitt eget regnskap gjennom \u00e5ret, og det er v\u00e5r jobb \u00e5 g\u00e5 igjennom alle regnskapene f\u00f8r de oversendes til ekstern revisor. I [&hellip;]<\/p>\n","protected":false},"author":681,"featured_media":70,"parent":0,"menu_order":0,"comment_status":"closed","ping_status":"closed","template":"","meta":{"_coblocks_attr":"","_coblocks_dimensions":"{\"coblocks-hero-25173332108\":{\"padding\":{}}}","_coblocks_responsive_height":"","_coblocks_accordion_ie_support":"","_price":"","_stock":"","_tribe_ticket_header":"","_tribe_default_ticket_provider":"","_tribe_ticket_capacity":"0","_ticket_start_date":"","_ticket_end_date":"","_tribe_ticket_show_description":"","_tribe_ticket_show_not_going":false,"_tribe_ticket_use_global_stock":"","_tribe_ticket_global_stock_level":"","_global_stock_mode":"","_global_stock_cap":"","_tribe_rsvp_for_event":"","_tribe_ticket_going_count":"","_tribe_ticket_not_going_count":"","_tribe_tickets_list":[],"_tribe_ticket_has_attendee_info_fields":false,"footnotes":""},"class_list":["post-7","page","type-page","status-publish","has-post-thumbnail","hentry"],"featured_image_src":"https:\/\/ntnui.no\/okonomiutvalget\/wp-content\/uploads\/sites\/306\/2025\/03\/Gruppebilde-1.jpg","featured_image_src_square":"https:\/\/ntnui.no\/okonomiutvalget\/wp-content\/uploads\/sites\/306\/2025\/03\/Gruppebilde-1.jpg","_links":{"self":[{"href":"https:\/\/ntnui.no\/okonomiutvalget\/wp-json\/wp\/v2\/pages\/7","targetHints":{"allow":["GET"]}}],"collection":[{"href":"https:\/\/ntnui.no\/okonomiutvalget\/wp-json\/wp\/v2\/pages"}],"about":[{"href":"https:\/\/ntnui.no\/okonomiutvalget\/wp-json\/wp\/v2\/types\/page"}],"author":[{"embeddable":true,"href":"https:\/\/ntnui.no\/okonomiutvalget\/wp-json\/wp\/v2\/users\/681"}],"replies":[{"embeddable":true,"href":"https:\/\/ntnui.no\/okonomiutvalget\/wp-json\/wp\/v2\/comments?post=7"}],"version-history":[{"count":15,"href":"https:\/\/ntnui.no\/okonomiutvalget\/wp-json\/wp\/v2\/pages\/7\/revisions"}],"predecessor-version":[{"id":104,"href":"https:\/\/ntnui.no\/okonomiutvalget\/wp-json\/wp\/v2\/pages\/7\/revisions\/104"}],"wp:featuredmedia":[{"embeddable":true,"href":"https:\/\/ntnui.no\/okonomiutvalget\/wp-json\/wp\/v2\/media\/70"}],"wp:attachment":[{"href":"https:\/\/ntnui.no\/okonomiutvalget\/wp-json\/wp\/v2\/media?parent=7"}],"curies":[{"name":"wp","href":"https:\/\/api.w.org\/{rel}","templated":true}]}}