{"id":7,"date":"2019-01-10T17:36:13","date_gmt":"2019-01-10T17:36:13","guid":{"rendered":"https:\/\/ntnui.no\/mal2\/?page_id=7"},"modified":"2026-03-05T07:41:03","modified_gmt":"2026-03-05T07:41:03","slug":"forside","status":"publish","type":"page","link":"https:\/\/ntnui.no\/nmkite2026\/","title":{"rendered":"Hjem"},"content":{"rendered":"\n<div class=\"wp-block-cover\"><span aria-hidden=\"true\" class=\"wp-block-cover__background has-background-dim\"><\/span><img decoding=\"async\" class=\"wp-block-cover__image-background\" alt=\"\" src=\"https:\/\/ntnui.no\/kite\/wp-content\/uploads\/sites\/269\/2022\/08\/IMG_9472.jpeg\" data-object-fit=\"cover\" \/><div class=\"wp-block-cover__inner-container is-layout-flow wp-block-cover-is-layout-flow\">\n<p class=\"has-text-align-center has-large-font-size\"><\/p>\n\n\n\n<h2 class=\"wp-block-heading alignwide has-text-align-center coblocks-animate\" data-coblocks-animation=\"slideInBottom\">Norgesmesteskap Sn\u00f8kiting 2026<\/h2>\n\n\n\n<p class=\"has-text-align-center coblocks-animate\" data-coblocks-animation=\"slideInBottom\"><em>5. &#8211; 8. Mars 2026<\/em><\/p>\n<\/div><\/div>\n\n\n\n<p>\u00c5 arrangere Norgesmesterskap i sn\u00f8kiting gj\u00f8r vi for \u00e5 fremme en klimavennlig, inkluderende og sosialt styrkende idrettsarena. Mesterskapet skal inspirere til friluftsliv, fellesskap og milj\u00f8bevissthet gjennom b\u00e6rekraftige tiltak og \u00e5pen deltakelse for alle. <strong>F\u00f8rste potensielle konkurransedag er Fredag 6.mars 2026!<\/strong><\/p>\n\n\n\n<p><strong>BLI MED, uansett ferdighet!<\/strong><\/p>\n\n\n\n<h2 class=\"wp-block-heading\">Nyheter<\/h2>\n\n\n<ul class=\"wp-block-latest-posts__list wp-block-latest-posts\"><li><a class=\"wp-block-latest-posts__post-title\" href=\"https:\/\/ntnui.no\/nmkite2026\/norgesmesterskap-og-norges-seilerforbund\/\">Norgesmesterskap og Norges Seilerforbund<\/a><\/li>\n<li><a class=\"wp-block-latest-posts__post-title\" href=\"https:\/\/ntnui.no\/nmkite2026\/pamelding-apner\/\">P\u00e5melding \u00c5pner<\/a><\/li>\n<li><a class=\"wp-block-latest-posts__post-title\" href=\"https:\/\/ntnui.no\/nmkite2026\/nm-inngar-i-snowkite-race-cup-norway\/\">NM inng\u00e5r i Snowkite Race Cup Norway<\/a><\/li>\n<li><a class=\"wp-block-latest-posts__post-title\" href=\"https:\/\/ntnui.no\/nmkite2026\/nm-2026-hold-av-datoen\/\">NM 2026- Hold av datoen<\/a><\/li>\n<\/ul>\n\n\n<div class=\"wp-block-group\"><div class=\"wp-block-group__inner-container is-layout-constrained wp-block-group-is-layout-constrained\"><\/div><\/div>\n\n\n\n<figure style=\"max-width:1200px;margin:60px auto\"><img decoding=\"async\" src=\"https:\/\/ntnui.no\/nmkite2026\/wp-content\/uploads\/sites\/309\/2026\/03\/Sponsorvegg-2.png\" style=\"width:100%;height:auto;display:block\" \/><\/figure>\n","protected":false},"excerpt":{"rendered":"<p>\u00c5 arrangere Norgesmesterskap i sn\u00f8kiting gj\u00f8r vi for \u00e5 fremme en klimavennlig, inkluderende og sosialt styrkende idrettsarena. Mesterskapet skal inspirere til friluftsliv, fellesskap og milj\u00f8bevissthet gjennom b\u00e6rekraftige tiltak og \u00e5pen [&hellip;]<\/p>\n","protected":false},"author":7,"featured_media":0,"parent":0,"menu_order":0,"comment_status":"closed","ping_status":"closed","template":"","meta":{"_coblocks_attr":"","_coblocks_dimensions":"","_coblocks_responsive_height":"","_coblocks_accordion_ie_support":"","_price":"","_stock":"","_tribe_ticket_header":"","_tribe_default_ticket_provider":"","_tribe_ticket_capacity":"0","_ticket_start_date":"","_ticket_end_date":"","_tribe_ticket_show_description":"","_tribe_ticket_show_not_going":false,"_tribe_ticket_use_global_stock":"","_tribe_ticket_global_stock_level":"","_global_stock_mode":"","_global_stock_cap":"","_tribe_rsvp_for_event":"","_tribe_ticket_going_count":"","_tribe_ticket_not_going_count":"","_tribe_tickets_list":[],"_tribe_ticket_has_attendee_info_fields":false,"_EventAllDay":false,"_EventTimezone":"","_EventStartDate":"","_EventEndDate":"","_EventStartDateUTC":"","_EventEndDateUTC":"","_EventShowMap":false,"_EventShowMapLink":false,"_EventURL":"","_EventCost":"","_EventCostDescription":"","_EventCurrencySymbol":"","_EventCurrencyPosition":"","_EventDateTimeSeparator":"","_EventTimeRangeSeparator":"","_EventOrganizerID":[],"_EventVenueID":0,"_OrganizerEmail":"","_OrganizerPhone":"","_OrganizerWebsite":"","_VenueAddress":"","_VenueCity":"","_VenueCountry":"","_VenueProvince":"","_VenueZip":"","_VenuePhone":"","_VenueURL":"","_VenueStateProvince":"","_VenueLat":"","_VenueLng":"","footnotes":""},"class_list":["post-7","page","type-page","status-publish","hentry"],"featured_image_src":null,"featured_image_src_square":null,"_links":{"self":[{"href":"https:\/\/ntnui.no\/nmkite2026\/wp-json\/wp\/v2\/pages\/7","targetHints":{"allow":["GET"]}}],"collection":[{"href":"https:\/\/ntnui.no\/nmkite2026\/wp-json\/wp\/v2\/pages"}],"about":[{"href":"https:\/\/ntnui.no\/nmkite2026\/wp-json\/wp\/v2\/types\/page"}],"author":[{"embeddable":true,"href":"https:\/\/ntnui.no\/nmkite2026\/wp-json\/wp\/v2\/users\/7"}],"replies":[{"embeddable":true,"href":"https:\/\/ntnui.no\/nmkite2026\/wp-json\/wp\/v2\/comments?post=7"}],"version-history":[{"count":19,"href":"https:\/\/ntnui.no\/nmkite2026\/wp-json\/wp\/v2\/pages\/7\/revisions"}],"predecessor-version":[{"id":176,"href":"https:\/\/ntnui.no\/nmkite2026\/wp-json\/wp\/v2\/pages\/7\/revisions\/176"}],"wp:attachment":[{"href":"https:\/\/ntnui.no\/nmkite2026\/wp-json\/wp\/v2\/media?parent=7"}],"curies":[{"name":"wp","href":"https:\/\/api.w.org\/{rel}","templated":true}]}}