{"id":279,"date":"2019-01-12T23:25:42","date_gmt":"2019-01-12T23:25:42","guid":{"rendered":"https:\/\/ntnui.no\/jujitsu\/?page_id=279"},"modified":"2019-01-12T23:56:20","modified_gmt":"2019-01-12T23:56:20","slug":"nye-medlemmer","status":"publish","type":"page","link":"https:\/\/ntnui.no\/jujitsu\/nye-medlemmer\/","title":{"rendered":"Nye medlemmer"},"content":{"rendered":"\n<p>Alle kampsportbakgrunner og ferdighetsniv\u00e5er er velkommen i klubben.<\/p>\n\n\n\n<p>Men, gj\u00f8r deg kjent med v\u00e5re regler og anbefalinger f\u00f8r din f\u00f8rste trening:<\/p>\n\n\n\n<p class=\"has-text-color has-coblocks-blue-color\"><a rel=\"noreferrer noopener\" href=\"https:\/\/drive.google.com\/open?id=1xIiN7Nw8a9F6dffFwYKDEyCj18X8fYLoxIkohj7fboo\" target=\"_blank\"><u>Guide&nbsp;for&nbsp;nye&nbsp;medlemmer&nbsp;(engelsk)<\/u><\/a><\/p>\n","protected":false},"excerpt":{"rendered":"<p>Alle kampsportbakgrunner og ferdighetsniv\u00e5er er velkommen i klubben. Men, gj\u00f8r deg kjent med v\u00e5re regler og anbefalinger f\u00f8r din f\u00f8rste trening: Guide&nbsp;for&nbsp;nye&nbsp;medlemmer&nbsp;(engelsk)<\/p>\n","protected":false},"author":91,"featured_media":0,"parent":0,"menu_order":0,"comment_status":"closed","ping_status":"closed","template":"","meta":{"_coblocks_attr":"","_coblocks_dimensions":"","_coblocks_responsive_height":"","_coblocks_accordion_ie_support":"","_price":"","_stock":"","_tribe_ticket_header":"","_tribe_default_ticket_provider":"","_tribe_ticket_capacity":"0","_ticket_start_date":"","_ticket_end_date":"","_tribe_ticket_show_description":"","_tribe_ticket_show_not_going":false,"_tribe_ticket_use_global_stock":"","_tribe_ticket_global_stock_level":"","_global_stock_mode":"","_global_stock_cap":"","_tribe_rsvp_for_event":"","_tribe_ticket_going_count":"","_tribe_ticket_not_going_count":"","_tribe_tickets_list":[],"_tribe_ticket_has_attendee_info_fields":false,"_EventAllDay":false,"_EventTimezone":"","_EventStartDate":"","_EventEndDate":"","_EventStartDateUTC":"","_EventEndDateUTC":"","_EventShowMap":false,"_EventShowMapLink":false,"_EventURL":"","_EventCost":"","_EventCostDescription":"","_EventCurrencySymbol":"","_EventCurrencyPosition":"","_EventDateTimeSeparator":"","_EventTimeRangeSeparator":"","_EventOrganizerID":[],"_EventVenueID":0,"_OrganizerEmail":"","_OrganizerPhone":"","_OrganizerWebsite":"","_VenueAddress":"","_VenueCity":"","_VenueCountry":"","_VenueProvince":"","_VenueZip":"","_VenuePhone":"","_VenueURL":"","_VenueStateProvince":"","_VenueLat":"","_VenueLng":"","jetpack_post_was_ever_published":false,"footnotes":""},"class_list":["post-279","page","type-page","status-publish","hentry"],"featured_image_src":null,"featured_image_src_square":null,"jetpack_sharing_enabled":true,"jetpack_shortlink":"https:\/\/wp.me\/PaCyyQ-4v","_links":{"self":[{"href":"https:\/\/ntnui.no\/jujitsu\/wp-json\/wp\/v2\/pages\/279","targetHints":{"allow":["GET"]}}],"collection":[{"href":"https:\/\/ntnui.no\/jujitsu\/wp-json\/wp\/v2\/pages"}],"about":[{"href":"https:\/\/ntnui.no\/jujitsu\/wp-json\/wp\/v2\/types\/page"}],"author":[{"embeddable":true,"href":"https:\/\/ntnui.no\/jujitsu\/wp-json\/wp\/v2\/users\/91"}],"replies":[{"embeddable":true,"href":"https:\/\/ntnui.no\/jujitsu\/wp-json\/wp\/v2\/comments?post=279"}],"version-history":[{"count":6,"href":"https:\/\/ntnui.no\/jujitsu\/wp-json\/wp\/v2\/pages\/279\/revisions"}],"predecessor-version":[{"id":437,"href":"https:\/\/ntnui.no\/jujitsu\/wp-json\/wp\/v2\/pages\/279\/revisions\/437"}],"wp:attachment":[{"href":"https:\/\/ntnui.no\/jujitsu\/wp-json\/wp\/v2\/media?parent=279"}],"curies":[{"name":"wp","href":"https:\/\/api.w.org\/{rel}","templated":true}]}}