{"id":7,"date":"2024-09-02T14:43:46","date_gmt":"2024-09-02T14:43:46","guid":{"rendered":"https:\/\/ntnui.no\/judo2\/?page_id=7"},"modified":"2025-08-18T21:50:33","modified_gmt":"2025-08-18T19:50:33","slug":"forside","status":"publish","type":"page","link":"https:\/\/ntnui.no\/judo\/","title":{"rendered":""},"content":{"rendered":"\n<div class=\"wp-block-cover alignfull is-light has-parallax mt-0\"><span aria-hidden=\"true\" class=\"wp-block-cover__background has-background-dim\"><\/span><div class=\"wp-block-cover__image-background wp-image-2132 has-parallax\" style=\"background-position:28% 49%;background-image:url(https:\/\/ntnui.no\/judo\/wp-content\/uploads\/sites\/266\/2019\/11\/Webp.net-compress-image-2.jpg)\"><\/div><div class=\"wp-block-cover__inner-container is-layout-flow wp-block-cover-is-layout-flow\">\n<p class=\"has-text-align-center has-large-font-size has-custom-size has-custom-font\" style=\"font-size:60px;font-family:Helvetica\">Judo<\/p>\n<\/div><\/div>\n\n\n\n<div class=\"wp-block-columns has-2-columns is-layout-flex wp-container-core-columns-is-layout-1 wp-block-columns-is-layout-flex\">\n<div class=\"wp-block-column is-layout-flow wp-block-column-is-layout-flow\">\n<div class=\"wp-block-button\"><a class=\"wp-block-button__link has-background wp-element-button\" href=\"https:\/\/www.facebook.com\/groups\/2298214671\/\" style=\"background-color:#098040\">Facebook<br><\/a><\/div>\n<\/div>\n\n\n\n<div class=\"wp-block-column is-layout-flow wp-block-column-is-layout-flow\">\n<div class=\"wp-block-button is-style-default\"><a class=\"wp-block-button__link has-light-gray-color has-text-color has-background wp-element-button\" href=\"https:\/\/ntnui.no\/\" style=\"background-color:#098040\">Tilbake til hovedsiden<br><\/a><\/div>\n\n\n\n<p><\/p>\n<\/div>\n<\/div>\n\n\n\n<div class=\"wp-block-media-text alignwide\"><figure class=\"wp-block-media-text__media\"><img loading=\"lazy\" decoding=\"async\" width=\"1024\" height=\"683\" src=\"https:\/\/ntnui.no\/judo\/wp-content\/uploads\/sites\/266\/2019\/11\/Webp.net-compress-image-1-1024x683.jpg\" alt=\"\" class=\"wp-image-2129 size-full\" srcset=\"https:\/\/ntnui.no\/judo\/wp-content\/uploads\/sites\/266\/2019\/11\/Webp.net-compress-image-1-1024x683.jpg 1024w, https:\/\/ntnui.no\/judo\/wp-content\/uploads\/sites\/266\/2019\/11\/Webp.net-compress-image-1-300x200.jpg 300w, https:\/\/ntnui.no\/judo\/wp-content\/uploads\/sites\/266\/2019\/11\/Webp.net-compress-image-1-768x512.jpg 768w, https:\/\/ntnui.no\/judo\/wp-content\/uploads\/sites\/266\/2019\/11\/Webp.net-compress-image-1-600x400.jpg 600w, https:\/\/ntnui.no\/judo\/wp-content\/uploads\/sites\/266\/2019\/11\/Webp.net-compress-image-1-1736x1157.jpg 1736w\" sizes=\"auto, (max-width: 1024px) 100vw, 1024px\" \/><\/figure><div class=\"wp-block-media-text__content\">\n<p class=\"has-large-font-size\">Gruppa v\u00e5r<\/p>\n\n\n\n<p>\n\nVi er en gjeng judout\u00f8vere lojale til universitetets store stolthet, NTNUI. Enten du har trent judo i mange \u00e5r, eller du er riv rykende fersk, er du velkommen til \u00e5 bli med \u00e5 trene med oss n\u00e5r som helst!\n\n<\/p>\n\n\n\n<p><\/p>\n<\/div><\/div>\n\n\n\n<div class=\"wp-block-media-text alignwide has-media-on-the-right\"><div class=\"wp-block-media-text__content\">\n<h2 class=\"wp-block-heading has-text-align-center\">Hvor:<\/h2>\n\n\n\n<p class=\"has-text-align-center\">Sit Gl\u00f8shaugen idrettsbygg, Chr. Fredericks gate 20.<\/p>\n\n\n\n<h2 class=\"wp-block-heading has-text-align-center\">N\u00e5r:<\/h2>\n\n\n\n<div class=\"aligncenter\">\n<ul><li>Mandager 19:00-20:30 \u2013 for erfarne<\/li><li>Tirsdager 21:00 \u2013 22:30 \u2013 for nybegynnere <\/li><li>Torsdager 20:00-21:30 \u2013 for alle<\/li><li>L\u00f8rdager 13:00-14:30 \u00c5pen dojo, egentrening<\/li><\/ul><\/div>\n<\/div><figure class=\"wp-block-media-text__media\"><img loading=\"lazy\" decoding=\"async\" width=\"1633\" height=\"1367\" src=\"https:\/\/ntnui.no\/judo\/wp-content\/uploads\/sites\/266\/2024\/09\/70672244_3067399356668869_692105877779382272_o-e1569325456147.jpg\" alt=\"Bilde av SIT Gl\u00f8shaugen\" class=\"wp-image-2573 size-full\" \/><\/figure><\/div>\n\n\n\n<h2 class=\"wp-block-heading\">Hva skjer?<\/h2>\n\n\n<section class=\"ab-block-post-grid featuredpost aligncenter\"><div class=\"ab-post-grid-items is-grid columns-2\"><article id=\"post-2409\" class=\"ab-post-grid-item post-2409 post type-post status-publish format-standard has-post-thumbnail hentry category-news\"><div class=\"ab-block-post-grid-image\"><a href=\"https:\/\/ntnui.no\/judo\/en\/2021\/08\/02\/new-semester-open-practise\/\" rel=\"bookmark\" aria-hidden=\"true\" tabindex=\"-1\"><img loading=\"lazy\" decoding=\"async\" width=\"3000\" height=\"1687\" src=\"https:\/\/ntnui.no\/judo\/wp-content\/uploads\/sites\/266\/2021\/08\/Webp.net-compress-image.jpg\" class=\"attachment-full size-full\" alt=\"\" \/><\/a><\/div><div class=\"ab-block-post-grid-text\"><header class=\"ab-block-post-grid-header\"><h3 class=\"ab-block-post-grid-title\"><a href=\"https:\/\/ntnui.no\/judo\/en\/2021\/08\/02\/new-semester-open-practise\/\" rel=\"bookmark\">New semester \/ Open practise<\/a><\/h3><div class=\"ab-block-post-grid-byline\"><div class=\"ab-block-post-grid-author\" itemprop=\"author\" itemtype=\"https:\/\/schema.org\/Person\"><a class=\"ab-text-link\" href=\"https:\/\/ntnui.no\/judo\/author\/georgvolden\/\" itemprop=\"url\" rel=\"author\"><span itemprop=\"name\">Sensei Georg<\/span><\/a><\/div><time datetime=\"2021-08-02T15:35:46+02:00\" class=\"ab-block-post-grid-date\" itemprop=\"datePublished\">02\/08\/2021<\/time><\/div><\/header><div class=\"ab-block-post-grid-excerpt\"><\/div><\/div><\/article>\n<article id=\"post-2406\" class=\"ab-post-grid-item post-2406 post type-post status-publish format-standard has-post-thumbnail hentry category-nyheter\"><div class=\"ab-block-post-grid-image\"><a href=\"https:\/\/ntnui.no\/judo\/2021\/08\/02\/nytt-semester-apen-trening\/\" rel=\"bookmark\" aria-hidden=\"true\" tabindex=\"-1\"><img loading=\"lazy\" decoding=\"async\" width=\"3000\" height=\"1687\" src=\"https:\/\/ntnui.no\/judo\/wp-content\/uploads\/sites\/266\/2021\/08\/Webp.net-compress-image.jpg\" class=\"attachment-full size-full\" alt=\"\" \/><\/a><\/div><div class=\"ab-block-post-grid-text\"><header class=\"ab-block-post-grid-header\"><h3 class=\"ab-block-post-grid-title\"><a href=\"https:\/\/ntnui.no\/judo\/2021\/08\/02\/nytt-semester-apen-trening\/\" rel=\"bookmark\">Nytt semester \/ \u00c5pen trening<\/a><\/h3><div class=\"ab-block-post-grid-byline\"><div class=\"ab-block-post-grid-author\" itemprop=\"author\" itemtype=\"https:\/\/schema.org\/Person\"><a class=\"ab-text-link\" href=\"https:\/\/ntnui.no\/judo\/author\/georgvolden\/\" itemprop=\"url\" rel=\"author\"><span itemprop=\"name\">Sensei Georg<\/span><\/a><\/div><time datetime=\"2021-08-02T15:20:48+02:00\" class=\"ab-block-post-grid-date\" itemprop=\"datePublished\">02\/08\/2021<\/time><\/div><\/header><div class=\"ab-block-post-grid-excerpt\"><\/div><\/div><\/article>\n<article id=\"post-2403\" class=\"ab-post-grid-item post-2403 post type-post status-publish format-standard has-post-thumbnail hentry category-news\"><div class=\"ab-block-post-grid-image\"><a href=\"https:\/\/ntnui.no\/judo\/en\/2021\/01\/05\/january-lockdown\/\" rel=\"bookmark\" aria-hidden=\"true\" tabindex=\"-1\"><img loading=\"lazy\" decoding=\"async\" width=\"3000\" height=\"2000\" src=\"https:\/\/ntnui.no\/judo\/wp-content\/uploads\/sites\/266\/2021\/01\/Webp.net-compress-image.jpg\" class=\"attachment-full size-full\" alt=\"\" \/><\/a><\/div><div class=\"ab-block-post-grid-text\"><header class=\"ab-block-post-grid-header\"><h3 class=\"ab-block-post-grid-title\"><a href=\"https:\/\/ntnui.no\/judo\/en\/2021\/01\/05\/january-lockdown\/\" rel=\"bookmark\">January lockdown<\/a><\/h3><div class=\"ab-block-post-grid-byline\"><div class=\"ab-block-post-grid-author\" itemprop=\"author\" itemtype=\"https:\/\/schema.org\/Person\"><a class=\"ab-text-link\" href=\"https:\/\/ntnui.no\/judo\/author\/georgvolden\/\" itemprop=\"url\" rel=\"author\"><span itemprop=\"name\">Sensei Georg<\/span><\/a><\/div><time datetime=\"2021-01-05T19:45:19+01:00\" class=\"ab-block-post-grid-date\" itemprop=\"datePublished\">05\/01\/2021<\/time><\/div><\/header><div class=\"ab-block-post-grid-excerpt\"><\/div><\/div><\/article>\n<article id=\"post-2400\" class=\"ab-post-grid-item post-2400 post type-post status-publish format-standard has-post-thumbnail hentry category-nyheter category-trening\"><div class=\"ab-block-post-grid-image\"><a href=\"https:\/\/ntnui.no\/judo\/2021\/01\/05\/nedstengning-i-januar\/\" rel=\"bookmark\" aria-hidden=\"true\" tabindex=\"-1\"><img loading=\"lazy\" decoding=\"async\" width=\"3000\" height=\"2000\" src=\"https:\/\/ntnui.no\/judo\/wp-content\/uploads\/sites\/266\/2021\/01\/Webp.net-compress-image.jpg\" class=\"attachment-full size-full\" alt=\"\" \/><\/a><\/div><div class=\"ab-block-post-grid-text\"><header class=\"ab-block-post-grid-header\"><h3 class=\"ab-block-post-grid-title\"><a href=\"https:\/\/ntnui.no\/judo\/2021\/01\/05\/nedstengning-i-januar\/\" rel=\"bookmark\">Nedstengning i januar<\/a><\/h3><div class=\"ab-block-post-grid-byline\"><div class=\"ab-block-post-grid-author\" itemprop=\"author\" itemtype=\"https:\/\/schema.org\/Person\"><a class=\"ab-text-link\" href=\"https:\/\/ntnui.no\/judo\/author\/georgvolden\/\" itemprop=\"url\" rel=\"author\"><span itemprop=\"name\">Sensei Georg<\/span><\/a><\/div><time datetime=\"2021-01-05T19:42:07+01:00\" class=\"ab-block-post-grid-date\" itemprop=\"datePublished\">05\/01\/2021<\/time><\/div><\/header><div class=\"ab-block-post-grid-excerpt\"><\/div><\/div><\/article>\n<article id=\"post-2378\" class=\"ab-post-grid-item post-2378 post type-post status-publish format-standard has-post-thumbnail hentry category-info category-news\"><div class=\"ab-block-post-grid-image\"><a href=\"https:\/\/ntnui.no\/judo\/en\/2020\/10\/04\/opening-phase-1\/\" rel=\"bookmark\" aria-hidden=\"true\" tabindex=\"-1\"><img loading=\"lazy\" decoding=\"async\" width=\"2560\" height=\"1707\" src=\"https:\/\/ntnui.no\/judo\/wp-content\/uploads\/sites\/266\/2020\/10\/pexels-artem-beliaikin-1036857-scaled.jpg\" class=\"attachment-full size-full\" alt=\"\" srcset=\"https:\/\/ntnui.no\/judo\/wp-content\/uploads\/sites\/266\/2020\/10\/pexels-artem-beliaikin-1036857-scaled.jpg 2560w, https:\/\/ntnui.no\/judo\/wp-content\/uploads\/sites\/266\/2020\/10\/pexels-artem-beliaikin-1036857-300x200.jpg 300w, https:\/\/ntnui.no\/judo\/wp-content\/uploads\/sites\/266\/2020\/10\/pexels-artem-beliaikin-1036857-1024x683.jpg 1024w, https:\/\/ntnui.no\/judo\/wp-content\/uploads\/sites\/266\/2020\/10\/pexels-artem-beliaikin-1036857-768x512.jpg 768w, https:\/\/ntnui.no\/judo\/wp-content\/uploads\/sites\/266\/2020\/10\/pexels-artem-beliaikin-1036857-1536x1024.jpg 1536w, https:\/\/ntnui.no\/judo\/wp-content\/uploads\/sites\/266\/2020\/10\/pexels-artem-beliaikin-1036857-2048x1365.jpg 2048w, https:\/\/ntnui.no\/judo\/wp-content\/uploads\/sites\/266\/2020\/10\/pexels-artem-beliaikin-1036857-600x400.jpg 600w, https:\/\/ntnui.no\/judo\/wp-content\/uploads\/sites\/266\/2020\/10\/pexels-artem-beliaikin-1036857-1736x1157.jpg 1736w\" sizes=\"auto, (max-width: 2560px) 100vw, 2560px\" \/><\/a><\/div><div class=\"ab-block-post-grid-text\"><header class=\"ab-block-post-grid-header\"><h3 class=\"ab-block-post-grid-title\"><a href=\"https:\/\/ntnui.no\/judo\/en\/2020\/10\/04\/opening-phase-1\/\" rel=\"bookmark\">Opening: Phase 1<\/a><\/h3><div class=\"ab-block-post-grid-byline\"><div class=\"ab-block-post-grid-author\" itemprop=\"author\" itemtype=\"https:\/\/schema.org\/Person\"><a class=\"ab-text-link\" href=\"https:\/\/ntnui.no\/judo\/author\/georgvolden\/\" itemprop=\"url\" rel=\"author\"><span itemprop=\"name\">Sensei Georg<\/span><\/a><\/div><time datetime=\"2020-10-04T20:03:21+02:00\" class=\"ab-block-post-grid-date\" itemprop=\"datePublished\">04\/10\/2020<\/time><\/div><\/header><div class=\"ab-block-post-grid-excerpt\"><\/div><\/div><\/article>\n<article id=\"post-2371\" class=\"ab-post-grid-item post-2371 post type-post status-publish format-standard has-post-thumbnail hentry category-info category-nyheter category-trening\"><div class=\"ab-block-post-grid-image\"><a href=\"https:\/\/ntnui.no\/judo\/2020\/10\/04\/apning-fase-1\/\" rel=\"bookmark\" aria-hidden=\"true\" tabindex=\"-1\"><img loading=\"lazy\" decoding=\"async\" width=\"2560\" height=\"1707\" src=\"https:\/\/ntnui.no\/judo\/wp-content\/uploads\/sites\/266\/2020\/10\/pexels-artem-beliaikin-1036857-scaled.jpg\" class=\"attachment-full size-full\" alt=\"\" srcset=\"https:\/\/ntnui.no\/judo\/wp-content\/uploads\/sites\/266\/2020\/10\/pexels-artem-beliaikin-1036857-scaled.jpg 2560w, https:\/\/ntnui.no\/judo\/wp-content\/uploads\/sites\/266\/2020\/10\/pexels-artem-beliaikin-1036857-300x200.jpg 300w, https:\/\/ntnui.no\/judo\/wp-content\/uploads\/sites\/266\/2020\/10\/pexels-artem-beliaikin-1036857-1024x683.jpg 1024w, https:\/\/ntnui.no\/judo\/wp-content\/uploads\/sites\/266\/2020\/10\/pexels-artem-beliaikin-1036857-768x512.jpg 768w, https:\/\/ntnui.no\/judo\/wp-content\/uploads\/sites\/266\/2020\/10\/pexels-artem-beliaikin-1036857-1536x1024.jpg 1536w, https:\/\/ntnui.no\/judo\/wp-content\/uploads\/sites\/266\/2020\/10\/pexels-artem-beliaikin-1036857-2048x1365.jpg 2048w, https:\/\/ntnui.no\/judo\/wp-content\/uploads\/sites\/266\/2020\/10\/pexels-artem-beliaikin-1036857-600x400.jpg 600w, https:\/\/ntnui.no\/judo\/wp-content\/uploads\/sites\/266\/2020\/10\/pexels-artem-beliaikin-1036857-1736x1157.jpg 1736w\" sizes=\"auto, (max-width: 2560px) 100vw, 2560px\" \/><\/a><\/div><div class=\"ab-block-post-grid-text\"><header class=\"ab-block-post-grid-header\"><h3 class=\"ab-block-post-grid-title\"><a href=\"https:\/\/ntnui.no\/judo\/2020\/10\/04\/apning-fase-1\/\" rel=\"bookmark\">\u00c5pning: Fase 1<\/a><\/h3><div class=\"ab-block-post-grid-byline\"><div class=\"ab-block-post-grid-author\" itemprop=\"author\" itemtype=\"https:\/\/schema.org\/Person\"><a class=\"ab-text-link\" href=\"https:\/\/ntnui.no\/judo\/author\/georgvolden\/\" itemprop=\"url\" rel=\"author\"><span itemprop=\"name\">Sensei Georg<\/span><\/a><\/div><time datetime=\"2020-10-04T19:26:15+02:00\" class=\"ab-block-post-grid-date\" itemprop=\"datePublished\">04\/10\/2020<\/time><\/div><\/header><div class=\"ab-block-post-grid-excerpt\"><\/div><\/div><\/article>\n<\/div><\/section>\n\n\n\t\t<div id=\"sbi_mod_error\" >\n\t\t\t<span>This error message is only visible to WordPress admins<\/span><br \/>\n\t\t\t<p><strong>Error: No feed found.<\/strong>\n\t\t\t<p>Please go to the Instagram Feed settings page to create a feed.<\/p>\n\t\t<\/div>\n\t\t\n\n\n\n<p><\/p>\n","protected":false},"excerpt":{"rendered":"<p>Gruppa v\u00e5r Vi er en gjeng judout\u00f8vere lojale til universitetets store stolthet, NTNUI. Enten du har trent judo i mange \u00e5r, eller du er riv rykende fersk, er du velkommen til \u00e5 bli med \u00e5 trene med oss n\u00e5r som helst! Hvor: Sit Gl\u00f8shaugen idrettsbygg, Chr. Fredericks gate 20. N\u00e5r: Mandager 19:00-20:30 \u2013 for erfarne [&hellip;]<\/p>\n","protected":false},"author":7,"featured_media":0,"parent":0,"menu_order":0,"comment_status":"closed","ping_status":"closed","template":"","meta":{"_coblocks_attr":"HelveticaMontserrat,,Helvetica","_coblocks_dimensions":"","_coblocks_responsive_height":"","_coblocks_accordion_ie_support":"","_price":"","_stock":"","_tribe_ticket_header":"","_tribe_default_ticket_provider":"","_tribe_ticket_capacity":"0","_ticket_start_date":"","_ticket_end_date":"","_tribe_ticket_show_description":"","_tribe_ticket_show_not_going":false,"_tribe_ticket_use_global_stock":"","_tribe_ticket_global_stock_level":"","_global_stock_mode":"","_global_stock_cap":"","_tribe_rsvp_for_event":"","_tribe_ticket_going_count":"","_tribe_ticket_not_going_count":"","_tribe_tickets_list":[],"_tribe_ticket_has_attendee_info_fields":false,"footnotes":""},"class_list":["post-7","page","type-page","status-publish","hentry"],"featured_image_src":null,"featured_image_src_square":null,"_links":{"self":[{"href":"https:\/\/ntnui.no\/judo\/wp-json\/wp\/v2\/pages\/7","targetHints":{"allow":["GET"]}}],"collection":[{"href":"https:\/\/ntnui.no\/judo\/wp-json\/wp\/v2\/pages"}],"about":[{"href":"https:\/\/ntnui.no\/judo\/wp-json\/wp\/v2\/types\/page"}],"author":[{"embeddable":true,"href":"https:\/\/ntnui.no\/judo\/wp-json\/wp\/v2\/users\/7"}],"replies":[{"embeddable":true,"href":"https:\/\/ntnui.no\/judo\/wp-json\/wp\/v2\/comments?post=7"}],"version-history":[{"count":17,"href":"https:\/\/ntnui.no\/judo\/wp-json\/wp\/v2\/pages\/7\/revisions"}],"predecessor-version":[{"id":2677,"href":"https:\/\/ntnui.no\/judo\/wp-json\/wp\/v2\/pages\/7\/revisions\/2677"}],"wp:attachment":[{"href":"https:\/\/ntnui.no\/judo\/wp-json\/wp\/v2\/media?parent=7"}],"curies":[{"name":"wp","href":"https:\/\/api.w.org\/{rel}","templated":true}]}}