{"id":648,"date":"2021-04-16T17:57:23","date_gmt":"2021-04-16T17:57:23","guid":{"rendered":"https:\/\/ntnui.no\/handball\/?page_id=648"},"modified":"2026-04-14T14:04:00","modified_gmt":"2026-04-14T14:04:00","slug":"lagene-vare","status":"publish","type":"page","link":"https:\/\/ntnui.no\/handball\/lagene-vare\/","title":{"rendered":"Lagene v\u00e5re"},"content":{"rendered":"\n<p>Vi har til sammen fire herrelag og syv damelag spredt p\u00e5 forskjellige divisjoner, i tillegg til et mosjonstilbud. P\u00e5 denne m\u00e5ten blir vi vi et attraktivt tilbud for mange, fra spillere p\u00e5 eliteniv\u00e5 til mosjonister. Med s\u00e5 mange spillere er vi ogs\u00e5 en klubb med et godt sosialt milj\u00f8, p\u00e5 tvers av v\u00e5re elleve lag.<\/p>\n\n\n\n<figure class=\"wp-block-image size-large\"><img loading=\"lazy\" decoding=\"async\" width=\"940\" height=\"788\" src=\"https:\/\/ntnui.no\/handball\/wp-content\/uploads\/sites\/259\/2024\/06\/EBDB1021-BD1B-4131-8D14-7660BCBF3FBD.png\" alt=\"\" class=\"wp-image-1774\" \/><\/figure>\n\n\n\n<div class=\"wp-block-atomic-blocks-ab-columns ab-layout-columns-2 ab-2-col-equal\"><div class=\"ab-layout-column-wrap ab-block-layout-column-gap-2 ab-is-responsive-column\">\n<div class=\"wp-block-atomic-blocks-ab-column ab-block-layout-column\"><div class=\"ab-block-layout-column-inner\">\n<div class=\"wp-block-buttons is-layout-flex wp-block-buttons-is-layout-flex\">\n<div class=\"wp-block-button is-style-outline is-style-outline--1\"><a class=\"wp-block-button__link has-background wp-element-button\" href=\"https:\/\/ntnui.no\/handball\/d1\" style=\"background:radial-gradient(rgb(202,248,128) 0%,rgb(113,206,126) 100%)\">D1 &#8211; 3. divisjon<\/a><\/div>\n\n\n\n<div class=\"wp-block-button is-style-outline is-style-outline--2\"><a class=\"wp-block-button__link has-background wp-element-button\" href=\"https:\/\/ntnui.no\/handball\/d2\" style=\"background:radial-gradient(rgb(202,248,128) 0%,rgb(113,206,126) 100%)\">D2 &#8211; 3.divisjon<\/a><\/div>\n\n\n\n<div class=\"wp-block-button is-style-outline is-style-outline--3\"><a class=\"wp-block-button__link has-background wp-element-button\" href=\"https:\/\/ntnui.no\/handball\/d3\" style=\"background:radial-gradient(rgb(202,248,128) 0%,rgb(113,206,126) 100%)\">D3 &#8211; 4.divisjon<\/a><\/div>\n\n\n\n<div class=\"wp-block-button is-style-outline is-style-outline--4\"><a class=\"wp-block-button__link has-background wp-element-button\" href=\"https:\/\/ntnui.no\/handball\/d4\" style=\"background:radial-gradient(rgb(202,248,128) 0%,rgb(113,206,126) 100%)\">D4 &#8211; 4.divisjon<\/a><\/div>\n\n\n\n<div class=\"wp-block-button is-style-outline is-style-outline--5\"><a class=\"wp-block-button__link has-background wp-element-button\" href=\"https:\/\/ntnui.no\/handball\/b1\" style=\"background:radial-gradient(rgb(202,248,128) 0%,rgb(113,206,126) 100%)\">D5 &#8211; 5. divisjon<\/a><\/div>\n\n\n\n<div class=\"wp-block-button is-style-outline is-style-outline--6\"><a class=\"wp-block-button__link has-background wp-element-button\" href=\"https:\/\/ntnui.no\/handball\/b2\" style=\"background:radial-gradient(rgb(202,248,128) 0%,rgb(113,206,126) 100%)\">D6 &#8211; 5.divisjon<\/a><\/div>\n\n\n\n<div class=\"wp-block-button is-style-outline is-style-outline--7\"><a class=\"wp-block-button__link has-background wp-element-button\" href=\"https:\/\/ntnui.no\/handball\/d7\/\" style=\"background:radial-gradient(rgb(202,248,128) 0%,rgb(113,206,126) 100%)\">D7 &#8211; 5.divisjon<\/a><\/div>\n<\/div>\n<\/div><\/div>\n\n\n\n<div class=\"wp-block-atomic-blocks-ab-column ab-block-layout-column\"><div class=\"ab-block-layout-column-inner\">\n<div class=\"wp-block-buttons is-layout-flex wp-block-buttons-is-layout-flex\">\n<div class=\"wp-block-button is-style-outline is-style-outline--8\"><a class=\"wp-block-button__link has-background wp-element-button\" href=\"https:\/\/ntnui.no\/handball\/h1\" style=\"background:radial-gradient(rgb(202,248,128) 0%,rgb(113,206,126) 100%)\">H1 &#8211; 2.divisjon<\/a><\/div>\n\n\n\n<div class=\"wp-block-button is-style-outline is-style-outline--9\"><a class=\"wp-block-button__link has-background wp-element-button\" href=\"https:\/\/ntnui.no\/handball\/h2\" style=\"background:radial-gradient(rgb(202,248,128) 0%,rgb(113,206,126) 100%)\">H2 &#8211; 3.divisjon<\/a><\/div>\n\n\n\n<div class=\"wp-block-button is-style-outline is-style-outline--10\"><a class=\"wp-block-button__link has-background wp-element-button\" href=\"https:\/\/ntnui.no\/handball\/h3\" style=\"background:radial-gradient(rgb(202,248,128) 0%,rgb(113,206,126) 100%)\">H3 &#8211; 4.divisjon<\/a><\/div>\n\n\n\n<div class=\"wp-block-button is-style-outline is-style-outline--11\"><a class=\"wp-block-button__link has-background wp-element-button\" href=\"https:\/\/ntnui.no\/handball\/h4\" style=\"background:radial-gradient(rgb(202,248,128) 0%,rgb(113,206,126) 100%)\">H4 &#8211; 4. divisjon<\/a><\/div>\n<\/div>\n<\/div><\/div>\n<\/div><\/div>\n\n\n\n<p><\/p>\n","protected":false},"excerpt":{"rendered":"<p>Vi har til sammen fire herrelag og syv damelag spredt p\u00e5 forskjellige divisjoner, i tillegg til et mosjonstilbud. P\u00e5 denne m\u00e5ten blir vi vi et attraktivt tilbud for mange, fra spillere p\u00e5 eliteniv\u00e5 til mosjonister. Med s\u00e5 mange spillere er vi ogs\u00e5 en klubb med et godt sosialt milj\u00f8, p\u00e5 tvers av v\u00e5re elleve lag.<\/p>\n","protected":false},"author":182,"featured_media":0,"parent":0,"menu_order":0,"comment_status":"closed","ping_status":"closed","template":"","meta":{"_coblocks_attr":"","_coblocks_dimensions":"","_coblocks_responsive_height":"","_coblocks_accordion_ie_support":"","_price":"","_stock":"","_tribe_ticket_header":"","_tribe_default_ticket_provider":"","_tribe_ticket_capacity":"0","_ticket_start_date":"","_ticket_end_date":"","_tribe_ticket_show_description":"","_tribe_ticket_show_not_going":false,"_tribe_ticket_use_global_stock":"","_tribe_ticket_global_stock_level":"","_global_stock_mode":"","_global_stock_cap":"","_tribe_rsvp_for_event":"","_tribe_ticket_going_count":"","_tribe_ticket_not_going_count":"","_tribe_tickets_list":[],"_tribe_ticket_has_attendee_info_fields":false,"_EventAllDay":false,"_EventTimezone":"","_EventStartDate":"","_EventEndDate":"","_EventStartDateUTC":"","_EventEndDateUTC":"","_EventShowMap":false,"_EventShowMapLink":false,"_EventURL":"","_EventCost":"","_EventCostDescription":"","_EventCurrencySymbol":"","_EventCurrencyPosition":"","_EventDateTimeSeparator":"","_EventTimeRangeSeparator":"","_EventOrganizerID":[],"_EventVenueID":0,"_OrganizerEmail":"","_OrganizerPhone":"","_OrganizerWebsite":"","_VenueAddress":"","_VenueCity":"","_VenueCountry":"","_VenueProvince":"","_VenueZip":"","_VenuePhone":"","_VenueURL":"","_VenueStateProvince":"","_VenueLat":"","_VenueLng":"","footnotes":""},"class_list":["post-648","page","type-page","status-publish","hentry"],"featured_image_src":null,"featured_image_src_square":null,"_links":{"self":[{"href":"https:\/\/ntnui.no\/handball\/wp-json\/wp\/v2\/pages\/648","targetHints":{"allow":["GET"]}}],"collection":[{"href":"https:\/\/ntnui.no\/handball\/wp-json\/wp\/v2\/pages"}],"about":[{"href":"https:\/\/ntnui.no\/handball\/wp-json\/wp\/v2\/types\/page"}],"author":[{"embeddable":true,"href":"https:\/\/ntnui.no\/handball\/wp-json\/wp\/v2\/users\/182"}],"replies":[{"embeddable":true,"href":"https:\/\/ntnui.no\/handball\/wp-json\/wp\/v2\/comments?post=648"}],"version-history":[{"count":20,"href":"https:\/\/ntnui.no\/handball\/wp-json\/wp\/v2\/pages\/648\/revisions"}],"predecessor-version":[{"id":2179,"href":"https:\/\/ntnui.no\/handball\/wp-json\/wp\/v2\/pages\/648\/revisions\/2179"}],"wp:attachment":[{"href":"https:\/\/ntnui.no\/handball\/wp-json\/wp\/v2\/media?parent=648"}],"curies":[{"name":"wp","href":"https:\/\/api.w.org\/{rel}","templated":true}]}}