{"id":632,"date":"2021-04-16T17:29:19","date_gmt":"2021-04-16T17:29:19","guid":{"rendered":"https:\/\/ntnui.no\/handball\/?page_id=632"},"modified":"2021-04-16T17:29:19","modified_gmt":"2021-04-16T17:29:19","slug":"dommerrollen","status":"publish","type":"page","link":"https:\/\/ntnui.no\/handball\/dommerrollen\/","title":{"rendered":"Dommerrollen"},"content":{"rendered":"\n<p>Klubben har et ansvar om \u00e5 stille minst fire dommere til hver sesong avhengig av antall lag. Disse fire dommerne m\u00e5 d\u00f8mme minimum 15 kamper hver i l\u00f8pet av en sesong. Region Nord trenger s\u00e5 mange dommere som mulig, derfor er vi takknemlige for flere dommere som representerer v\u00e5r klubb!<\/p>\n\n\n\n<p>Som dommer slipper du dugnad i klubben. I tillegg f\u00e5r du betalt for hver kamp du d\u00f8mmer. Dermed er dette en fin ekstrajobb ved siden av studiene. Det g\u00e5r fint ann \u00e5 kombinere spilling og d\u00f8mming. P\u00e5 dommersidene er det mulig \u00e5 sperre datoer man ikke kan d\u00f8mme, for eksempel datoer du har eksamen eller har egne kamper. Du har ogs\u00e5 muligheten til \u00e5 avgrense hvilke haller man \u00f8nsker \u00e5 stille som dommer i. Samtidig som det er mulig \u00e5 komme med en prioriteringsliste over hvilke dommere man helst \u00f8nsker \u00e5 d\u00f8mme sammen med. <\/p>\n\n\n\n<p>Har du sp\u00f8rsm\u00e5l om dommerrollen eller \u00f8nske \u00e5 melde deg som dommer? Kontakt nestleder p\u00e5 <a href=\"mailto:handball-nestleder@ntnui.no\">handball-nestleder@ntnui.no<\/a><\/p>\n","protected":false},"excerpt":{"rendered":"<p>Klubben har et ansvar om \u00e5 stille minst fire dommere til hver sesong avhengig av antall lag. Disse fire dommerne m\u00e5 d\u00f8mme minimum 15 kamper hver i l\u00f8pet av en sesong. Region Nord trenger s\u00e5 mange dommere som mulig, derfor er vi takknemlige for flere dommere som representerer v\u00e5r klubb! Som dommer slipper du dugnad [&hellip;]<\/p>\n","protected":false},"author":182,"featured_media":0,"parent":0,"menu_order":0,"comment_status":"closed","ping_status":"closed","template":"","meta":{"_coblocks_attr":"","_coblocks_dimensions":"","_coblocks_responsive_height":"","_coblocks_accordion_ie_support":"","_price":"","_stock":"","_tribe_ticket_header":"","_tribe_default_ticket_provider":"","_tribe_ticket_capacity":"0","_ticket_start_date":"","_ticket_end_date":"","_tribe_ticket_show_description":"","_tribe_ticket_show_not_going":false,"_tribe_ticket_use_global_stock":"","_tribe_ticket_global_stock_level":"","_global_stock_mode":"","_global_stock_cap":"","_tribe_rsvp_for_event":"","_tribe_ticket_going_count":"","_tribe_ticket_not_going_count":"","_tribe_tickets_list":[],"_tribe_ticket_has_attendee_info_fields":false,"_EventAllDay":false,"_EventTimezone":"","_EventStartDate":"","_EventEndDate":"","_EventStartDateUTC":"","_EventEndDateUTC":"","_EventShowMap":false,"_EventShowMapLink":false,"_EventURL":"","_EventCost":"","_EventCostDescription":"","_EventCurrencySymbol":"","_EventCurrencyPosition":"","_EventDateTimeSeparator":"","_EventTimeRangeSeparator":"","_EventOrganizerID":[],"_EventVenueID":0,"_OrganizerEmail":"","_OrganizerPhone":"","_OrganizerWebsite":"","_VenueAddress":"","_VenueCity":"","_VenueCountry":"","_VenueProvince":"","_VenueZip":"","_VenuePhone":"","_VenueURL":"","_VenueStateProvince":"","_VenueLat":"","_VenueLng":"","footnotes":""},"class_list":["post-632","page","type-page","status-publish","hentry"],"featured_image_src":null,"featured_image_src_square":null,"_links":{"self":[{"href":"https:\/\/ntnui.no\/handball\/wp-json\/wp\/v2\/pages\/632","targetHints":{"allow":["GET"]}}],"collection":[{"href":"https:\/\/ntnui.no\/handball\/wp-json\/wp\/v2\/pages"}],"about":[{"href":"https:\/\/ntnui.no\/handball\/wp-json\/wp\/v2\/types\/page"}],"author":[{"embeddable":true,"href":"https:\/\/ntnui.no\/handball\/wp-json\/wp\/v2\/users\/182"}],"replies":[{"embeddable":true,"href":"https:\/\/ntnui.no\/handball\/wp-json\/wp\/v2\/comments?post=632"}],"version-history":[{"count":1,"href":"https:\/\/ntnui.no\/handball\/wp-json\/wp\/v2\/pages\/632\/revisions"}],"predecessor-version":[{"id":633,"href":"https:\/\/ntnui.no\/handball\/wp-json\/wp\/v2\/pages\/632\/revisions\/633"}],"wp:attachment":[{"href":"https:\/\/ntnui.no\/handball\/wp-json\/wp\/v2\/media?parent=632"}],"curies":[{"name":"wp","href":"https:\/\/api.w.org\/{rel}","templated":true}]}}