{"id":600,"date":"2021-04-16T15:33:46","date_gmt":"2021-04-16T15:33:46","guid":{"rendered":"https:\/\/ntnui.no\/handball\/?page_id=600"},"modified":"2025-04-29T15:38:35","modified_gmt":"2025-04-29T15:38:35","slug":"600-2","status":"publish","type":"page","link":"https:\/\/ntnui.no\/handball\/en\/600-2\/","title":{"rendered":""},"content":{"rendered":"\n<h1 class=\"wp-block-heading has-text-align-center\">NTNUI Handball<\/h1>\n\n\n\n<figure class=\"wp-block-pullquote has-border-color\" style=\"border-color:#358b04\"><blockquote><p>More than just handball<\/p><cite>&#8220;Mye mer enn bare h\u00e5ndball&#8221;<\/cite><\/blockquote><\/figure>\n\n\n\n<div class=\"wp-block-atomic-blocks-ab-columns ab-layout-columns-2 ab-2-col-equal\"><div class=\"ab-layout-column-wrap ab-block-layout-column-gap-2 ab-is-responsive-column\">\n<div class=\"wp-block-atomic-blocks-ab-column ab-block-layout-column\"><div class=\"ab-block-layout-column-inner\">\n<p>Welcome to NTNUI H\u00e5ndball; handball for students at NTNU. We are a bunch of handball loving students who spend a lot of time together on and off field.  <\/p>\n<\/div><\/div>\n\n\n\n<div class=\"wp-block-atomic-blocks-ab-column ab-block-layout-column\"><div class=\"ab-block-layout-column-inner\">\n<p>Our club has ten teams with different ambitions; four male team and six female team. <\/p>\n<\/div><\/div>\n<\/div><\/div>\n\n\n\n<p>Because we have a lot of students who wants to join us, we have try outs every august at the start of the fall semester. You can find information under &#8220;Try outs&#8221;. Try outs for the 24\/25 season are closed.<\/p>\n\n\n\n<p style=\"line-height:2.04\" class=\"has-custom-lineheight\">If you seek more information in english or have questions regarding playing handball in Trondheim, do not hesitate to send an email to ingvild.haugen@ntnui.no<\/p>\n\n\n\n<p class=\"has-text-align-center\" style=\"font-size:45px\"><strong>Open handball practice<\/strong><\/p>\n\n\n\n<p>Every wednesday from kl 15-16, we arrange open handball practice in cooperation with SIT Trening. We train at Idrettsbygget Gl\u00f8shaugen, which you find <a href=\"https:\/\/www.google.com\/maps\/place\/Idrettsbygget+Gl%C3%B8shaugen,+Chr.+Frederiks+gate+20,+7030+Trondheim,+Norge\/@63.4186503,10.401007,14.35z\/data=!4m5!3m4!1s0x466d31960bb0bf33:0x7eb9ee8d0fe9ba31!8m2!3d63.4211051!4d10.4048871\"><strong>HERE<\/strong><\/a>. You need to book a place at the exercise, which you can do <a href=\"https:\/\/www.sit.no\/trening\/gruppe\" target=\"_blank\" rel=\"noreferrer noopener\"><strong>HERE<\/strong><\/a> under &#8220;H\u00e5ndball&#8221;.<\/p>\n\n\n\n<p>You don\u00b4t need to know handball at a specific level to join, everyone is welcome!<\/p>\n\n\n\n<div class=\"wp-block-coblocks-gallery-collage is-style-tiled has-caption-style-light has-lightbox has-small-gutter\"><ul><li class=\"wp-block-coblocks-gallery-collage__item item-1\"><figure class=\"wp-block-coblocks-gallery-collage__figure\"><img loading=\"lazy\" decoding=\"async\" width=\"1033\" height=\"454\" src=\"https:\/\/ntnui.no\/handball\/wp-content\/uploads\/sites\/259\/2021\/04\/Skjermbilde-2021-04-16-kl.-17.12.05.png\" alt=\"Foto: Tirill S\u00f8g\u00e5rd Tr\u00e6tli\" data-index=\"0\" data-id=\"591\" data-imglink=\"\" data-link=\"https:\/\/ntnui.no\/handball\/skjermbilde-2021-04-16-kl-17-12-05\/\" class=\"wp-image-591\" \/><figcaption class=\"wp-block-coblocks-gallery-collage__caption\">Foto: Tirill S\u00f8g\u00e5rd Tr\u00e6tli<\/figcaption><\/figure><\/li><li class=\"wp-block-coblocks-gallery-collage__item item-2\"><figure class=\"wp-block-coblocks-gallery-collage__figure\"><img loading=\"lazy\" decoding=\"async\" width=\"1024\" height=\"768\" src=\"https:\/\/ntnui.no\/handball\/wp-content\/uploads\/sites\/259\/2020\/06\/5949503D-BC41-4114-87BE-265E400392EC-1024x768.jpeg\" alt=\"\" data-index=\"1\" data-id=\"441\" data-imglink=\"\" data-link=\"https:\/\/ntnui.no\/handball\/2021\/04\/14\/440\/5949503d-bc41-4114-87be-265e400392ec\/\" class=\"wp-image-441\" srcset=\"https:\/\/ntnui.no\/handball\/wp-content\/uploads\/sites\/259\/2020\/06\/5949503D-BC41-4114-87BE-265E400392EC-1024x768.jpeg 1024w, https:\/\/ntnui.no\/handball\/wp-content\/uploads\/sites\/259\/2020\/06\/5949503D-BC41-4114-87BE-265E400392EC-300x225.jpeg 300w, https:\/\/ntnui.no\/handball\/wp-content\/uploads\/sites\/259\/2020\/06\/5949503D-BC41-4114-87BE-265E400392EC-768x576.jpeg 768w, https:\/\/ntnui.no\/handball\/wp-content\/uploads\/sites\/259\/2020\/06\/5949503D-BC41-4114-87BE-265E400392EC-1536x1152.jpeg 1536w, https:\/\/ntnui.no\/handball\/wp-content\/uploads\/sites\/259\/2020\/06\/5949503D-BC41-4114-87BE-265E400392EC-1736x1302.jpeg 1736w, https:\/\/ntnui.no\/handball\/wp-content\/uploads\/sites\/259\/2020\/06\/5949503D-BC41-4114-87BE-265E400392EC-600x450.jpeg 600w, https:\/\/ntnui.no\/handball\/wp-content\/uploads\/sites\/259\/2020\/06\/5949503D-BC41-4114-87BE-265E400392EC.jpeg 2048w\" sizes=\"auto, (max-width: 1024px) 100vw, 1024px\" \/><figcaption class=\"wp-block-coblocks-gallery-collage__caption\"><\/figcaption><\/figure><\/li><li class=\"wp-block-coblocks-gallery-collage__item item-3\"><figure class=\"wp-block-coblocks-gallery-collage__figure\"><img loading=\"lazy\" decoding=\"async\" width=\"960\" height=\"720\" src=\"https:\/\/ntnui.no\/handball\/wp-content\/uploads\/sites\/259\/2021\/04\/image.jpeg\" alt=\"\" data-index=\"2\" data-id=\"522\" data-imglink=\"\" data-link=\"https:\/\/ntnui.no\/handball\/informasjon\/image-2\/\" class=\"wp-image-522\" \/><figcaption class=\"wp-block-coblocks-gallery-collage__caption\"><\/figcaption><\/figure><\/li><li class=\"wp-block-coblocks-gallery-collage__item item-4\"><figure class=\"wp-block-coblocks-gallery-collage__figure\"><img loading=\"lazy\" decoding=\"async\" width=\"1600\" height=\"900\" src=\"https:\/\/ntnui.no\/handball\/wp-content\/uploads\/sites\/259\/2021\/04\/lagbilde-B1B2.jpeg\" alt=\"\" data-index=\"3\" data-id=\"586\" data-imglink=\"\" data-link=\"https:\/\/ntnui.no\/handball\/lagbilde-b1b2\/\" class=\"wp-image-586\" \/><figcaption class=\"wp-block-coblocks-gallery-collage__caption\">Foto: Roland Richter\/ NTNUI<\/figcaption><\/figure><\/li><\/ul><\/div>\n","protected":false},"excerpt":{"rendered":"<p>NTNUI Handball More than just handball &#8220;Mye mer enn bare h\u00e5ndball&#8221; Because we have a lot of students who wants to join us, we have try outs every august at the start of the fall semester. You can find information under &#8220;Try outs&#8221;. Try outs for the 24\/25 season are closed. If you seek more [&hellip;]<\/p>\n","protected":false},"author":375,"featured_media":0,"parent":0,"menu_order":0,"comment_status":"closed","ping_status":"closed","template":"","meta":{"_coblocks_attr":"","_coblocks_dimensions":"","_coblocks_responsive_height":"","_coblocks_accordion_ie_support":"","_price":"","_stock":"","_tribe_ticket_header":"","_tribe_default_ticket_provider":"","_tribe_ticket_capacity":"0","_ticket_start_date":"","_ticket_end_date":"","_tribe_ticket_show_description":"","_tribe_ticket_show_not_going":false,"_tribe_ticket_use_global_stock":"","_tribe_ticket_global_stock_level":"","_global_stock_mode":"","_global_stock_cap":"","_tribe_rsvp_for_event":"","_tribe_ticket_going_count":"","_tribe_ticket_not_going_count":"","_tribe_tickets_list":[],"_tribe_ticket_has_attendee_info_fields":false,"_EventAllDay":false,"_EventTimezone":"","_EventStartDate":"","_EventEndDate":"","_EventStartDateUTC":"","_EventEndDateUTC":"","_EventShowMap":false,"_EventShowMapLink":false,"_EventURL":"","_EventCost":"","_EventCostDescription":"","_EventCurrencySymbol":"","_EventCurrencyPosition":"","_EventDateTimeSeparator":"","_EventTimeRangeSeparator":"","_EventOrganizerID":[],"_EventVenueID":0,"_OrganizerEmail":"","_OrganizerPhone":"","_OrganizerWebsite":"","_VenueAddress":"","_VenueCity":"","_VenueCountry":"","_VenueProvince":"","_VenueZip":"","_VenuePhone":"","_VenueURL":"","_VenueStateProvince":"","_VenueLat":"","_VenueLng":"","footnotes":""},"class_list":["post-600","page","type-page","status-publish","hentry"],"featured_image_src":null,"featured_image_src_square":null,"_links":{"self":[{"href":"https:\/\/ntnui.no\/handball\/wp-json\/wp\/v2\/pages\/600","targetHints":{"allow":["GET"]}}],"collection":[{"href":"https:\/\/ntnui.no\/handball\/wp-json\/wp\/v2\/pages"}],"about":[{"href":"https:\/\/ntnui.no\/handball\/wp-json\/wp\/v2\/types\/page"}],"author":[{"embeddable":true,"href":"https:\/\/ntnui.no\/handball\/wp-json\/wp\/v2\/users\/375"}],"replies":[{"embeddable":true,"href":"https:\/\/ntnui.no\/handball\/wp-json\/wp\/v2\/comments?post=600"}],"version-history":[{"count":11,"href":"https:\/\/ntnui.no\/handball\/wp-json\/wp\/v2\/pages\/600\/revisions"}],"predecessor-version":[{"id":1928,"href":"https:\/\/ntnui.no\/handball\/wp-json\/wp\/v2\/pages\/600\/revisions\/1928"}],"wp:attachment":[{"href":"https:\/\/ntnui.no\/handball\/wp-json\/wp\/v2\/media?parent=600"}],"curies":[{"name":"wp","href":"https:\/\/api.w.org\/{rel}","templated":true}]}}