{"id":567,"date":"2021-04-14T21:21:18","date_gmt":"2021-04-14T21:21:18","guid":{"rendered":"https:\/\/ntnui.no\/handball\/?page_id=567"},"modified":"2025-08-27T19:11:12","modified_gmt":"2025-08-27T19:11:12","slug":"ntnui-handball","status":"publish","type":"page","link":"https:\/\/ntnui.no\/handball\/","title":{"rendered":""},"content":{"rendered":"\n<h1 class=\"wp-block-heading has-text-align-center has-dark-black-color has-text-color\">NTNUI H\u00e5ndball<\/h1>\n\n\n\n<figure class=\"wp-block-pullquote is-style-default has-border-color has-dark-black-color has-text-color\" style=\"border-color:#20c150\"><blockquote><p>Mye mer enn bare h\u00e5ndball<\/p><cite>Skap vennskap for livet<\/cite><\/blockquote><\/figure>\n\n\n\n<p>Velkommen til NTNUI H\u00e5ndball. Vi er en gjeng med h\u00e5ndballglade studenter som spiller h\u00e5ndball spredt fra 2.divisjon til 5.divisjon. Vi tilbyr ogs\u00e5 et mosjonstilbud for de som \u00f8nsker \u00e5 pr\u00f8ve favorittsporten v\u00e5r.<br><br>I tillegg til masse h\u00e5ndball har vi et veldig godt samhold utenfor parketten. Det er b\u00e5de lagfester, fellesfester, treningsleir, arrkomkamper og andre aktiviteter.<\/p>\n\n\n\n<p>Ta en titt rundt p\u00e5 nettsiden v\u00e5r da vel!<\/p>\n\n\n\n<div class=\"wp-block-buttons is-layout-flex wp-block-buttons-is-layout-flex\">\n<div class=\"wp-block-button is-style-outline is-style-outline--1\"><a class=\"wp-block-button__link has-electric-grass-gradient-background has-background wp-element-button\" href=\"https:\/\/ntnui.no\/handball\/om-ntnui-handball-2\/\">Mer om NTNUI H\u00e5ndball<\/a><\/div>\n\n\n\n<div class=\"wp-block-button is-style-outline is-style-outline--2\"><a class=\"wp-block-button__link has-electric-grass-gradient-background has-background wp-element-button\" href=\"https:\/\/ntnui.no\/handball\/lagene-vare\/\">V\u00e5re lag<\/a><\/div>\n\n\n\n<div class=\"wp-block-button is-style-outline is-style-outline--3\"><a class=\"wp-block-button__link has-electric-grass-gradient-background has-background wp-element-button\" href=\"https:\/\/ntnui.no\/handball\/info\/\">Informasjon til medlemmer<\/a><\/div>\n\n\n\n<div class=\"wp-block-button is-style-outline is-style-outline--4\"><a class=\"wp-block-button__link has-electric-grass-gradient-background has-background wp-element-button\" href=\"https:\/\/ntnui.no\/handball\/dugnader\/\" target=\"_blank\" rel=\"noreferrer noopener\">Dugnader<\/a><\/div>\n<\/div>\n\n\n\n<div aria-label=\"Carousel Gallery\" class=\"wp-block-coblocks-gallery-carousel\"><div class=\"coblocks-gallery-carousel-swiper-container is-cropped coblocks-gallery has-no-alignment has-caption-style-dark has-horizontal-gutter has-lightbox has-no-thumbnails\"><div class=\"has-carousel has-carousel-lrg swiper-container\" data-swiper=\"{&quot;alignCells&quot;:false,&quot;autoPlay&quot;:false,&quot;autoPlaySpeed&quot;:3000,&quot;draggable&quot;:true,&quot;freeMode&quot;:false,&quot;loop&quot;:false,&quot;navigation&quot;:true,&quot;pageDots&quot;:false,&quot;pauseHover&quot;:false,&quot;responsiveHeight&quot;:false,&quot;slidesPerView&quot;:2,&quot;thumbnails&quot;:false,&quot;uuid&quot;:&quot;12345&quot;}\" style=\"height:409px\"><div class=\"swiper-wrapper\"><div class=\"swiper-slide\"><div class=\"coblocks-gallery--item\" role=\"button\"><figure class=\"coblocks-gallery--figure has-margin-left-5 has-margin-left-mobile-15 has-margin-right-5 has-margin-right-mobile-15\"><img loading=\"lazy\" decoding=\"async\" width=\"1890\" height=\"1063\" alt=\"\" class=\"wp-image-974\" data-id=\"974\" data-link=\"https:\/\/ntnui.no\/handball\/rrichter_h1mks-114\/\" src=\"https:\/\/ntnui.no\/handball\/wp-content\/uploads\/sites\/259\/2021\/09\/RRichter_H1MKS-114.jpg\" \/><\/figure><figcaption class=\"coblocks-gallery--caption coblocks-gallery--primary-caption\"><\/figcaption><\/div><\/div><div class=\"swiper-slide\"><div class=\"coblocks-gallery--item\" role=\"button\"><figure class=\"coblocks-gallery--figure has-margin-left-5 has-margin-left-mobile-15 has-margin-right-5 has-margin-right-mobile-15\"><img loading=\"lazy\" decoding=\"async\" width=\"1600\" height=\"900\" alt=\"\" class=\"wp-image-586\" data-id=\"586\" data-link=\"https:\/\/ntnui.no\/handball\/lagbilde-b1b2\/\" src=\"https:\/\/ntnui.no\/handball\/wp-content\/uploads\/sites\/259\/2021\/04\/lagbilde-B1B2.jpeg\" \/><\/figure><figcaption class=\"coblocks-gallery--caption coblocks-gallery--primary-caption\"><\/figcaption><\/div><\/div><div class=\"swiper-slide\"><div class=\"coblocks-gallery--item\" role=\"button\"><figure class=\"coblocks-gallery--figure has-margin-left-5 has-margin-left-mobile-15 has-margin-right-5 has-margin-right-mobile-15\"><img loading=\"lazy\" decoding=\"async\" width=\"1890\" height=\"1063\" alt=\"\" class=\"wp-image-972\" data-id=\"972\" data-link=\"https:\/\/ntnui.no\/handball\/rrichter_h1mks-111\/\" src=\"https:\/\/ntnui.no\/handball\/wp-content\/uploads\/sites\/259\/2021\/09\/RRichter_H1MKS-111.jpg\" \/><\/figure><figcaption class=\"coblocks-gallery--caption coblocks-gallery--primary-caption\"><\/figcaption><\/div><\/div><div class=\"swiper-slide\"><div class=\"coblocks-gallery--item\" role=\"button\"><figure class=\"coblocks-gallery--figure has-margin-left-5 has-margin-left-mobile-15 has-margin-right-5 has-margin-right-mobile-15\"><img loading=\"lazy\" decoding=\"async\" width=\"4032\" height=\"3024\" alt=\"\" class=\"wp-image-1448\" data-id=\"1448\" data-link=\"https:\/\/ntnui.no\/handball\/ntnui-handball\/img_1624-2\/\" src=\"https:\/\/ntnui.no\/handball\/wp-content\/uploads\/sites\/259\/2023\/05\/IMG_1624-2.jpeg\" \/><\/figure><figcaption class=\"coblocks-gallery--caption coblocks-gallery--primary-caption\"><\/figcaption><\/div><\/div><\/div><button class=\"nav-button__prev\" id=\"12345-prev\"><\/button><button class=\"nav-button__next\" id=\"12345-next\"><\/button><\/div><\/div><\/div>\n\n\n\n<ul class=\"wp-block-social-links aligncenter is-style-pill-shape is-layout-flex wp-block-social-links-is-layout-flex\">\n\n<li class=\"wp-social-link wp-social-link-instagram  wp-block-social-link\"><a href=\"https:\/\/www.instagram.com\/handballntnui\/\" class=\"wp-block-social-link-anchor\"><svg width=\"24\" height=\"24\" viewBox=\"0 0 24 24\" version=\"1.1\" xmlns=\"http:\/\/www.w3.org\/2000\/svg\" aria-hidden=\"true\" focusable=\"false\"><path d=\"M12,4.622c2.403,0,2.688,0.009,3.637,0.052c0.877,0.04,1.354,0.187,1.671,0.31c0.42,0.163,0.72,0.358,1.035,0.673 c0.315,0.315,0.51,0.615,0.673,1.035c0.123,0.317,0.27,0.794,0.31,1.671c0.043,0.949,0.052,1.234,0.052,3.637 s-0.009,2.688-0.052,3.637c-0.04,0.877-0.187,1.354-0.31,1.671c-0.163,0.42-0.358,0.72-0.673,1.035 c-0.315,0.315-0.615,0.51-1.035,0.673c-0.317,0.123-0.794,0.27-1.671,0.31c-0.949,0.043-1.233,0.052-3.637,0.052 s-2.688-0.009-3.637-0.052c-0.877-0.04-1.354-0.187-1.671-0.31c-0.42-0.163-0.72-0.358-1.035-0.673 c-0.315-0.315-0.51-0.615-0.673-1.035c-0.123-0.317-0.27-0.794-0.31-1.671C4.631,14.688,4.622,14.403,4.622,12 s0.009-2.688,0.052-3.637c0.04-0.877,0.187-1.354,0.31-1.671c0.163-0.42,0.358-0.72,0.673-1.035 c0.315-0.315,0.615-0.51,1.035-0.673c0.317-0.123,0.794-0.27,1.671-0.31C9.312,4.631,9.597,4.622,12,4.622 M12,3 C9.556,3,9.249,3.01,8.289,3.054C7.331,3.098,6.677,3.25,6.105,3.472C5.513,3.702,5.011,4.01,4.511,4.511 c-0.5,0.5-0.808,1.002-1.038,1.594C3.25,6.677,3.098,7.331,3.054,8.289C3.01,9.249,3,9.556,3,12c0,2.444,0.01,2.751,0.054,3.711 c0.044,0.958,0.196,1.612,0.418,2.185c0.23,0.592,0.538,1.094,1.038,1.594c0.5,0.5,1.002,0.808,1.594,1.038 c0.572,0.222,1.227,0.375,2.185,0.418C9.249,20.99,9.556,21,12,21s2.751-0.01,3.711-0.054c0.958-0.044,1.612-0.196,2.185-0.418 c0.592-0.23,1.094-0.538,1.594-1.038c0.5-0.5,0.808-1.002,1.038-1.594c0.222-0.572,0.375-1.227,0.418-2.185 C20.99,14.751,21,14.444,21,12s-0.01-2.751-0.054-3.711c-0.044-0.958-0.196-1.612-0.418-2.185c-0.23-0.592-0.538-1.094-1.038-1.594 c-0.5-0.5-1.002-0.808-1.594-1.038c-0.572-0.222-1.227-0.375-2.185-0.418C14.751,3.01,14.444,3,12,3L12,3z M12,7.378 c-2.552,0-4.622,2.069-4.622,4.622S9.448,16.622,12,16.622s4.622-2.069,4.622-4.622S14.552,7.378,12,7.378z M12,15 c-1.657,0-3-1.343-3-3s1.343-3,3-3s3,1.343,3,3S13.657,15,12,15z M16.804,6.116c-0.596,0-1.08,0.484-1.08,1.08 s0.484,1.08,1.08,1.08c0.596,0,1.08-0.484,1.08-1.08S17.401,6.116,16.804,6.116z\"><\/path><\/svg><span class=\"wp-block-social-link-label screen-reader-text\">NTNUIHANDBALL<\/span><\/a><\/li>\n\n\n\n\n\n<li class=\"wp-social-link wp-social-link-facebook  wp-block-social-link\"><a href=\"https:\/\/www.facebook.com\/ntnuihandball\" class=\"wp-block-social-link-anchor\"><svg width=\"24\" height=\"24\" viewBox=\"0 0 24 24\" version=\"1.1\" xmlns=\"http:\/\/www.w3.org\/2000\/svg\" aria-hidden=\"true\" focusable=\"false\"><path d=\"M12 2C6.5 2 2 6.5 2 12c0 5 3.7 9.1 8.4 9.9v-7H7.9V12h2.5V9.8c0-2.5 1.5-3.9 3.8-3.9 1.1 0 2.2.2 2.2.2v2.5h-1.3c-1.2 0-1.6.8-1.6 1.6V12h2.8l-.4 2.9h-2.3v7C18.3 21.1 22 17 22 12c0-5.5-4.5-10-10-10z\"><\/path><\/svg><span class=\"wp-block-social-link-label screen-reader-text\">Facebook<\/span><\/a><\/li>\n\n<li class=\"wp-social-link wp-social-link-tiktok  wp-block-social-link\"><a href=\"https:\/\/www.tiktok.com\/@ntnuihandball?_t=ZN-8zEaqYu6qkI&#038;_r=1\" class=\"wp-block-social-link-anchor\"><svg width=\"24\" height=\"24\" viewBox=\"0 0 32 32\" version=\"1.1\" xmlns=\"http:\/\/www.w3.org\/2000\/svg\" aria-hidden=\"true\" focusable=\"false\"><path d=\"M16.708 0.027c1.745-0.027 3.48-0.011 5.213-0.027 0.105 2.041 0.839 4.12 2.333 5.563 1.491 1.479 3.6 2.156 5.652 2.385v5.369c-1.923-0.063-3.855-0.463-5.6-1.291-0.76-0.344-1.468-0.787-2.161-1.24-0.009 3.896 0.016 7.787-0.025 11.667-0.104 1.864-0.719 3.719-1.803 5.255-1.744 2.557-4.771 4.224-7.88 4.276-1.907 0.109-3.812-0.411-5.437-1.369-2.693-1.588-4.588-4.495-4.864-7.615-0.032-0.667-0.043-1.333-0.016-1.984 0.24-2.537 1.495-4.964 3.443-6.615 2.208-1.923 5.301-2.839 8.197-2.297 0.027 1.975-0.052 3.948-0.052 5.923-1.323-0.428-2.869-0.308-4.025 0.495-0.844 0.547-1.485 1.385-1.819 2.333-0.276 0.676-0.197 1.427-0.181 2.145 0.317 2.188 2.421 4.027 4.667 3.828 1.489-0.016 2.916-0.88 3.692-2.145 0.251-0.443 0.532-0.896 0.547-1.417 0.131-2.385 0.079-4.76 0.095-7.145 0.011-5.375-0.016-10.735 0.025-16.093z\" \/><\/svg><span class=\"wp-block-social-link-label screen-reader-text\">TikTok<\/span><\/a><\/li><\/ul>\n\n\n\n<figure class=\"wp-block-pullquote has-border-color\" style=\"border-color:#20c150\"><blockquote><p>Nyeste innlegg<\/p><\/blockquote><\/figure>\n\n\n<ul class=\"wp-block-latest-posts__list has-author aligncenter wp-block-latest-posts\"><li><a class=\"wp-block-latest-posts__post-title\" href=\"https:\/\/ntnui.no\/handball\/2025\/06\/24\/hederspris-tildelt-henrik-wangen\/\">Hederspris tildelt Henrik Aarthun Wangen<\/a><div class=\"wp-block-latest-posts__post-author\">by marikjellemo<\/div><div class=\"wp-block-latest-posts__post-excerpt\">I \u00e5r \u00f8nsket NTNUI h\u00e5ndball \u00e5 vie en ekstra oppmerksomhet til klubbens nyeste ridder, Henrik Wangen. Les mer om Henriks tanker om NTNUI H\u00e5ndball!<\/div><\/li>\n<li><a class=\"wp-block-latest-posts__post-title\" href=\"https:\/\/ntnui.no\/handball\/2025\/02\/24\/henrik-aarthun-wangen-utnevnt-til-ridder-av-ntnuis-orden\/\">Henrik Aarthun Wangen utnevnt til ridder av NTNUIs orden<\/a><div class=\"wp-block-latest-posts__post-author\">by juliestrand<\/div><div class=\"wp-block-latest-posts__post-excerpt\">Henrik Wangen ble i februar 2025 utnevnt til ridder av NTNUIs orden. H\u00f8r hans tanker om sin tid og hederlige innsats for klubben v\u00e5r! <\/div><\/li>\n<li><a class=\"wp-block-latest-posts__post-title\" href=\"https:\/\/ntnui.no\/handball\/2024\/05\/14\/hederspris-tildelt-mikkel\/\">Hederspris tildelt Mikkel B\u00f8gseth<\/a><div class=\"wp-block-latest-posts__post-author\">by juliestrand<\/div><div class=\"wp-block-latest-posts__post-excerpt\">I \u00e5r \u00f8nsket NTNUI h\u00e5ndball \u00e5 vie en ekstra oppmerksomhet til en av klubbens lengst v\u00e6rende spillere, Mikkel Bogseth. Les mer om Mikkels tanker om NTNUI H\u00e5ndball!<\/div><\/li>\n<li><a class=\"wp-block-latest-posts__post-title\" href=\"https:\/\/ntnui.no\/handball\/2024\/03\/10\/hederspris-marit-andersen\/\">Hederspris tildelt Marit Baastad Andersen<\/a><div class=\"wp-block-latest-posts__post-author\">by eirinhaugen<\/div><div class=\"wp-block-latest-posts__post-excerpt\">P\u00e5 generalforsamling 2024 ble Marit Baastad Andersen tildelt hederspris for hennes bidrag i klubben. Les mer om Marits tanker om NTNUI H\u00e5ndball!<\/div><\/li>\n<li><a class=\"wp-block-latest-posts__post-title\" href=\"https:\/\/ntnui.no\/handball\/2024\/01\/30\/magnus-sydtangen-utnevnt-til-ridder-av-ntnuis-orden-2\/\">Magnus Sydtangen utnevnt til ridder av NTNUIs orden<\/a><div class=\"wp-block-latest-posts__post-author\">by eirinhaugen<\/div><div class=\"wp-block-latest-posts__post-excerpt\">Magnus Sydtangen ble i april 2023 utnevnt til ridder av NTNUIs orden. H\u00f8r hans tanker om sin tid og hederlige innsats for klubben v\u00e5r! <\/div><\/li>\n<\/ul>\n\n","protected":false},"excerpt":{"rendered":"<p>NTNUI H\u00e5ndball Mye mer enn bare h\u00e5ndball Skap vennskap for livet Velkommen til NTNUI H\u00e5ndball. Vi er en gjeng med h\u00e5ndballglade studenter som spiller h\u00e5ndball spredt fra 2.divisjon til 5.divisjon. Vi tilbyr ogs\u00e5 et mosjonstilbud for de som \u00f8nsker \u00e5 pr\u00f8ve favorittsporten v\u00e5r. I tillegg til masse h\u00e5ndball har vi et veldig godt samhold utenfor [&hellip;]<\/p>\n","protected":false},"author":375,"featured_media":441,"parent":0,"menu_order":0,"comment_status":"closed","ping_status":"closed","template":"","meta":{"_coblocks_attr":"HelveticaInconsolata,IBM Plex Sans,Open Sans,Arvo,Arial,Georgia,Ubuntu,Yrsa,","_coblocks_dimensions":"{\"coblocks-hero-315111053152\":{\"padding\":{}}}","_coblocks_responsive_height":"","_coblocks_accordion_ie_support":"","_price":"","_stock":"","_tribe_ticket_header":"","_tribe_default_ticket_provider":"","_tribe_ticket_capacity":"0","_ticket_start_date":"","_ticket_end_date":"","_tribe_ticket_show_description":"","_tribe_ticket_show_not_going":false,"_tribe_ticket_use_global_stock":"","_tribe_ticket_global_stock_level":"","_global_stock_mode":"","_global_stock_cap":"","_tribe_rsvp_for_event":"","_tribe_ticket_going_count":"","_tribe_ticket_not_going_count":"","_tribe_tickets_list":[],"_tribe_ticket_has_attendee_info_fields":false,"_EventAllDay":false,"_EventTimezone":"","_EventStartDate":"","_EventEndDate":"","_EventStartDateUTC":"","_EventEndDateUTC":"","_EventShowMap":false,"_EventShowMapLink":false,"_EventURL":"","_EventCost":"","_EventCostDescription":"","_EventCurrencySymbol":"","_EventCurrencyPosition":"","_EventDateTimeSeparator":"","_EventTimeRangeSeparator":"","_EventOrganizerID":[],"_EventVenueID":0,"_OrganizerEmail":"","_OrganizerPhone":"","_OrganizerWebsite":"","_VenueAddress":"","_VenueCity":"","_VenueCountry":"","_VenueProvince":"","_VenueZip":"","_VenuePhone":"","_VenueURL":"","_VenueStateProvince":"","_VenueLat":"","_VenueLng":"","footnotes":""},"class_list":["post-567","page","type-page","status-publish","has-post-thumbnail","hentry"],"featured_image_src":"https:\/\/ntnui.no\/handball\/wp-content\/uploads\/sites\/259\/2020\/06\/5949503D-BC41-4114-87BE-265E400392EC-600x400.jpeg","featured_image_src_square":"https:\/\/ntnui.no\/handball\/wp-content\/uploads\/sites\/259\/2020\/06\/5949503D-BC41-4114-87BE-265E400392EC-600x600.jpeg","_links":{"self":[{"href":"https:\/\/ntnui.no\/handball\/wp-json\/wp\/v2\/pages\/567","targetHints":{"allow":["GET"]}}],"collection":[{"href":"https:\/\/ntnui.no\/handball\/wp-json\/wp\/v2\/pages"}],"about":[{"href":"https:\/\/ntnui.no\/handball\/wp-json\/wp\/v2\/types\/page"}],"author":[{"embeddable":true,"href":"https:\/\/ntnui.no\/handball\/wp-json\/wp\/v2\/users\/375"}],"replies":[{"embeddable":true,"href":"https:\/\/ntnui.no\/handball\/wp-json\/wp\/v2\/comments?post=567"}],"version-history":[{"count":76,"href":"https:\/\/ntnui.no\/handball\/wp-json\/wp\/v2\/pages\/567\/revisions"}],"predecessor-version":[{"id":2070,"href":"https:\/\/ntnui.no\/handball\/wp-json\/wp\/v2\/pages\/567\/revisions\/2070"}],"wp:featuredmedia":[{"embeddable":true,"href":"https:\/\/ntnui.no\/handball\/wp-json\/wp\/v2\/media\/441"}],"wp:attachment":[{"href":"https:\/\/ntnui.no\/handball\/wp-json\/wp\/v2\/media?parent=567"}],"curies":[{"name":"wp","href":"https:\/\/api.w.org\/{rel}","templated":true}]}}