{"id":176,"date":"2019-03-28T15:21:54","date_gmt":"2019-03-28T15:21:54","guid":{"rendered":"https:\/\/ntnui.no\/handball-ny\/?page_id=176"},"modified":"2025-04-29T15:44:35","modified_gmt":"2025-04-29T15:44:35","slug":"kontakt-oss","status":"publish","type":"page","link":"https:\/\/ntnui.no\/handball\/kontakt-oss\/","title":{"rendered":"Kontakt oss"},"content":{"rendered":"\n<p>Har du sp\u00f8rsm\u00e5l som du trenger svar p\u00e5? Styret svarer gjerne p\u00e5 dine sp\u00f8rsm\u00e5l. Forh\u00e5pentligvis skal vi f\u00e5 svart deg innen 3-7 virkedager. Har du hastverk eller er det noen sp\u00f8rsm\u00e5l som virkelig haster? Kontakt leder.<\/p>\n\n\n\n<div class=\"wp-block-atomic-blocks-ab-columns ab-layout-columns-2 ab-2-col-wideright\"><div class=\"ab-layout-column-wrap ab-block-layout-column-gap-2 ab-is-responsive-column\">\n<div class=\"wp-block-atomic-blocks-ab-column ab-block-layout-column\"><div class=\"ab-block-layout-column-inner\">\n<p><strong>Silje Wilson Nordby<\/strong><br><em>Leder &#8211; NTNUI H\u00e5ndball<\/em><br><em><a href=\"mailto:handball-leder@ntnui.no\">handball-leder@ntnui.no<\/a><\/em><br><em>Tlf:<\/em> 99345880<\/p>\n<\/div><\/div>\n\n\n\n<div class=\"wp-block-atomic-blocks-ab-column ab-block-layout-column\"><div class=\"ab-block-layout-column-inner\">\n<p><strong>Mari Elise Kjellemo <\/strong><br><em>Kommunikasjonsansvarlig &#8211; NTNUI H\u00e5ndball<\/em><br><em><a href=\"mailto:handball-kommunikasjon@ntnui.no\">handball-kommunikasjon@ntnui.no<\/a><\/em><br><em>Tlf: <\/em>97890776<\/p>\n<\/div><\/div>\n<\/div><\/div>\n\n\n\n<figure class=\"wp-block-image size-large\"><img loading=\"lazy\" decoding=\"async\" width=\"1890\" height=\"1063\" src=\"https:\/\/ntnui.no\/handball\/wp-content\/uploads\/sites\/259\/2021\/09\/RRichter_H1MKS-114.jpg\" alt=\"\" class=\"wp-image-974\" \/><figcaption class=\"wp-element-caption\">Foto: Copyright Roland Richter \/ NTNUI<\/figcaption><\/figure>\n","protected":false},"excerpt":{"rendered":"<p>Har du sp\u00f8rsm\u00e5l som du trenger svar p\u00e5? Styret svarer gjerne p\u00e5 dine sp\u00f8rsm\u00e5l. Forh\u00e5pentligvis skal vi f\u00e5 svart deg innen 3-7 virkedager. Har du hastverk eller er det noen sp\u00f8rsm\u00e5l som virkelig haster? Kontakt leder.<\/p>\n","protected":false},"author":114,"featured_media":0,"parent":0,"menu_order":0,"comment_status":"closed","ping_status":"closed","template":"","meta":{"_coblocks_attr":"","_coblocks_dimensions":"","_coblocks_responsive_height":"","_coblocks_accordion_ie_support":"","_price":"","_stock":"","_tribe_ticket_header":"","_tribe_default_ticket_provider":"","_tribe_ticket_capacity":"0","_ticket_start_date":"","_ticket_end_date":"","_tribe_ticket_show_description":"","_tribe_ticket_show_not_going":false,"_tribe_ticket_use_global_stock":"","_tribe_ticket_global_stock_level":"","_global_stock_mode":"","_global_stock_cap":"","_tribe_rsvp_for_event":"","_tribe_ticket_going_count":"","_tribe_ticket_not_going_count":"","_tribe_tickets_list":[],"_tribe_ticket_has_attendee_info_fields":false,"_EventAllDay":false,"_EventTimezone":"","_EventStartDate":"","_EventEndDate":"","_EventStartDateUTC":"","_EventEndDateUTC":"","_EventShowMap":false,"_EventShowMapLink":false,"_EventURL":"","_EventCost":"","_EventCostDescription":"","_EventCurrencySymbol":"","_EventCurrencyPosition":"","_EventDateTimeSeparator":"","_EventTimeRangeSeparator":"","_EventOrganizerID":[],"_EventVenueID":0,"_OrganizerEmail":"","_OrganizerPhone":"","_OrganizerWebsite":"","_VenueAddress":"","_VenueCity":"","_VenueCountry":"","_VenueProvince":"","_VenueZip":"","_VenuePhone":"","_VenueURL":"","_VenueStateProvince":"","_VenueLat":"","_VenueLng":"","footnotes":""},"class_list":["post-176","page","type-page","status-publish","hentry"],"featured_image_src":null,"featured_image_src_square":null,"_links":{"self":[{"href":"https:\/\/ntnui.no\/handball\/wp-json\/wp\/v2\/pages\/176","targetHints":{"allow":["GET"]}}],"collection":[{"href":"https:\/\/ntnui.no\/handball\/wp-json\/wp\/v2\/pages"}],"about":[{"href":"https:\/\/ntnui.no\/handball\/wp-json\/wp\/v2\/types\/page"}],"author":[{"embeddable":true,"href":"https:\/\/ntnui.no\/handball\/wp-json\/wp\/v2\/users\/114"}],"replies":[{"embeddable":true,"href":"https:\/\/ntnui.no\/handball\/wp-json\/wp\/v2\/comments?post=176"}],"version-history":[{"count":11,"href":"https:\/\/ntnui.no\/handball\/wp-json\/wp\/v2\/pages\/176\/revisions"}],"predecessor-version":[{"id":1929,"href":"https:\/\/ntnui.no\/handball\/wp-json\/wp\/v2\/pages\/176\/revisions\/1929"}],"wp:attachment":[{"href":"https:\/\/ntnui.no\/handball\/wp-json\/wp\/v2\/media?parent=176"}],"curies":[{"name":"wp","href":"https:\/\/api.w.org\/{rel}","templated":true}]}}