{"id":174,"date":"2019-03-28T15:21:25","date_gmt":"2019-03-28T15:21:25","guid":{"rendered":"https:\/\/ntnui.no\/handball-ny\/?page_id=174"},"modified":"2026-04-09T19:24:45","modified_gmt":"2026-04-09T19:24:45","slug":"styret","status":"publish","type":"page","link":"https:\/\/ntnui.no\/handball\/styret\/","title":{"rendered":"NTNUI H\u00e5ndball styret 26\/27"},"content":{"rendered":"\n<div class=\"wp-block-group\"><div class=\"wp-block-group__inner-container is-layout-flow wp-block-group-is-layout-flow\">\n<figure class=\"wp-block-image size-full\"><img loading=\"lazy\" decoding=\"async\" width=\"3622\" height=\"2166\" src=\"https:\/\/ntnui.no\/handball\/wp-content\/uploads\/sites\/259\/2025\/09\/IMG_1645.jpeg\" alt=\"\" class=\"wp-image-2078\" \/><\/figure>\n<\/div><\/div>\n\n\n\n<div class=\"wp-block-media-text alignwide is-vertically-aligned-center is-stacked-on-mobile is-style-default\" style=\"grid-template-columns:36% auto\"><figure class=\"wp-block-media-text__media\"><img loading=\"lazy\" decoding=\"async\" width=\"3024\" height=\"4032\" src=\"https:\/\/ntnui.no\/handball\/wp-content\/uploads\/sites\/259\/2025\/08\/IMG_1512.jpeg\" alt=\"\" class=\"wp-image-2059 size-full\" \/><\/figure><div class=\"wp-block-media-text__content\">\n<p class=\"has-regular-font-size\" style=\"font-size:18px\"><strong>LEDER:\u00a0<\/strong>Ola Amundsen Grue\u00a0<br><br>Lederen har ansvaret for klubbens daglige ledelse, koordinerer styrets og klubbens totale aktivitet. Lederen er klubbens representant utad og har hovedkontakten med forbund og region og er f\u00f8rsteprioritet i m\u00f8ter og forhandlinger, og fungerer som klubben sin klubbhus kontakt. Leder styrem\u00f8tene sammen med v\u00e5r nestleder.<br><strong>Kontakt:\u00a0<a href=\"mailto:handball-leder@ntnui.no\">handball-leder@ntnui.no<\/a><\/strong><\/p>\n<\/div><\/div>\n\n\n\n<div class=\"wp-block-media-text alignwide is-vertically-aligned-center is-stacked-on-mobile\" style=\"grid-template-columns:36% auto\"><figure class=\"wp-block-media-text__media\"><img loading=\"lazy\" decoding=\"async\" width=\"3024\" height=\"4032\" src=\"https:\/\/ntnui.no\/handball\/wp-content\/uploads\/sites\/259\/2025\/08\/IMG_1466.jpeg\" alt=\"\" class=\"wp-image-2061 size-full\" \/><\/figure><div class=\"wp-block-media-text__content\">\n<p class=\"has-large-font-size\" style=\"font-size:18px\"><strong>NESTLEDER\u00a0OG DOMMERKONTAKT:<\/strong> Martine Ystgaard Oswald<br><br>Nestlederen samarbeider tett med leder og fordeler oppgaver med denne. Opptrer som lederens stedfortreder dersom denne er borte. Nestleder er ogs\u00e5 attestansvarlig. Nestleder styrer m\u00f8ter sammen med lederen.<br><strong>Kontakt:\u00a0<a href=\"mailto:handball-nestleder@ntnui.no\" target=\"_blank\" rel=\"noreferrer noopener\">handball-nestleder@ntnui.no<\/a><\/strong><\/p>\n<\/div><\/div>\n\n\n\n<div class=\"wp-block-media-text alignwide is-vertically-aligned-center is-stacked-on-mobile\" style=\"grid-template-columns:36% auto\"><figure class=\"wp-block-media-text__media\"><img loading=\"lazy\" decoding=\"async\" width=\"3024\" height=\"4032\" src=\"https:\/\/ntnui.no\/handball\/wp-content\/uploads\/sites\/259\/2025\/08\/IMG_1524.jpeg\" alt=\"\" class=\"wp-image-2057 size-full\" \/><\/figure><div class=\"wp-block-media-text__content\">\n<p class=\"has-regular-font-size\" style=\"font-size:18px\"><strong>KASSERER:&nbsp;<\/strong>Hanne Grimsrud <br><br>Kassereren st\u00e5r for klubbens daglige \u00f8konomiske drift og f\u00f8rer regnskapet. Sitter med ansvaret for klubbkontoen og har kontoll p\u00e5 klubbens inntekter og kostnader.<br><strong>Kontakt:&nbsp;<a href=\"mailto:handball-kasserer@ntnui.no\">handball-kasserer@ntnui.no<\/a><\/strong><\/p>\n<\/div><\/div>\n\n\n\n<div class=\"wp-block-media-text alignwide is-vertically-aligned-center is-stacked-on-mobile\" style=\"grid-template-columns:36% auto\"><figure class=\"wp-block-media-text__media\"><img loading=\"lazy\" decoding=\"async\" width=\"3024\" height=\"4032\" src=\"https:\/\/ntnui.no\/handball\/wp-content\/uploads\/sites\/259\/2025\/08\/IMG_1524.jpeg\" alt=\"\" class=\"wp-image-2057 size-full\" \/><\/figure><div class=\"wp-block-media-text__content\">\n<p class=\"has-regular-font-size\" style=\"font-size:18px\"><strong>REGNSKASF\u00d8RER:\u00a0<\/strong>Emilie Nilssen Brynlund <br><br>Kassereren st\u00e5r for klubbens daglige \u00f8konomiske drift og f\u00f8rer regnskapet. Sitter med ansvaret for klubbkontoen og har kontoll p\u00e5 klubbens inntekter og kostnader.<br><strong>Kontakt:\u00a0<a href=\"mailto:handball-kasserer@ntnui.no\">handball-regnskapsf\u00f8rer@ntnui.no<\/a><\/strong><\/p>\n<\/div><\/div>\n\n\n\n<div class=\"wp-block-media-text alignwide is-vertically-aligned-center is-stacked-on-mobile\" style=\"grid-template-columns:36% auto\"><figure class=\"wp-block-media-text__media\"><img loading=\"lazy\" decoding=\"async\" width=\"3024\" height=\"4032\" src=\"https:\/\/ntnui.no\/handball\/wp-content\/uploads\/sites\/259\/2025\/08\/IMG_1455.jpeg\" alt=\"\" class=\"wp-image-2058 size-full\" \/><\/figure><div class=\"wp-block-media-text__content\">\n<p class=\"has-regular-font-size\" style=\"font-size:18px\"><strong>DUGNADSANSVARLIG:<\/strong>\u00a0Helle Holmer Fredriksen <br><br>Ansvarlig for dugnadene i klubben. Framskaffer ogs\u00e5 nye dugnader. Dette er det som holder klubben i gang og alle medlemmer m\u00e5 stille opp p\u00e5 dugnadene som dugnadsansvarlige setter opp. Holder orden p\u00e5 alle timene som utf\u00f8res av medlemmene i klubbene.<br><strong>Kontakt:<\/strong><a href=\"mailto:handball-dugnad@ntnui.no\"><strong>handball-dugnad@ntnui.no<\/strong><\/a><\/p>\n<\/div><\/div>\n\n\n\n<p><strong>Sportslig leder<br><\/strong>Sportslige ledere har st\u00f8rst ansvar for aktiviteten i lagene i klubben. De er kontaktpersoner for lagene sine utad mot klubber, region og dommere, har ansvar for \u00e5 skaffe trenere og oppmenn og s\u00f8rge for at gjennomf\u00f8ringen av sesongen og sportslige aktiviteter g\u00e5r som de skal. Det omfatter terminlistearbeid, lisenser, overganger, kamparrangement, turer osv. Trenere og oppmenn formidler typisk informasjon videre til sportslige ledere, men spillere er ogs\u00e5 velkommen til \u00e5 ta direkte kontakt.<\/p>\n\n\n\n<div class=\"wp-block-atomic-blocks-ab-columns ab-layout-columns-3 ab-3-col-equal\"><div class=\"ab-layout-column-wrap ab-block-layout-column-gap-2 ab-is-responsive-column\">\n<div class=\"wp-block-atomic-blocks-ab-column ab-block-layout-column\"><div class=\"ab-block-layout-column-inner\">\n<figure class=\"wp-block-image alignfull size-full\"><img loading=\"lazy\" decoding=\"async\" width=\"3024\" height=\"4032\" src=\"https:\/\/ntnui.no\/handball\/wp-content\/uploads\/sites\/259\/2025\/08\/IMG_1512.jpeg\" alt=\"\" class=\"wp-image-2059\" \/><figcaption class=\"wp-element-caption\"><br><span class=\"has-inline-color has-black-color\"><strong>SPORTSLIG LEDER HERRER:<\/strong><br><\/span>Jens Sm\u00e5ge<br><br><strong><span class=\"has-inline-color has-black-color\">K<\/span><\/strong><span class=\"has-inline-color has-black-color\"><strong>ontakt:<\/strong>\u00a0<a href=\"mailto:handball-spl-herre@ntnui.no\"><\/a><strong><a href=\"mailto:handball-spl-herrer@ntnui.no\"><strong>handball-spl-herrer@ntnui.no<\/strong><\/a><\/strong><\/span><\/figcaption><\/figure>\n\n\n\n<p><\/p>\n<\/div><\/div>\n\n\n\n<div class=\"wp-block-atomic-blocks-ab-column ab-block-layout-column\"><div class=\"ab-block-layout-column-inner\">\n<figure class=\"wp-block-image alignfull size-full\"><img loading=\"lazy\" decoding=\"async\" width=\"3024\" height=\"4032\" src=\"https:\/\/ntnui.no\/handball\/wp-content\/uploads\/sites\/259\/2025\/08\/IMG_1484.jpeg\" alt=\"\" class=\"wp-image-2060\" \/><figcaption class=\"wp-element-caption\"><br><span style=\"color:#101010\" class=\"has-inline-color\"><strong>SPORTSLIG LEDER DAMER:<\/strong><\/span><br>Sofie Engelin Thoresen <span style=\"color:#101010\" class=\"has-inline-color\"><strong><br><\/strong>&nbsp;<br><br><strong>Kontakt:<\/strong>&nbsp;<a href=\"mailto:handball-spl-dame@ntnui.no\"><strong>handball-spl-dame<\/strong><\/a><\/span><br><span style=\"color:#101010\" class=\"has-inline-color\"><a href=\"mailto:handball-spl-dame@ntnui.no\"><strong>@ntnui.no<\/strong><\/a><\/span><\/figcaption><\/figure>\n<\/div><\/div>\n\n\n\n<div class=\"wp-block-atomic-blocks-ab-column ab-block-layout-column\"><div class=\"ab-block-layout-column-inner\">\n<figure class=\"wp-block-image alignfull size-full\"><img loading=\"lazy\" decoding=\"async\" width=\"3024\" height=\"4032\" src=\"https:\/\/ntnui.no\/handball\/wp-content\/uploads\/sites\/259\/2025\/08\/IMG_1466.jpeg\" alt=\"\" class=\"wp-image-2061\" \/><figcaption class=\"wp-element-caption\"><br><span style=\"color:#000000\" class=\"has-inline-color\"><strong>SPORTSLIG LEDER DAMER BREDDE:<\/strong><\/span><br>Dina Louise Pladsen <span style=\"color:#000000\" class=\"has-inline-color\"><strong><br><\/strong><\/span><span style=\"color:#000000\" class=\"has-inline-color\"><br><strong>Kontakt:\u00a0<a href=\"mailto:handball-spl-damebredde@ntnui.no\">handball-spl-damebredde@ntnui.no<\/a><\/strong><\/span><\/figcaption><\/figure>\n<\/div><\/div>\n<\/div><\/div>\n\n\n\n<div class=\"wp-block-media-text alignwide is-stacked-on-mobile\" style=\"grid-template-columns:40% auto\"><figure class=\"wp-block-media-text__media\"><img loading=\"lazy\" decoding=\"async\" width=\"1170\" height=\"1549\" src=\"https:\/\/ntnui.no\/handball\/wp-content\/uploads\/sites\/259\/2025\/09\/IMG_1367.jpg\" alt=\"\" class=\"wp-image-2088 size-full\" \/><\/figure><div class=\"wp-block-media-text__content\">\n<p style=\"font-size:18px\"><strong>ARRANGEMENTSANSVARLIG<\/strong>: Jesper Carlson <br><br>Arrangementsansvarlig er \u00f8verste leder av arrangementskomiteen. Arrangementsansvarlig har i ansvar sammen med arrkom \u00e5 arrangere sosiale sammenkomster b\u00e5de p\u00e5 og utenfor banen. Gjennom \u00e5ret arrangerer de teambuilding, ulike fester og lager stas p\u00e5 spillere under kamper.<br><strong>Kontakt:&nbsp;<\/strong><a href=\"mailto:handball-arrangement@ntnui.no\"><strong>handball-arrangement@ntnui.no<\/strong><\/a><\/p>\n<\/div><\/div>\n\n\n\n<div class=\"wp-block-media-text alignwide is-stacked-on-mobile\" style=\"grid-template-columns:40% auto\"><figure class=\"wp-block-media-text__media\"><img loading=\"lazy\" decoding=\"async\" width=\"2934\" height=\"3912\" src=\"https:\/\/ntnui.no\/handball\/wp-content\/uploads\/sites\/259\/2025\/09\/tempImageQbUUDa.jpg\" alt=\"\" class=\"wp-image-2090 size-full\" \/><\/figure><div class=\"wp-block-media-text__content\">\n<p style=\"font-size:18px\"><strong>MATERIALANSVARLIG<\/strong>: Adele Ferger<br><br>Materialansvarlig har ansvar for \u00e5 holde oversikt p\u00e5 drakter og forbruksmateriale i klubben. Har ansvar for \u00e5 bestille n\u00f8dvendig utstyr, slik som teip, klister, drakt etc og s\u00f8rge for at det alltid er tilgjengelig utstyr til klubbens medlemmer.\u00a0\u00a0<br><strong>Kontakt:<\/strong><a href=\"mailto:handball-materiell@ntnui.no\"><strong>handball-materiell@ntnui.no<\/strong><\/a><\/p>\n<\/div><\/div>\n\n\n\n<div class=\"wp-block-media-text alignwide is-stacked-on-mobile\" style=\"grid-template-columns:40% auto\"><figure class=\"wp-block-media-text__media\"><img loading=\"lazy\" decoding=\"async\" width=\"3024\" height=\"4032\" src=\"https:\/\/ntnui.no\/handball\/wp-content\/uploads\/sites\/259\/2025\/08\/IMG_1442.jpeg\" alt=\"\" class=\"wp-image-2062 size-full\" \/><\/figure><div class=\"wp-block-media-text__content\">\n<p style=\"font-size:18px\"><strong>KOMMUNIKASJONSANSVARLIG:&nbsp;<\/strong> Mari Elise Kjellemo <br><br>Kommunikasjonsansvarlig har ansvar for \u00e5 oppdatere nettside, instagram og facebook jevnlig med informasjon og oppdateringer. Kommunikasjonsansvarlig vil holde kontakt med nye spillere, samt SoMe ansvarlige p\u00e5 de ulike lagene.<br><strong>Kontakt:<\/strong><a href=\"mailto:handball-kommunikasjon@ntnui.no\"><strong>handball-kommunikasjon@ntnui.no<\/strong><\/a><\/p>\n<\/div><\/div>\n\n\n\n<p><\/p>\n","protected":false},"excerpt":{"rendered":"<p>LEDER:\u00a0Ola Amundsen Grue\u00a0 Lederen har ansvaret for klubbens daglige ledelse, koordinerer styrets og klubbens totale aktivitet. Lederen er klubbens representant utad og har hovedkontakten med forbund og region og er f\u00f8rsteprioritet i m\u00f8ter og forhandlinger, og fungerer som klubben sin klubbhus kontakt. Leder styrem\u00f8tene sammen med v\u00e5r nestleder.Kontakt:\u00a0handball-leder@ntnui.no NESTLEDER\u00a0OG DOMMERKONTAKT: Martine Ystgaard Oswald Nestlederen samarbeider [&hellip;]<\/p>\n","protected":false},"author":114,"featured_media":0,"parent":0,"menu_order":0,"comment_status":"closed","ping_status":"closed","template":"","meta":{"_coblocks_attr":"","_coblocks_dimensions":"","_coblocks_responsive_height":"","_coblocks_accordion_ie_support":"","_price":"","_stock":"","_tribe_ticket_header":"","_tribe_default_ticket_provider":"","_tribe_ticket_capacity":"0","_ticket_start_date":"","_ticket_end_date":"","_tribe_ticket_show_description":"","_tribe_ticket_show_not_going":false,"_tribe_ticket_use_global_stock":"","_tribe_ticket_global_stock_level":"","_global_stock_mode":"","_global_stock_cap":"","_tribe_rsvp_for_event":"","_tribe_ticket_going_count":"","_tribe_ticket_not_going_count":"","_tribe_tickets_list":[],"_tribe_ticket_has_attendee_info_fields":false,"_EventAllDay":false,"_EventTimezone":"","_EventStartDate":"","_EventEndDate":"","_EventStartDateUTC":"","_EventEndDateUTC":"","_EventShowMap":false,"_EventShowMapLink":false,"_EventURL":"","_EventCost":"","_EventCostDescription":"","_EventCurrencySymbol":"","_EventCurrencyPosition":"","_EventDateTimeSeparator":"","_EventTimeRangeSeparator":"","_EventOrganizerID":[],"_EventVenueID":0,"_OrganizerEmail":"","_OrganizerPhone":"","_OrganizerWebsite":"","_VenueAddress":"","_VenueCity":"","_VenueCountry":"","_VenueProvince":"","_VenueZip":"","_VenuePhone":"","_VenueURL":"","_VenueStateProvince":"","_VenueLat":"","_VenueLng":"","footnotes":""},"class_list":["post-174","page","type-page","status-publish","hentry"],"featured_image_src":null,"featured_image_src_square":null,"_links":{"self":[{"href":"https:\/\/ntnui.no\/handball\/wp-json\/wp\/v2\/pages\/174","targetHints":{"allow":["GET"]}}],"collection":[{"href":"https:\/\/ntnui.no\/handball\/wp-json\/wp\/v2\/pages"}],"about":[{"href":"https:\/\/ntnui.no\/handball\/wp-json\/wp\/v2\/types\/page"}],"author":[{"embeddable":true,"href":"https:\/\/ntnui.no\/handball\/wp-json\/wp\/v2\/users\/114"}],"replies":[{"embeddable":true,"href":"https:\/\/ntnui.no\/handball\/wp-json\/wp\/v2\/comments?post=174"}],"version-history":[{"count":86,"href":"https:\/\/ntnui.no\/handball\/wp-json\/wp\/v2\/pages\/174\/revisions"}],"predecessor-version":[{"id":2158,"href":"https:\/\/ntnui.no\/handball\/wp-json\/wp\/v2\/pages\/174\/revisions\/2158"}],"wp:attachment":[{"href":"https:\/\/ntnui.no\/handball\/wp-json\/wp\/v2\/media?parent=174"}],"curies":[{"name":"wp","href":"https:\/\/api.w.org\/{rel}","templated":true}]}}