{"id":1602,"date":"2024-01-11T08:37:36","date_gmt":"2024-01-11T08:37:36","guid":{"rendered":"https:\/\/ntnui.no\/handball\/?page_id=1602"},"modified":"2026-02-16T14:42:15","modified_gmt":"2026-02-16T14:42:15","slug":"generalforsamling","status":"publish","type":"page","link":"https:\/\/ntnui.no\/handball\/generalforsamling\/","title":{"rendered":"Generalforsamling"},"content":{"rendered":"\n<p>Hver v\u00e5r arrangeres NTNUI H\u00e5ndballs generalforsamling. Alle medlemmer har stemmerett og ved \u00e5 m\u00f8te opp og stemme kan du v\u00e6re med \u00e5 p\u00e5virke den kommende sesongen. Det vil bli tatt opp en rekke viktige saker, i tillegg vil nytt styre stemmes inn. Referat fra tidligere generalforsamlinger vil ligge under. <\/p>\n\n\n\n<div class=\"wp-block-buttons is-horizontal is-content-justification-left is-layout-flex wp-container-core-buttons-is-layout-1 wp-block-buttons-is-layout-flex\">\n<div class=\"wp-block-button is-style-outline is-style-outline--1\"><a class=\"wp-block-button__link has-background wp-element-button\" href=\"https:\/\/drive.google.com\/file\/d\/1gjOhvhcwb9XJ8MWReGePJLkmO6fueCl-\/view?usp=drive_link\" style=\"background:radial-gradient(rgb(202,248,128) 0%,rgb(113,206,126) 100%)\">Generalforsamling V\u00e5r 2026<\/a><\/div>\n\n\n\n<div class=\"wp-block-button is-style-outline is-style-outline--2\"><a class=\"wp-block-button__link has-background wp-element-button\" href=\"https:\/\/drive.google.com\/file\/d\/1fNppMZK7G0ULHe6na4EZfeSQk3OqwKQY\/view?usp=drive_link\" style=\"background:radial-gradient(rgb(202,248,128) 0%,rgb(113,206,126) 100%)\">Generalforsamling V\u00e5r 2025<\/a><\/div>\n\n\n\n<div class=\"wp-block-button is-style-outline is-style-outline--3\"><a class=\"wp-block-button__link has-background wp-element-button\" href=\"https:\/\/drive.google.com\/file\/d\/1mJOFeCVfW_RoqSvdugVbzmv6L9jOmfMu\/view?usp=share_link\" style=\"background:radial-gradient(rgb(202,248,128) 0%,rgb(113,206,126) 100%)\">Generalforsamling V\u00e5r 2024<\/a><\/div>\n\n\n\n<div class=\"wp-block-button is-style-outline is-style-outline--4\"><a class=\"wp-block-button__link has-background wp-element-button\" href=\"https:\/\/drive.google.com\/file\/d\/1Hzee2AODbJtIseBYCO-ESVFSNFynLLLu\/view?usp=share_link\" style=\"background:radial-gradient(rgb(202,248,128) 0%,rgb(113,206,126) 100%)\">Generalforsamling V\u00e5r 2023<\/a><\/div>\n\n\n\n<div class=\"wp-block-button is-style-outline is-style-outline--5\"><a class=\"wp-block-button__link has-background wp-element-button\" href=\"https:\/\/drive.google.com\/file\/d\/1uutWQB5DQ1nAxjB5o_NAKn83sTCtbLDo\/view?usp=share_link\" style=\"background:radial-gradient(rgb(202,248,128) 0%,rgb(113,206,126) 100%)\">Generalforsamling V\u00e5r 2022<\/a><\/div>\n\n\n\n<div class=\"wp-block-button is-style-outline is-style-outline--6\"><a class=\"wp-block-button__link has-background wp-element-button\" href=\"https:\/\/drive.google.com\/file\/d\/1X2V5mLEsUpD1dbn6O75-QgILkkwX0idN\/view?usp=share_link\" style=\"background:radial-gradient(rgb(202,248,128) 0%,rgb(113,206,126) 100%)\">Generalforsamling V\u00e5r 2021<\/a><\/div>\n\n\n\n<div class=\"wp-block-button is-style-outline is-style-outline--7\"><a class=\"wp-block-button__link has-background wp-element-button\" href=\"https:\/\/drive.google.com\/file\/d\/1A3mDzBoZwvP_WVp8sbV1_GNnoceybKMu\/view?usp=share_link\" style=\"background:radial-gradient(rgb(202,248,128) 0%,rgb(113,206,126) 100%)\">Generalforsamling V\u00e5r 2020<\/a><\/div>\n\n\n\n<div class=\"wp-block-button is-style-outline is-style-outline--8\"><a class=\"wp-block-button__link has-background wp-element-button\" href=\"https:\/\/drive.google.com\/file\/d\/15WEWR5vlbp_HZTZiq2ky-Is0Wt6LHYk6\/view?usp=share_link\" style=\"background:radial-gradient(rgb(202,248,128) 0%,rgb(113,206,126) 100%)\">Generalforsamling V\u00e5r 2019<\/a><\/div>\n\n\n\n<div class=\"wp-block-button is-style-outline is-style-outline--9\"><a class=\"wp-block-button__link has-background wp-element-button\" href=\"https:\/\/drive.google.com\/file\/d\/1UE0KAatKkKA_fIsOnXKgjCjo7mbFzJQK\/view?usp=share_link\" style=\"background:radial-gradient(rgb(202,248,128) 0%,rgb(113,206,126) 100%)\">Generalforsamling V\u00e5r 2018<\/a><\/div>\n<\/div>\n","protected":false},"excerpt":{"rendered":"<p>Hver v\u00e5r arrangeres NTNUI H\u00e5ndballs generalforsamling. Alle medlemmer har stemmerett og ved \u00e5 m\u00f8te opp og stemme kan du v\u00e6re med \u00e5 p\u00e5virke den kommende sesongen. Det vil bli tatt opp en rekke viktige saker, i tillegg vil nytt styre stemmes inn. Referat fra tidligere generalforsamlinger vil ligge under.<\/p>\n","protected":false},"author":522,"featured_media":0,"parent":0,"menu_order":0,"comment_status":"closed","ping_status":"closed","template":"","meta":{"_coblocks_attr":"","_coblocks_dimensions":"","_coblocks_responsive_height":"","_coblocks_accordion_ie_support":"","_price":"","_stock":"","_tribe_ticket_header":"","_tribe_default_ticket_provider":"","_tribe_ticket_capacity":"0","_ticket_start_date":"","_ticket_end_date":"","_tribe_ticket_show_description":"","_tribe_ticket_show_not_going":false,"_tribe_ticket_use_global_stock":"","_tribe_ticket_global_stock_level":"","_global_stock_mode":"","_global_stock_cap":"","_tribe_rsvp_for_event":"","_tribe_ticket_going_count":"","_tribe_ticket_not_going_count":"","_tribe_tickets_list":[],"_tribe_ticket_has_attendee_info_fields":false,"_EventAllDay":false,"_EventTimezone":"","_EventStartDate":"","_EventEndDate":"","_EventStartDateUTC":"","_EventEndDateUTC":"","_EventShowMap":false,"_EventShowMapLink":false,"_EventURL":"","_EventCost":"","_EventCostDescription":"","_EventCurrencySymbol":"","_EventCurrencyPosition":"","_EventDateTimeSeparator":"","_EventTimeRangeSeparator":"","_EventOrganizerID":[],"_EventVenueID":0,"_OrganizerEmail":"","_OrganizerPhone":"","_OrganizerWebsite":"","_VenueAddress":"","_VenueCity":"","_VenueCountry":"","_VenueProvince":"","_VenueZip":"","_VenuePhone":"","_VenueURL":"","_VenueStateProvince":"","_VenueLat":"","_VenueLng":"","footnotes":""},"class_list":["post-1602","page","type-page","status-publish","hentry"],"featured_image_src":null,"featured_image_src_square":null,"_links":{"self":[{"href":"https:\/\/ntnui.no\/handball\/wp-json\/wp\/v2\/pages\/1602","targetHints":{"allow":["GET"]}}],"collection":[{"href":"https:\/\/ntnui.no\/handball\/wp-json\/wp\/v2\/pages"}],"about":[{"href":"https:\/\/ntnui.no\/handball\/wp-json\/wp\/v2\/types\/page"}],"author":[{"embeddable":true,"href":"https:\/\/ntnui.no\/handball\/wp-json\/wp\/v2\/users\/522"}],"replies":[{"embeddable":true,"href":"https:\/\/ntnui.no\/handball\/wp-json\/wp\/v2\/comments?post=1602"}],"version-history":[{"count":29,"href":"https:\/\/ntnui.no\/handball\/wp-json\/wp\/v2\/pages\/1602\/revisions"}],"predecessor-version":[{"id":2147,"href":"https:\/\/ntnui.no\/handball\/wp-json\/wp\/v2\/pages\/1602\/revisions\/2147"}],"wp:attachment":[{"href":"https:\/\/ntnui.no\/handball\/wp-json\/wp\/v2\/media?parent=1602"}],"curies":[{"name":"wp","href":"https:\/\/api.w.org\/{rel}","templated":true}]}}