{"id":157,"date":"2019-03-28T14:57:36","date_gmt":"2019-03-28T14:57:36","guid":{"rendered":"https:\/\/ntnui.no\/handball-ny\/?page_id=157"},"modified":"2024-02-26T19:22:46","modified_gmt":"2024-02-26T19:22:46","slug":"drakter","status":"publish","type":"page","link":"https:\/\/ntnui.no\/handball\/drakter\/","title":{"rendered":"Draktregler"},"content":{"rendered":"\n<p>NTNUI har mange lag og mange drakter, og det er viktig at alle f\u00f8lger draktinstruksene for \u00e5 holde orden og unng\u00e5 at drakter forsvinner. Alle spillere har ansvar for \u00e5 kunne draktinstruksen og f\u00f8lge den. <\/p>\n\n\n\n<ul class=\"wp-block-list\"><li>Hvert lag har sin egen draktbag med et gitt sett av drakter (normalt sett 14 utespillere og 2 keeper). Draktbaggene skal oppbevares innenfor laget gjennom sesongen, men skal tilbake i skapet p\u00e5 Gl\u00f8s f\u00f8r jul og etter endt sesong.&nbsp;<\/li><li>Matris vil f\u00e5 utlevert oversikt over draktene som ligger i baggene til sitt lag i starten av sesongen. P\u00e5 denne m\u00e5ten kan man ha en oversikt over hva som skal ligge i baggen til en hver tid.&nbsp;<\/li><li>Draktene skal alltid v\u00e6re i draktbagen, <strong>ingen har personlige drakter som man tar med hjem<\/strong>!<\/li><li>Etter kamp skal draktene leveres vrengt og uten teip for vasking. <\/li><li>Draktene deles ut til kampen og samles inn etterp\u00e5 for vasking. Vask g\u00e5r p\u00e5 rundgang innad i laget. Personen som vasker har ansvaret for \u00e5:<ul><li>Samle sammen alle draktene etter kampslutt&nbsp;<\/li><li><strong>Fjerne all teip p\u00e5 draktene F\u00d8R vask<\/strong> (dette er viktig for \u00e5 unng\u00e5 at draktene blir \u00f8delagte)&nbsp;&nbsp;<\/li><li>Vaske draktene og legge dem tilbake i draktbagen. Vanlig vask, 40 grader.&nbsp;<\/li><li>Se over antall drakter og rapportere inn til materialansvarlig om det mangler\/ og eller er noe som er blitt \u00f8delagt.&nbsp;<\/li><li>Har man f\u00e5tt ansvar for vask siste kamp f\u00f8r jul\/sesongslutt skal man legge bagen tilbake i skapet p\u00e5 Gl\u00f8s.&nbsp;<\/li><\/ul><\/li><li>Trenerene for hvert lag har ansvar for \u00e5 ta bilde av kamprapporten med navn og nummer etter hver kamp og legge inn i Google Drive-mappen \u201cKamprapporter\u201d.&nbsp;<\/li><li>Om det er behov for bortedrakter, henter man ut 1 av de 2 bortedrakt-bagene.&nbsp;<ul><li>NB! Denne er viktig at kommer tilbake i skapet s\u00e5 fort som mulig etter bruk!&nbsp;<\/li><\/ul><\/li><li>Om det er \u00f8nske om \u00e5 bytte enkelte drakter, sendes en foresp\u00f8rsel til <a href=\"mailto:handball-materiell@ntnui.no\">handball-materiell@ntnui.no<\/a>. Eller ta kontakt med materialansvarlig. Ingen drakter byttes eller tas fra andre bager uten godkjenning!&nbsp;<\/li><li>Om drakter blir \u00f8delagt eller treng reparasjon, meldes ogs\u00e5 dette til <a href=\"mailto:handball-materiell@ntnui.no\">handball-materiell@ntnui.no<\/a>&nbsp;<\/li><li>Andre sp\u00f8rsm\u00e5l om drakter og oppbevaring, ta kontakt med materialansvarlig \ud83d\ude42&nbsp;<\/li><\/ul>\n\n\n\n<p>Draktbagene er navngitt med laget sitt navn. D1, H1, B2, osv.&nbsp;<\/p>\n\n\n\n<p>Hvert lag har ansvar for at alle lagets drakter er p\u00e5 plass. Ved mangel av drakt(er) ved kontroll, tildeles laget erstatning p\u00e5 kr. 500,- pr drakt. \u00a0<\/p>\n\n\n\n<figure class=\"wp-block-image size-large\"><img loading=\"lazy\" decoding=\"async\" width=\"1096\" height=\"862\" src=\"https:\/\/ntnui.no\/handball\/wp-content\/uploads\/sites\/259\/2023\/01\/Skjermbilde-2023-01-18-kl.-14.06.43.png\" alt=\"\" class=\"wp-image-1362\" \/><figcaption>Hjemmedrakter. <\/figcaption><\/figure>\n\n\n\n<figure class=\"wp-block-image size-large\"><img loading=\"lazy\" decoding=\"async\" width=\"764\" height=\"620\" src=\"https:\/\/ntnui.no\/handball\/wp-content\/uploads\/sites\/259\/2023\/01\/Skjermbilde-2023-01-18-kl.-14.05.44.png\" alt=\"\" class=\"wp-image-1361\" \/><figcaption>Bortedrakter. <\/figcaption><\/figure>\n\n\n\n<p><\/p>\n","protected":false},"excerpt":{"rendered":"<p>NTNUI har mange lag og mange drakter, og det er viktig at alle f\u00f8lger draktinstruksene for \u00e5 holde orden og unng\u00e5 at drakter forsvinner. Alle spillere har ansvar for \u00e5 kunne draktinstruksen og f\u00f8lge den. Hvert lag har sin egen draktbag med et gitt sett av drakter (normalt sett 14 utespillere og 2 keeper). Draktbaggene [&hellip;]<\/p>\n","protected":false},"author":114,"featured_media":0,"parent":0,"menu_order":0,"comment_status":"closed","ping_status":"closed","template":"","meta":{"_coblocks_attr":"","_coblocks_dimensions":"","_coblocks_responsive_height":"","_coblocks_accordion_ie_support":"","_price":"","_stock":"","_tribe_ticket_header":"","_tribe_default_ticket_provider":"","_tribe_ticket_capacity":"0","_ticket_start_date":"","_ticket_end_date":"","_tribe_ticket_show_description":"","_tribe_ticket_show_not_going":false,"_tribe_ticket_use_global_stock":"","_tribe_ticket_global_stock_level":"","_global_stock_mode":"","_global_stock_cap":"","_tribe_rsvp_for_event":"","_tribe_ticket_going_count":"","_tribe_ticket_not_going_count":"","_tribe_tickets_list":[],"_tribe_ticket_has_attendee_info_fields":false,"_EventAllDay":false,"_EventTimezone":"","_EventStartDate":"","_EventEndDate":"","_EventStartDateUTC":"","_EventEndDateUTC":"","_EventShowMap":false,"_EventShowMapLink":false,"_EventURL":"","_EventCost":"","_EventCostDescription":"","_EventCurrencySymbol":"","_EventCurrencyPosition":"","_EventDateTimeSeparator":"","_EventTimeRangeSeparator":"","_EventOrganizerID":[],"_EventVenueID":0,"_OrganizerEmail":"","_OrganizerPhone":"","_OrganizerWebsite":"","_VenueAddress":"","_VenueCity":"","_VenueCountry":"","_VenueProvince":"","_VenueZip":"","_VenuePhone":"","_VenueURL":"","_VenueStateProvince":"","_VenueLat":"","_VenueLng":"","footnotes":""},"class_list":["post-157","page","type-page","status-publish","hentry"],"featured_image_src":null,"featured_image_src_square":null,"_links":{"self":[{"href":"https:\/\/ntnui.no\/handball\/wp-json\/wp\/v2\/pages\/157","targetHints":{"allow":["GET"]}}],"collection":[{"href":"https:\/\/ntnui.no\/handball\/wp-json\/wp\/v2\/pages"}],"about":[{"href":"https:\/\/ntnui.no\/handball\/wp-json\/wp\/v2\/types\/page"}],"author":[{"embeddable":true,"href":"https:\/\/ntnui.no\/handball\/wp-json\/wp\/v2\/users\/114"}],"replies":[{"embeddable":true,"href":"https:\/\/ntnui.no\/handball\/wp-json\/wp\/v2\/comments?post=157"}],"version-history":[{"count":6,"href":"https:\/\/ntnui.no\/handball\/wp-json\/wp\/v2\/pages\/157\/revisions"}],"predecessor-version":[{"id":1693,"href":"https:\/\/ntnui.no\/handball\/wp-json\/wp\/v2\/pages\/157\/revisions\/1693"}],"wp:attachment":[{"href":"https:\/\/ntnui.no\/handball\/wp-json\/wp\/v2\/media?parent=157"}],"curies":[{"name":"wp","href":"https:\/\/api.w.org\/{rel}","templated":true}]}}