{"id":1399,"date":"2023-01-21T15:29:44","date_gmt":"2023-01-21T15:29:44","guid":{"rendered":"https:\/\/ntnui.no\/handball\/?page_id=1399"},"modified":"2025-06-24T16:32:04","modified_gmt":"2025-06-24T16:32:04","slug":"hvordan-bli-med","status":"publish","type":"page","link":"https:\/\/ntnui.no\/handball\/hvordan-bli-med\/","title":{"rendered":"Hvordan bli med?"},"content":{"rendered":"\n<p>NTNUI h\u00e5ndball er en attraktiv klubb for studenter i Trondheim og det er dermed mange som vil spille h\u00e5ndball hos oss. Det er dessverre ikke plass til alle da vi har ressurser til \u00e5 drive ti lag totalt og disse huser et maks antall spillere. Vi m\u00e5 med tungt hjerte avvise mange spillere og sende dem til andre klubber i Trondheim. <\/p>\n\n\n\n<p>I august, i starten av hver sesong legger vi ut en p\u00e5melding til <a href=\"https:\/\/ntnui.no\/handball\/uttakstreninger\/\" data-type=\"URL\" data-id=\"https:\/\/ntnui.no\/handball\/uttakstreninger\/\">uttakstreninger<\/a> hvor vi tar ut lag. Disse lagene er satt for hele sesongen september-april og det vil dessverre sjeldent v\u00e6rt mulig \u00e5 bli med etter disse uttakstreningene er holdt og uttakene gjort. Du kan alltid kontakte oss dersom det er noe du lurer p\u00e5 eller om du har lyst til \u00e5 spille med oss, men det kan kun skje midt i sesong hvis vi har hatt frafall etter lagene er satt. <\/p>\n\n\n\n<div class=\"wp-block-buttons is-content-justification-left is-layout-flex wp-container-core-buttons-is-layout-1 wp-block-buttons-is-layout-flex\">\n<div class=\"wp-block-button is-style-outline is-style-outline--1\"><a class=\"wp-block-button__link has-background wp-element-button\" href=\"https:\/\/ntnui.no\/handball\/uttakstreninger\/\" style=\"background:radial-gradient(rgb(202,248,128) 0%,rgb(113,206,126) 100%)\">Uttakstreninger<\/a><\/div>\n\n\n\n<div class=\"wp-block-button is-style-outline is-style-outline--2\"><a class=\"wp-block-button__link has-background wp-element-button\" href=\"https:\/\/ntnui.no\/handball\/mosjonstilbud\/\" style=\"background:radial-gradient(rgb(202,248,128) 0%,rgb(113,206,126) 100%)\">Aktiv hverdag<\/a><\/div>\n<\/div>\n","protected":false},"excerpt":{"rendered":"<p>NTNUI h\u00e5ndball er en attraktiv klubb for studenter i Trondheim og det er dermed mange som vil spille h\u00e5ndball hos oss. Det er dessverre ikke plass til alle da vi har ressurser til \u00e5 drive ti lag totalt og disse huser et maks antall spillere. Vi m\u00e5 med tungt hjerte avvise mange spillere og sende [&hellip;]<\/p>\n","protected":false},"author":382,"featured_media":0,"parent":0,"menu_order":0,"comment_status":"closed","ping_status":"closed","template":"","meta":{"_coblocks_attr":"","_coblocks_dimensions":"","_coblocks_responsive_height":"","_coblocks_accordion_ie_support":"","_price":"","_stock":"","_tribe_ticket_header":"","_tribe_default_ticket_provider":"","_tribe_ticket_capacity":"0","_ticket_start_date":"","_ticket_end_date":"","_tribe_ticket_show_description":"","_tribe_ticket_show_not_going":false,"_tribe_ticket_use_global_stock":"","_tribe_ticket_global_stock_level":"","_global_stock_mode":"","_global_stock_cap":"","_tribe_rsvp_for_event":"","_tribe_ticket_going_count":"","_tribe_ticket_not_going_count":"","_tribe_tickets_list":[],"_tribe_ticket_has_attendee_info_fields":false,"_EventAllDay":false,"_EventTimezone":"","_EventStartDate":"","_EventEndDate":"","_EventStartDateUTC":"","_EventEndDateUTC":"","_EventShowMap":false,"_EventShowMapLink":false,"_EventURL":"","_EventCost":"","_EventCostDescription":"","_EventCurrencySymbol":"","_EventCurrencyPosition":"","_EventDateTimeSeparator":"","_EventTimeRangeSeparator":"","_EventOrganizerID":[],"_EventVenueID":0,"_OrganizerEmail":"","_OrganizerPhone":"","_OrganizerWebsite":"","_VenueAddress":"","_VenueCity":"","_VenueCountry":"","_VenueProvince":"","_VenueZip":"","_VenuePhone":"","_VenueURL":"","_VenueStateProvince":"","_VenueLat":"","_VenueLng":"","footnotes":""},"class_list":["post-1399","page","type-page","status-publish","hentry"],"featured_image_src":null,"featured_image_src_square":null,"_links":{"self":[{"href":"https:\/\/ntnui.no\/handball\/wp-json\/wp\/v2\/pages\/1399","targetHints":{"allow":["GET"]}}],"collection":[{"href":"https:\/\/ntnui.no\/handball\/wp-json\/wp\/v2\/pages"}],"about":[{"href":"https:\/\/ntnui.no\/handball\/wp-json\/wp\/v2\/types\/page"}],"author":[{"embeddable":true,"href":"https:\/\/ntnui.no\/handball\/wp-json\/wp\/v2\/users\/382"}],"replies":[{"embeddable":true,"href":"https:\/\/ntnui.no\/handball\/wp-json\/wp\/v2\/comments?post=1399"}],"version-history":[{"count":5,"href":"https:\/\/ntnui.no\/handball\/wp-json\/wp\/v2\/pages\/1399\/revisions"}],"predecessor-version":[{"id":2019,"href":"https:\/\/ntnui.no\/handball\/wp-json\/wp\/v2\/pages\/1399\/revisions\/2019"}],"wp:attachment":[{"href":"https:\/\/ntnui.no\/handball\/wp-json\/wp\/v2\/media?parent=1399"}],"curies":[{"name":"wp","href":"https:\/\/api.w.org\/{rel}","templated":true}]}}