{"id":1184,"date":"2022-06-14T09:52:38","date_gmt":"2022-06-14T09:52:38","guid":{"rendered":"https:\/\/ntnui.no\/handball\/?page_id=1184"},"modified":"2024-09-05T08:39:58","modified_gmt":"2024-09-05T08:39:58","slug":"mosjonstilbud","status":"publish","type":"page","link":"https:\/\/ntnui.no\/handball\/mosjonstilbud\/","title":{"rendered":"Aktiv hverdag"},"content":{"rendered":"\n<p>Hver onsdag kl 15-16 p\u00e5 Gl\u00f8shaugen Idrettsbygg, arrangerer NTNUI H\u00e5ndball Aktiv hverdag. Her kan man m\u00f8te uansett niv\u00e5 og det vil v\u00e6re 1-2 trenere\/spillere fra klubben til \u00e5 styre treningen. Hovedm\u00e5let er at treningen skal v\u00e6re morsom samtidig som man f\u00e5r spilt h\u00e5ndball. Kom og pr\u00f8v h\u00e5ndball hos oss!<\/p>\n\n\n\n<p>P\u00e5melding skjer under gruppetimebestilling p\u00e5&nbsp;<strong><a href=\"https:\/\/www.sit.no\/trening\/gruppe\">SIT<\/a><\/strong> trening. <\/p>\n","protected":false},"excerpt":{"rendered":"<p>Hver onsdag kl 15-16 p\u00e5 Gl\u00f8shaugen Idrettsbygg, arrangerer NTNUI H\u00e5ndball Aktiv hverdag. Her kan man m\u00f8te uansett niv\u00e5 og det vil v\u00e6re 1-2 trenere\/spillere fra klubben til \u00e5 styre treningen. Hovedm\u00e5let er at treningen skal v\u00e6re morsom samtidig som man f\u00e5r spilt h\u00e5ndball. Kom og pr\u00f8v h\u00e5ndball hos oss! P\u00e5melding skjer under gruppetimebestilling p\u00e5&nbsp;SIT trening.<\/p>\n","protected":false},"author":382,"featured_media":0,"parent":0,"menu_order":0,"comment_status":"closed","ping_status":"closed","template":"","meta":{"_coblocks_attr":"","_coblocks_dimensions":"","_coblocks_responsive_height":"","_coblocks_accordion_ie_support":"","_price":"","_stock":"","_tribe_ticket_header":"","_tribe_default_ticket_provider":"","_tribe_ticket_capacity":"0","_ticket_start_date":"","_ticket_end_date":"","_tribe_ticket_show_description":"","_tribe_ticket_show_not_going":false,"_tribe_ticket_use_global_stock":"","_tribe_ticket_global_stock_level":"","_global_stock_mode":"","_global_stock_cap":"","_tribe_rsvp_for_event":"","_tribe_ticket_going_count":"","_tribe_ticket_not_going_count":"","_tribe_tickets_list":[],"_tribe_ticket_has_attendee_info_fields":false,"_EventAllDay":false,"_EventTimezone":"","_EventStartDate":"","_EventEndDate":"","_EventStartDateUTC":"","_EventEndDateUTC":"","_EventShowMap":false,"_EventShowMapLink":false,"_EventURL":"","_EventCost":"","_EventCostDescription":"","_EventCurrencySymbol":"","_EventCurrencyPosition":"","_EventDateTimeSeparator":"","_EventTimeRangeSeparator":"","_EventOrganizerID":[],"_EventVenueID":0,"_OrganizerEmail":"","_OrganizerPhone":"","_OrganizerWebsite":"","_VenueAddress":"","_VenueCity":"","_VenueCountry":"","_VenueProvince":"","_VenueZip":"","_VenuePhone":"","_VenueURL":"","_VenueStateProvince":"","_VenueLat":"","_VenueLng":"","footnotes":""},"class_list":["post-1184","page","type-page","status-publish","hentry"],"featured_image_src":null,"featured_image_src_square":null,"_links":{"self":[{"href":"https:\/\/ntnui.no\/handball\/wp-json\/wp\/v2\/pages\/1184","targetHints":{"allow":["GET"]}}],"collection":[{"href":"https:\/\/ntnui.no\/handball\/wp-json\/wp\/v2\/pages"}],"about":[{"href":"https:\/\/ntnui.no\/handball\/wp-json\/wp\/v2\/types\/page"}],"author":[{"embeddable":true,"href":"https:\/\/ntnui.no\/handball\/wp-json\/wp\/v2\/users\/382"}],"replies":[{"embeddable":true,"href":"https:\/\/ntnui.no\/handball\/wp-json\/wp\/v2\/comments?post=1184"}],"version-history":[{"count":8,"href":"https:\/\/ntnui.no\/handball\/wp-json\/wp\/v2\/pages\/1184\/revisions"}],"predecessor-version":[{"id":1815,"href":"https:\/\/ntnui.no\/handball\/wp-json\/wp\/v2\/pages\/1184\/revisions\/1815"}],"wp:attachment":[{"href":"https:\/\/ntnui.no\/handball\/wp-json\/wp\/v2\/media?parent=1184"}],"curies":[{"name":"wp","href":"https:\/\/api.w.org\/{rel}","templated":true}]}}