{"id":2508,"date":"2020-11-03T22:11:12","date_gmt":"2020-11-03T21:11:12","guid":{"rendered":"https:\/\/ntnui.no\/friidrett\/?page_id=2508"},"modified":"2023-02-21T14:12:03","modified_gmt":"2023-02-21T13:12:03","slug":"mesterplan","status":"publish","type":"page","link":"https:\/\/ntnui.no\/friidrett\/mesterplan\/","title":{"rendered":"Masterplan"},"content":{"rendered":"\n<p class=\"has-text-align-center\">Masterplanen er det \u00f8verste niv\u00e5et av retningslinjer for NTNUI Friidrett. Hovedform\u00e5let er \u00e5 s\u00f8rge for at klubben beveger seg i riktig retning. Dokumentet representerer gruppens verdier, visjoner og ambisjoner. Masterplanen er for alle i gruppen. Det skal hjelpe styremedlemmer til \u00e5 holde gruppen i gang, og the skal gj\u00f8re det lettere for alle medlemmer \u00e5 delta i diskusjoner og beslutninger.<\/p>\n\n\n\n<p>Du kan se en &#8220;live&#8221; versjon av masterplanen under: <br><a href=\"https:\/\/docs.google.com\/document\/d\/1kthzUMtq_emkj5axP8gvYfpswLO1x3Ma\/edit?usp=sharing&amp;ouid=101482180432952524036&amp;rtpof=true&amp;sd=true\">https:\/\/docs.google.com\/document\/d\/1kthzUMtq_emkj5axP8gvYfpswLO1x3Ma\/edit?usp=sharing&amp;ouid=101482180432952524036&amp;rtpof=true&amp;sd=true<\/a><br><br>Merk at kommentarer og endringsforslag ogs\u00e5 vises her (gjerne rett f\u00f8r generalforsamlingen). Hvis det er forslag til endringer har de enda ikke blitt vedtatt s\u00e5 ta de med en klype salt. <\/p>\n\n\n\n<p class=\"has-text-align-center\">Lyst til \u00e5 endre noe i masterplanen? P\u00e5 det \u00e5rlige m\u00f8tet rundt februar gj\u00f8r vi akkurat det. Sjekk kalenderen for \u00e5 se om m\u00f8tet er planlagt enda.<\/p>\n","protected":false},"excerpt":{"rendered":"<p>Masterplanen er det \u00f8verste niv\u00e5et av retningslinjer for NTNUI Friidrett. Hovedform\u00e5let er \u00e5 s\u00f8rge for at klubben beveger seg i riktig retning. Dokumentet representerer gruppens verdier, visjoner og ambisjoner. Masterplanen er for alle i gruppen. Det skal hjelpe styremedlemmer til \u00e5 holde gruppen i gang, og the skal gj\u00f8re det lettere for alle medlemmer \u00e5 [&hellip;]<\/p>\n","protected":false},"author":263,"featured_media":0,"parent":0,"menu_order":0,"comment_status":"closed","ping_status":"closed","template":"","meta":{"_coblocks_attr":"","_coblocks_dimensions":"","_coblocks_responsive_height":"","_coblocks_accordion_ie_support":"","_price":"","_stock":"","_tribe_ticket_header":"","_tribe_default_ticket_provider":"","_tribe_ticket_capacity":"0","_ticket_start_date":"","_ticket_end_date":"","_tribe_ticket_show_description":"","_tribe_ticket_show_not_going":false,"_tribe_ticket_use_global_stock":"","_tribe_ticket_global_stock_level":"","_global_stock_mode":"","_global_stock_cap":"","_tribe_rsvp_for_event":"","_tribe_ticket_going_count":"","_tribe_ticket_not_going_count":"","_tribe_tickets_list":[],"_tribe_ticket_has_attendee_info_fields":false,"footnotes":""},"class_list":["post-2508","page","type-page","status-publish","hentry"],"featured_image_src":null,"featured_image_src_square":null,"jetpack_sharing_enabled":true,"_links":{"self":[{"href":"https:\/\/ntnui.no\/friidrett\/wp-json\/wp\/v2\/pages\/2508","targetHints":{"allow":["GET"]}}],"collection":[{"href":"https:\/\/ntnui.no\/friidrett\/wp-json\/wp\/v2\/pages"}],"about":[{"href":"https:\/\/ntnui.no\/friidrett\/wp-json\/wp\/v2\/types\/page"}],"author":[{"embeddable":true,"href":"https:\/\/ntnui.no\/friidrett\/wp-json\/wp\/v2\/users\/263"}],"replies":[{"embeddable":true,"href":"https:\/\/ntnui.no\/friidrett\/wp-json\/wp\/v2\/comments?post=2508"}],"version-history":[{"count":8,"href":"https:\/\/ntnui.no\/friidrett\/wp-json\/wp\/v2\/pages\/2508\/revisions"}],"predecessor-version":[{"id":3411,"href":"https:\/\/ntnui.no\/friidrett\/wp-json\/wp\/v2\/pages\/2508\/revisions\/3411"}],"wp:attachment":[{"href":"https:\/\/ntnui.no\/friidrett\/wp-json\/wp\/v2\/media?parent=2508"}],"curies":[{"name":"wp","href":"https:\/\/api.w.org\/{rel}","templated":true}]}}