{"id":1352,"date":"2018-11-06T20:27:18","date_gmt":"2018-11-06T19:27:18","guid":{"rendered":"https:\/\/ntnui.no\/fekting\/?page_id=1352"},"modified":"2018-11-06T20:27:18","modified_gmt":"2018-11-06T19:27:18","slug":"regler","status":"publish","type":"page","link":"https:\/\/ntnui.no\/fekting\/regler\/","title":{"rendered":"Regler"},"content":{"rendered":"<p>Fekting er sport der man duelerer 1 mot 1 og m\u00e5let er \u00e5 score 5\/10\/15 poeng i l\u00f8pet av henholdsvis 3\/6\/9 minutter f\u00f8r motstanderen gj\u00f8r det. Dersom tiden g\u00e5r ut er det fekteren som har flest poeng som k\u00e5res som vinneren. Duellene tar plass p\u00e5 en bane, kalt en piste,\u00a0 som er 2 meter bred og 17-18 meter lang.<\/p>\n<p>I k\u00e5rdefekting kan begge fekterne f\u00e5 poeng ved \u00e5 treffe hverandre med tuppen p\u00e5 likt. Det er dermed ingen &#8220;right of way&#8221; i k\u00e5rdefekting. Hele kroppen gjelder som gyldig trefflate n\u00e5r man skal f\u00e5 poeng.<\/p>\n<p>The International Fencing Federation publiserer <a href=\"http:\/\/fie.org\/fie\/documents\/rules\">detaljerte regler<\/a> for sporten og alle dens disipliner.<\/p>\n","protected":false},"excerpt":{"rendered":"<p>Fekting er sport der man duelerer 1 mot 1 og m\u00e5let er \u00e5 score 5\/10\/15 poeng i l\u00f8pet av henholdsvis 3\/6\/9 minutter f\u00f8r motstanderen gj\u00f8r det. Dersom tiden g\u00e5r ut er det fekteren som har flest poeng som k\u00e5res som vinneren. Duellene tar plass p\u00e5 en bane, kalt en piste,\u00a0 som er 2 meter bred [&hellip;]<\/p>\n","protected":false},"author":85,"featured_media":0,"parent":0,"menu_order":0,"comment_status":"closed","ping_status":"closed","template":"","meta":{"_coblocks_attr":"","_coblocks_dimensions":"","_coblocks_responsive_height":"","_coblocks_accordion_ie_support":"","_price":"","_stock":"","_tribe_ticket_header":"","_tribe_default_ticket_provider":"","_tribe_ticket_capacity":"0","_ticket_start_date":"","_ticket_end_date":"","_tribe_ticket_show_description":"","_tribe_ticket_show_not_going":false,"_tribe_ticket_use_global_stock":"","_tribe_ticket_global_stock_level":"","_global_stock_mode":"","_global_stock_cap":"","_tribe_rsvp_for_event":"","_tribe_ticket_going_count":"","_tribe_ticket_not_going_count":"","_tribe_tickets_list":[],"_tribe_ticket_has_attendee_info_fields":false,"_EventAllDay":false,"_EventTimezone":"","_EventStartDate":"","_EventEndDate":"","_EventStartDateUTC":"","_EventEndDateUTC":"","_EventShowMap":false,"_EventShowMapLink":false,"_EventURL":"","_EventCost":"","_EventCostDescription":"","_EventCurrencySymbol":"","_EventCurrencyPosition":"","_EventDateTimeSeparator":"","_EventTimeRangeSeparator":"","_EventOrganizerID":[],"_EventVenueID":0,"_OrganizerEmail":"","_OrganizerPhone":"","_OrganizerWebsite":"","_VenueAddress":"","_VenueCity":"","_VenueCountry":"","_VenueProvince":"","_VenueZip":"","_VenuePhone":"","_VenueURL":"","_VenueStateProvince":"","_VenueLat":"","_VenueLng":"","footnotes":""},"class_list":["post-1352","page","type-page","status-publish","hentry"],"featured_image_src":null,"featured_image_src_square":null,"_links":{"self":[{"href":"https:\/\/ntnui.no\/fekting\/wp-json\/wp\/v2\/pages\/1352","targetHints":{"allow":["GET"]}}],"collection":[{"href":"https:\/\/ntnui.no\/fekting\/wp-json\/wp\/v2\/pages"}],"about":[{"href":"https:\/\/ntnui.no\/fekting\/wp-json\/wp\/v2\/types\/page"}],"author":[{"embeddable":true,"href":"https:\/\/ntnui.no\/fekting\/wp-json\/wp\/v2\/users\/85"}],"replies":[{"embeddable":true,"href":"https:\/\/ntnui.no\/fekting\/wp-json\/wp\/v2\/comments?post=1352"}],"version-history":[{"count":1,"href":"https:\/\/ntnui.no\/fekting\/wp-json\/wp\/v2\/pages\/1352\/revisions"}],"predecessor-version":[{"id":1924,"href":"https:\/\/ntnui.no\/fekting\/wp-json\/wp\/v2\/pages\/1352\/revisions\/1924"}],"wp:attachment":[{"href":"https:\/\/ntnui.no\/fekting\/wp-json\/wp\/v2\/media?parent=1352"}],"curies":[{"name":"wp","href":"https:\/\/api.w.org\/{rel}","templated":true}]}}