{"id":59,"date":"2025-02-04T15:24:00","date_gmt":"2025-02-04T15:24:00","guid":{"rendered":"https:\/\/ntnui.no\/event\/?page_id=59"},"modified":"2025-05-13T15:08:57","modified_gmt":"2025-05-13T15:08:57","slug":"om-event","status":"publish","type":"page","link":"https:\/\/ntnui.no\/event\/om-event\/","title":{"rendered":"Om Event"},"content":{"rendered":"\n<p><\/p>\n\n\n\n<figure class=\"wp-block-image size-large\"><img loading=\"lazy\" decoding=\"async\" width=\"3840\" height=\"2160\" src=\"https:\/\/ntnui.no\/event\/wp-content\/uploads\/sites\/303\/2025\/02\/2024-11-16_Blits_NTNUI-68-4K.jpg\" alt=\"\" class=\"wp-image-62\" \/><figcaption class=\"wp-element-caption\">Dette er oss&lt;3<\/figcaption><\/figure>\n\n\n\n<p>Event er arrangementsutvalget til NTNUI, og skal p\u00e5 denne m\u00e5ten bist\u00e5 Hovedstyret i arrangementsarbeid. M\u00e5let v\u00e5rt er \u00e5 skape de beste \u00f8yeblikkene i studietiden gjennom \u00e5 tilrettelegge for gode arrangementer. Vi har i tillegg mange arrangement som bidrar til visjonen ETT NTNUI.<\/p>\n\n\n\n<p>Vi arrangerer b\u00e5de lavterskel, som filmkveld p\u00e5 klubbhuset til st\u00f8rre arrangementer som Gudenes Natteliv<\/p>\n\n\n\n<p><\/p>\n","protected":false},"excerpt":{"rendered":"<p>Event er arrangementsutvalget til NTNUI, og skal p\u00e5 denne m\u00e5ten bist\u00e5 Hovedstyret i arrangementsarbeid. M\u00e5let v\u00e5rt er \u00e5 skape de beste \u00f8yeblikkene i studietiden gjennom \u00e5 tilrettelegge for gode arrangementer. Vi har i tillegg mange arrangement som bidrar til visjonen ETT NTNUI. Vi arrangerer b\u00e5de lavterskel, som filmkveld p\u00e5 klubbhuset til st\u00f8rre arrangementer som Gudenes [&hellip;]<\/p>\n","protected":false},"author":658,"featured_media":0,"parent":0,"menu_order":0,"comment_status":"closed","ping_status":"closed","template":"","meta":{"_coblocks_attr":"","_coblocks_dimensions":"","_coblocks_responsive_height":"","_coblocks_accordion_ie_support":"","_price":"","_stock":"","_tribe_ticket_header":"","_tribe_default_ticket_provider":"","_tribe_ticket_capacity":"0","_ticket_start_date":"","_ticket_end_date":"","_tribe_ticket_show_description":"","_tribe_ticket_show_not_going":false,"_tribe_ticket_use_global_stock":"","_tribe_ticket_global_stock_level":"","_global_stock_mode":"","_global_stock_cap":"","_tribe_rsvp_for_event":"","_tribe_ticket_going_count":"","_tribe_ticket_not_going_count":"","_tribe_tickets_list":[],"_tribe_ticket_has_attendee_info_fields":false,"footnotes":""},"class_list":["post-59","page","type-page","status-publish","hentry"],"featured_image_src":null,"featured_image_src_square":null,"_links":{"self":[{"href":"https:\/\/ntnui.no\/event\/wp-json\/wp\/v2\/pages\/59","targetHints":{"allow":["GET"]}}],"collection":[{"href":"https:\/\/ntnui.no\/event\/wp-json\/wp\/v2\/pages"}],"about":[{"href":"https:\/\/ntnui.no\/event\/wp-json\/wp\/v2\/types\/page"}],"author":[{"embeddable":true,"href":"https:\/\/ntnui.no\/event\/wp-json\/wp\/v2\/users\/658"}],"replies":[{"embeddable":true,"href":"https:\/\/ntnui.no\/event\/wp-json\/wp\/v2\/comments?post=59"}],"version-history":[{"count":8,"href":"https:\/\/ntnui.no\/event\/wp-json\/wp\/v2\/pages\/59\/revisions"}],"predecessor-version":[{"id":226,"href":"https:\/\/ntnui.no\/event\/wp-json\/wp\/v2\/pages\/59\/revisions\/226"}],"wp:attachment":[{"href":"https:\/\/ntnui.no\/event\/wp-json\/wp\/v2\/media?parent=59"}],"curies":[{"name":"wp","href":"https:\/\/api.w.org\/{rel}","templated":true}]}}