{"id":7,"date":"2019-01-10T17:36:13","date_gmt":"2019-01-10T17:36:13","guid":{"rendered":"https:\/\/ntnui.no\/dykking-ny2\/?page_id=7"},"modified":"2026-03-11T10:17:36","modified_gmt":"2026-03-11T08:17:36","slug":"forside","status":"publish","type":"page","link":"https:\/\/ntnui.no\/dykkergruppa\/","title":{"rendered":"Forside"},"content":{"rendered":"\n<div class=\"wp-block-cover alignfull is-light has-parallax\"><span aria-hidden=\"true\" class=\"wp-block-cover__background has-background-dim-10 has-background-dim\"><\/span><div class=\"wp-block-cover__image-background wp-image-58 has-parallax\" style=\"background-position:50% 50%;background-image:url(https:\/\/ntnui.no\/dykking-ny\/wp-content\/uploads\/sites\/241\/2019\/02\/Gruppebilde.jpg)\"><\/div><div class=\"wp-block-cover__inner-container is-layout-flow wp-block-cover-is-layout-flow\">\n<h2 class=\"wp-block-heading has-text-color\" style=\"color:#f8f8f8\"><\/h2>\n\n\n\n<p><\/p>\n<\/div><\/div>\n\n\n\n<div class=\"wp-block-media-text alignwide\"><figure class=\"wp-block-media-text__media\"><img loading=\"lazy\" decoding=\"async\" width=\"1024\" height=\"683\" src=\"https:\/\/ntnui.no\/dykking-ny\/wp-content\/uploads\/sites\/241\/2018\/08\/1898748_10202495306637951_685553753_o-1024x683.jpg\" alt=\"UVR-spiller\" class=\"wp-image-1161 size-full\" srcset=\"https:\/\/ntnui.no\/dykkergruppa\/wp-content\/uploads\/sites\/241\/2018\/08\/1898748_10202495306637951_685553753_o-1024x683.jpg 1024w, https:\/\/ntnui.no\/dykkergruppa\/wp-content\/uploads\/sites\/241\/2018\/08\/1898748_10202495306637951_685553753_o-300x200.jpg 300w, https:\/\/ntnui.no\/dykkergruppa\/wp-content\/uploads\/sites\/241\/2018\/08\/1898748_10202495306637951_685553753_o-768x512.jpg 768w, https:\/\/ntnui.no\/dykkergruppa\/wp-content\/uploads\/sites\/241\/2018\/08\/1898748_10202495306637951_685553753_o-600x400.jpg 600w, https:\/\/ntnui.no\/dykkergruppa\/wp-content\/uploads\/sites\/241\/2018\/08\/1898748_10202495306637951_685553753_o-1736x1157.jpg 1736w, https:\/\/ntnui.no\/dykkergruppa\/wp-content\/uploads\/sites\/241\/2018\/08\/1898748_10202495306637951_685553753_o.jpg 2048w\" sizes=\"auto, (max-width: 1024px) 100vw, 1024px\" \/><\/figure><div class=\"wp-block-media-text__content\">\n<h2 class=\"wp-block-heading has-text-align-center\">Lurer du p\u00e5 hva vi gj\u00f8r i Dykkergruppa?<\/h2>\n\n\n\n<p class=\"has-text-align-center\"> Sosialt? Dykking? Undervannsrugby?<\/p>\n\n\n\n<p>join our slack at : <a href=\"https:\/\/join.slack.com\/t\/ntnuidykkergruppahq\/shared_invite\/zt-2lmum1ff6-V0tI7YDYt0eJumo0sKIvhA\"> https:\/\/join.slack.com\/t\/ntnuidykkergruppahq\/shared_invite\/zt-2lmum1ff6-V0tI7YDYt0eJumo0sKIvhA<\/a><\/p>\n\n\n\n<div class=\"wp-block-button aligncenter\"><a class=\"wp-block-button__link has-coblocks-blue-background-color has-background wp-element-button\" href=\"\/dykkergruppa\/aktivitet\">Aktiviteter<\/a><\/div>\n<\/div><\/div>\n\n\n\n<div class=\"wp-block-media-text alignwide has-media-on-the-right\" style=\"grid-template-columns:auto 46%\"><div class=\"wp-block-media-text__content\">\n<h2 class=\"wp-block-heading has-text-align-center\">Grunnkurs ?<\/h2>\n\n\n\n<p class=\"has-text-align-center\">Har du alltid lurt p\u00e5 hvordan det er under havet?, Vi gjennomf\u00f8rer grunnkurs flere minst en gang i semesteret. Har du allerde kurs og \u00f8nsker \u00e5 dykke enda dypere eller bare \u00f8nsker \u00e5 bli enda tryggere kj\u00f8rer vi ogs\u00e5 instrukt\u00f8rkurs!  <\/p>\n\n\n\n<div class=\"wp-block-button aligncenter\"><a class=\"wp-block-button__link has-coblocks-blue-background-color has-background wp-element-button\" href=\"https:\/\/ntnui.no\/dykkergruppa\/dykkekurs\/\">Les mer her<\/a><\/div>\n\n\n\n<p><\/p>\n<\/div><figure class=\"wp-block-media-text__media\"><img loading=\"lazy\" decoding=\"async\" width=\"1024\" height=\"682\" src=\"https:\/\/ntnui.no\/dykking\/wp-content\/uploads\/sites\/241\/2018\/08\/IMG_7874-1024x682.jpg\" alt=\"\" class=\"wp-image-1246 size-full\" srcset=\"https:\/\/ntnui.no\/dykkergruppa\/wp-content\/uploads\/sites\/241\/2018\/08\/IMG_7874-1024x682.jpg 1024w, https:\/\/ntnui.no\/dykkergruppa\/wp-content\/uploads\/sites\/241\/2018\/08\/IMG_7874-300x200.jpg 300w, https:\/\/ntnui.no\/dykkergruppa\/wp-content\/uploads\/sites\/241\/2018\/08\/IMG_7874-768x512.jpg 768w, https:\/\/ntnui.no\/dykkergruppa\/wp-content\/uploads\/sites\/241\/2018\/08\/IMG_7874-600x400.jpg 600w, https:\/\/ntnui.no\/dykkergruppa\/wp-content\/uploads\/sites\/241\/2018\/08\/IMG_7874.jpg 1463w\" sizes=\"auto, (max-width: 1024px) 100vw, 1024px\" \/><\/figure><\/div>\n\n\n\n<div class=\"wp-block-media-text alignwide\"><figure class=\"wp-block-media-text__media\"><img loading=\"lazy\" decoding=\"async\" width=\"1024\" height=\"680\" src=\"https:\/\/ntnui.no\/dykking-ny\/wp-content\/uploads\/sites\/241\/2018\/08\/utstyr1-1024x680.jpg\" alt=\"\" class=\"wp-image-1262 size-full\" srcset=\"https:\/\/ntnui.no\/dykkergruppa\/wp-content\/uploads\/sites\/241\/2018\/08\/utstyr1-1024x680.jpg 1024w, https:\/\/ntnui.no\/dykkergruppa\/wp-content\/uploads\/sites\/241\/2018\/08\/utstyr1-300x199.jpg 300w, https:\/\/ntnui.no\/dykkergruppa\/wp-content\/uploads\/sites\/241\/2018\/08\/utstyr1-768x510.jpg 768w, https:\/\/ntnui.no\/dykkergruppa\/wp-content\/uploads\/sites\/241\/2018\/08\/utstyr1-1736x1153.jpg 1736w, https:\/\/ntnui.no\/dykkergruppa\/wp-content\/uploads\/sites\/241\/2018\/08\/utstyr1-600x398.jpg 600w, https:\/\/ntnui.no\/dykkergruppa\/wp-content\/uploads\/sites\/241\/2018\/08\/utstyr1.jpg 2048w\" sizes=\"auto, (max-width: 1024px) 100vw, 1024px\" \/><\/figure><div class=\"wp-block-media-text__content\">\n<h3 class=\"wp-block-heading has-text-align-center\">Utleieutstyr<\/h3>\n\n\n\n<p>Vi er studenter og dykkeutstyr er dyrt. Men vi kan vel ikke la en tom lommebok v\u00e6re et hinder for \u00e5 komme seg i vannet? Hos Dykkergruppa kan du heldigvis leie det meste du trenger!<\/p>\n\n\n\n<div class=\"wp-block-button is-style-default aligncenter\"><a class=\"wp-block-button__link has-light-gray-color has-coblocks-blue-background-color has-text-color has-background wp-element-button\" href=\"https:\/\/ntnui.no\/dykkergruppa\/utstyr\/\">Les mer her<\/a><\/div>\n<\/div><\/div>\n\n\n\n<hr class=\"wp-block-separator has-css-opacity\" \/>\n\n\n\n<p>Aktivitet :<\/p>\n\n\n\n\n\n<p><\/p>\n","protected":false},"excerpt":{"rendered":"<p>Aktivitet :<\/p>\n","protected":false},"author":7,"featured_media":0,"parent":0,"menu_order":0,"comment_status":"closed","ping_status":"closed","template":"","meta":{"_coblocks_attr":"","_coblocks_dimensions":"","_coblocks_responsive_height":"","_coblocks_accordion_ie_support":"","_price":"","_stock":"","_tribe_ticket_header":"","_tribe_default_ticket_provider":"","_tribe_ticket_capacity":"0","_ticket_start_date":"","_ticket_end_date":"","_tribe_ticket_show_description":"","_tribe_ticket_show_not_going":false,"_tribe_ticket_use_global_stock":"","_tribe_ticket_global_stock_level":"","_global_stock_mode":"","_global_stock_cap":"","_tribe_rsvp_for_event":"","_tribe_ticket_going_count":"","_tribe_ticket_not_going_count":"","_tribe_tickets_list":[],"_tribe_ticket_has_attendee_info_fields":false,"footnotes":""},"class_list":["post-7","page","type-page","status-publish","hentry"],"featured_image_src":null,"featured_image_src_square":null,"_links":{"self":[{"href":"https:\/\/ntnui.no\/dykkergruppa\/wp-json\/wp\/v2\/pages\/7","targetHints":{"allow":["GET"]}}],"collection":[{"href":"https:\/\/ntnui.no\/dykkergruppa\/wp-json\/wp\/v2\/pages"}],"about":[{"href":"https:\/\/ntnui.no\/dykkergruppa\/wp-json\/wp\/v2\/types\/page"}],"author":[{"embeddable":true,"href":"https:\/\/ntnui.no\/dykkergruppa\/wp-json\/wp\/v2\/users\/7"}],"replies":[{"embeddable":true,"href":"https:\/\/ntnui.no\/dykkergruppa\/wp-json\/wp\/v2\/comments?post=7"}],"version-history":[{"count":33,"href":"https:\/\/ntnui.no\/dykkergruppa\/wp-json\/wp\/v2\/pages\/7\/revisions"}],"predecessor-version":[{"id":2380,"href":"https:\/\/ntnui.no\/dykkergruppa\/wp-json\/wp\/v2\/pages\/7\/revisions\/2380"}],"wp:attachment":[{"href":"https:\/\/ntnui.no\/dykkergruppa\/wp-json\/wp\/v2\/media?parent=7"}],"curies":[{"name":"wp","href":"https:\/\/api.w.org\/{rel}","templated":true}]}}