{"id":1989,"date":"2020-09-27T13:26:56","date_gmt":"2020-09-27T13:26:56","guid":{"rendered":"https:\/\/ntnui.no\/dykkergruppa\/?page_id=1989"},"modified":"2020-10-10T12:12:15","modified_gmt":"2020-10-10T12:12:15","slug":"alumni","status":"publish","type":"page","link":"https:\/\/ntnui.no\/dykkergruppa\/alumni\/","title":{"rendered":"Alumni"},"content":{"rendered":"\n<p>Dykkergruppa Alumni (Org.nr 922 235 201) er en interesseorganisasjon for &#8220;gamle griser&#8221; av NTNUI Dykkergruppa. Organisasjonens form\u00e5l er \u00e5 samle og bevare tradisjoner samt historie, gi alumnus en kontaktflate til dagens aktive student-dykkergruppe, og bist\u00e5 studentene p\u00e5 alle m\u00e5ter &#8220;gamle griser&#8221; burde bist\u00e5 om de kan.<br><br>Har du v\u00e6rt medlem av NTNUI Dykkergruppa, s\u00e5 anbefales du p\u00e5 det sterkeste til \u00e5 bli medlem i Dykkergruppa Alumni n\u00e5r du flytter avg\u00e5rde, ut i den store vide verden. \u00c5rlig medlemsskap ligger p\u00e5 minimum 200 NOK, valgfritt \u00f8vre niv\u00e5, og innbetales enn s\u00e5 lenge via Vipps (Dykkergruppa Alumni #625801) eller direkte p\u00e5 konto (4212 59 12065 \/ IBAN: NO4442125912065 og SWICT\/BIC: SPTRNO22). Ved f\u00f8rstegangsregistrering, vennligst fyll ut skjema <a href=\"https:\/\/forms.gle\/osrbVpHCbbLuSEhx7\">https:\/\/forms.gle\/osrbVpHCbbLuSEhx7<\/a>. Vi kommer ikke til \u00e5 sende mye epost, men det er greit \u00e5 ha en kommunikasjonskanal til medlemmer.<br><br>Et krav er at du m\u00e5 ha avsluttet utdanning, men det er ikke krav om at utdanningen er fullf\u00f8rt. Et annet krav er at du har v\u00e6rt\/er medlem i NTNUI Dykkergruppa, NTHI Dykkergruppa, Dykkergruppa HISSI eller PSK Kupla. Dette st\u00e5r oppf\u00f8rt i vedtektene for organisasjonen.<br><br>Stiftet 29.09.2017 p\u00e5 DG Genfors #52, ett stykk trikset klede ble signert etter en rose, eller var det to. Offisielt ble det p\u00e5f\u00f8lgende papiret signert 24.08.2018, og alt ble registrert 28.10.2019. Denne siden ble etablert 27.09.2020. I god gammeldags DG-\u00e5nd tar ting tid; godt \u00e5 vite at selv &#8220;gamle griser&#8221; har mange \u00e5r igjen med samlet trofast tjeneste i DG sitt navn, gryntende fra rosekroken p\u00e5 Dypet eller fra andre land.<br><br>Disponering av middler vil skje etter allm\u00f8tets bestemmelser, i henhold til vedtekter som kan leses her <a href=\"https:\/\/drive.google.com\/file\/d\/1ZWCV8wsNtvDD7yU3AcfNLnS4w8WcxR-g\/view\">https:\/\/drive.google.com\/file\/d\/1ZWCV8wsNtvDD7yU3AcfNLnS4w8WcxR-g\/view<\/a>, med hovedform\u00e5l \u00e5 st\u00f8tte opp under NTNUI Dykkergruppa og de \u00f8konomiske behov som m\u00e5tte finnes der. Allm\u00f8tet er \u00e5pent for medlemmer, og holdes innen utgangen av Februar.<br><br>Styret best\u00e5r for tiden av:<br>Leder Martin R\u00f8yrhus R\u00f8nning<br>\u00d8konomiansvarlig Preben Jensen Hoel<br>St\u00f8ttegris Joakim Skjefstad<br><br>Styret kan kontaktes per epost: styret ( at ) alumni.dykkergruppa.no<\/p>\n","protected":false},"excerpt":{"rendered":"<p>Dykkergruppa Alumni (Org.nr 922 235 201) er en interesseorganisasjon for &#8220;gamle griser&#8221; av NTNUI Dykkergruppa. Organisasjonens form\u00e5l er \u00e5 samle og bevare tradisjoner samt historie, gi alumnus en kontaktflate til dagens aktive student-dykkergruppe, og bist\u00e5 studentene p\u00e5 alle m\u00e5ter &#8220;gamle griser&#8221; burde bist\u00e5 om de kan. Har du v\u00e6rt medlem av NTNUI Dykkergruppa, s\u00e5 anbefales [&hellip;]<\/p>\n","protected":false},"author":241,"featured_media":0,"parent":0,"menu_order":0,"comment_status":"closed","ping_status":"closed","template":"","meta":{"_coblocks_attr":"","_coblocks_dimensions":"","_coblocks_responsive_height":"","_coblocks_accordion_ie_support":"","_price":"","_stock":"","_tribe_ticket_header":"","_tribe_default_ticket_provider":"","_tribe_ticket_capacity":"0","_ticket_start_date":"","_ticket_end_date":"","_tribe_ticket_show_description":"","_tribe_ticket_show_not_going":false,"_tribe_ticket_use_global_stock":"","_tribe_ticket_global_stock_level":"","_global_stock_mode":"","_global_stock_cap":"","_tribe_rsvp_for_event":"","_tribe_ticket_going_count":"","_tribe_ticket_not_going_count":"","_tribe_tickets_list":[],"_tribe_ticket_has_attendee_info_fields":false,"footnotes":""},"class_list":["post-1989","page","type-page","status-publish","hentry"],"featured_image_src":null,"featured_image_src_square":null,"_links":{"self":[{"href":"https:\/\/ntnui.no\/dykkergruppa\/wp-json\/wp\/v2\/pages\/1989","targetHints":{"allow":["GET"]}}],"collection":[{"href":"https:\/\/ntnui.no\/dykkergruppa\/wp-json\/wp\/v2\/pages"}],"about":[{"href":"https:\/\/ntnui.no\/dykkergruppa\/wp-json\/wp\/v2\/types\/page"}],"author":[{"embeddable":true,"href":"https:\/\/ntnui.no\/dykkergruppa\/wp-json\/wp\/v2\/users\/241"}],"replies":[{"embeddable":true,"href":"https:\/\/ntnui.no\/dykkergruppa\/wp-json\/wp\/v2\/comments?post=1989"}],"version-history":[{"count":14,"href":"https:\/\/ntnui.no\/dykkergruppa\/wp-json\/wp\/v2\/pages\/1989\/revisions"}],"predecessor-version":[{"id":2045,"href":"https:\/\/ntnui.no\/dykkergruppa\/wp-json\/wp\/v2\/pages\/1989\/revisions\/2045"}],"wp:attachment":[{"href":"https:\/\/ntnui.no\/dykkergruppa\/wp-json\/wp\/v2\/media?parent=1989"}],"curies":[{"name":"wp","href":"https:\/\/api.w.org\/{rel}","templated":true}]}}