{"id":3087,"date":"2022-09-02T09:54:50","date_gmt":"2022-09-02T09:54:50","guid":{"rendered":"https:\/\/ntnui.no\/cheerleading\/?page_id=3087"},"modified":"2025-08-20T15:49:27","modified_gmt":"2025-08-20T15:49:27","slug":"mediearkiv","status":"publish","type":"page","link":"https:\/\/ntnui.no\/cheerleading\/mediearkiv\/","title":{"rendered":"Bilder"},"content":{"rendered":"\n<p>Trykk p\u00e5 bildene for \u00e5 g\u00e5 til albumene<\/p>\n\n\n\n<h2 class=\"wp-block-heading\">2025<\/h2>\n\n\n\n<figure class=\"wp-block-image size-full has-lightbox\"><a href=\"https:\/\/mediearkiv.ntnui.no\/NTNU-Cheerleading\/2025\/Generalpr%C3%B8ve-NM-2025\"><img loading=\"lazy\" decoding=\"async\" width=\"5021\" height=\"1405\" src=\"https:\/\/ntnui.no\/cheerleading\/wp-content\/uploads\/sites\/245\/2025\/08\/gruppebilde.jpg\" alt=\"\" class=\"wp-image-4004\" \/><\/a><\/figure>\n\n\n\n<h2 class=\"wp-block-heading\">2024<\/h2>\n\n\n\n<figure class=\"wp-block-image size-large\"><a href=\"https:\/\/mediearkiv.ntnui.no\/NTNU-Cheerleading\/2024\/Generalpr%C3%B8ve-NM\"><img loading=\"lazy\" decoding=\"async\" width=\"4308\" height=\"1537\" src=\"https:\/\/ntnui.no\/cheerleading\/wp-content\/uploads\/sites\/245\/2024\/04\/gruppebilde-NM.jpg\" alt=\"\" class=\"wp-image-3644\" \/><\/a><figcaption class=\"wp-element-caption\">Generalpr\u00f8ve f\u00f8r NM<\/figcaption><\/figure>\n\n\n\n<h2 class=\"wp-block-heading\">2023<\/h2>\n\n\n\n<figure class=\"wp-block-image size-large\"><a href=\"https:\/\/mediearkiv.ntnui.no\/NTNU-Cheerleading\/2023\/Generalpr%C3%B8ve-NM\/\"><img loading=\"lazy\" decoding=\"async\" width=\"5378\" height=\"3025\" src=\"https:\/\/ntnui.no\/cheerleading\/wp-content\/uploads\/sites\/245\/2023\/04\/2023-03-16_LeonieRicharz_CGP-127-93.jpg\" alt=\"\" class=\"wp-image-3341\" \/><\/a><figcaption class=\"wp-element-caption\">Generalpr\u00f8ve f\u00f8r NM<\/figcaption><\/figure>\n\n\n\n<h2 class=\"wp-block-heading\">2022<\/h2>\n\n\n\n<figure class=\"wp-block-image size-large\"><a href=\"https:\/\/mediearkiv.ntnui.no\/NTNU-Cheerleading\/2022\/Trondheim-Open-2022\/\"><img loading=\"lazy\" decoding=\"async\" width=\"2048\" height=\"1463\" src=\"https:\/\/ntnui.no\/cheerleading\/wp-content\/uploads\/sites\/245\/2022\/05\/i-hdL4zdQ-X4.jpg\" alt=\"\" class=\"wp-image-2884\" \/><\/a><figcaption class=\"wp-element-caption\">Trondheim Open<\/figcaption><\/figure>\n\n\n\n<figure class=\"wp-block-image size-large\"><a href=\"https:\/\/mediearkiv.ntnui.no\/NTNU-Cheerleading\/2022\/2022-05-06-Generalpr\u00f8ve\"><img loading=\"lazy\" decoding=\"async\" width=\"1059\" height=\"847\" src=\"https:\/\/ntnui.no\/cheerleading\/wp-content\/uploads\/sites\/245\/2022\/06\/2022-05-06_NTNUI-Cheerleading_Eirik-Halvard-Norseth_GeneralprA\u00b8ve-0200379.jpg\" alt=\"\" class=\"wp-image-2835\" \/><\/a><figcaption class=\"wp-element-caption\">Generalpr\u00f8ve til Trondheim Open<\/figcaption><\/figure>\n\n\n\n<h2 class=\"wp-block-heading\">2021<\/h2>\n\n\n\n<figure class=\"wp-block-image size-large\"><a href=\"https:\/\/mediearkiv.ntnui.no\/NTNU-Cheerleading\/2021\/Generalpr\u00f8ve-15112021\/\"><img loading=\"lazy\" decoding=\"async\" width=\"1378\" height=\"654\" src=\"https:\/\/ntnui.no\/cheerleading\/wp-content\/uploads\/sites\/245\/2021\/12\/Skjermbilde-2021-12-06-kl.-21.55.39.png\" alt=\"\" class=\"wp-image-2530\" \/><\/a><figcaption class=\"wp-element-caption\">Generalpr\u00f8ve f\u00f8r Norwegian Open<\/figcaption><\/figure>\n","protected":false},"excerpt":{"rendered":"<p>Trykk p\u00e5 bildene for \u00e5 g\u00e5 til albumene 2025 2024 2023 2022 2021<\/p>\n","protected":false},"author":349,"featured_media":0,"parent":0,"menu_order":0,"comment_status":"closed","ping_status":"closed","template":"","meta":{"_coblocks_attr":"","_coblocks_dimensions":"","_coblocks_responsive_height":"","_coblocks_accordion_ie_support":"","_price":"","_stock":"","_tribe_ticket_header":"","_tribe_default_ticket_provider":"","_tribe_ticket_capacity":"0","_ticket_start_date":"","_ticket_end_date":"","_tribe_ticket_show_description":"","_tribe_ticket_show_not_going":false,"_tribe_ticket_use_global_stock":"","_tribe_ticket_global_stock_level":"","_global_stock_mode":"","_global_stock_cap":"","_tribe_rsvp_for_event":"","_tribe_ticket_going_count":"","_tribe_ticket_not_going_count":"","_tribe_tickets_list":[],"_tribe_ticket_has_attendee_info_fields":false,"footnotes":""},"class_list":["post-3087","page","type-page","status-publish","hentry"],"featured_image_src":null,"featured_image_src_square":null,"_links":{"self":[{"href":"https:\/\/ntnui.no\/cheerleading\/wp-json\/wp\/v2\/pages\/3087","targetHints":{"allow":["GET"]}}],"collection":[{"href":"https:\/\/ntnui.no\/cheerleading\/wp-json\/wp\/v2\/pages"}],"about":[{"href":"https:\/\/ntnui.no\/cheerleading\/wp-json\/wp\/v2\/types\/page"}],"author":[{"embeddable":true,"href":"https:\/\/ntnui.no\/cheerleading\/wp-json\/wp\/v2\/users\/349"}],"replies":[{"embeddable":true,"href":"https:\/\/ntnui.no\/cheerleading\/wp-json\/wp\/v2\/comments?post=3087"}],"version-history":[{"count":7,"href":"https:\/\/ntnui.no\/cheerleading\/wp-json\/wp\/v2\/pages\/3087\/revisions"}],"predecessor-version":[{"id":4006,"href":"https:\/\/ntnui.no\/cheerleading\/wp-json\/wp\/v2\/pages\/3087\/revisions\/4006"}],"wp:attachment":[{"href":"https:\/\/ntnui.no\/cheerleading\/wp-json\/wp\/v2\/media?parent=3087"}],"curies":[{"name":"wp","href":"https:\/\/api.w.org\/{rel}","templated":true}]}}