{"id":2676,"date":"2022-03-27T21:31:59","date_gmt":"2022-03-27T21:31:59","guid":{"rendered":"https:\/\/ntnui.no\/cheerleading\/?page_id=2676"},"modified":"2026-04-07T16:15:26","modified_gmt":"2026-04-07T16:15:26","slug":"trenere-hos-ntnui-cheerleading","status":"publish","type":"page","link":"https:\/\/ntnui.no\/cheerleading\/trenere-hos-ntnui-cheerleading\/","title":{"rendered":"Trenere hos NTNUI Cheerleading"},"content":{"rendered":"\n<p>For sesongen 25\/26 har vi et balansert trenerteam som b\u00e6rer preg av b\u00e5de kontinuitet og fornyelse.<\/p>\n\n\n\n<p>Under kan du lese mer om hver av trenerne v\u00e5re!<\/p>\n\n\n\n<div class=\"wp-block-media-text alignwide is-stacked-on-mobile\"><figure class=\"wp-block-media-text__media\"><img loading=\"lazy\" decoding=\"async\" width=\"843\" height=\"596\" src=\"https:\/\/ntnui.no\/cheerleading\/wp-content\/uploads\/sites\/245\/2024\/03\/Logo-cheer.png\" alt=\"\" class=\"wp-image-3604 size-full\" \/><\/figure><div class=\"wp-block-media-text__content\">\n<p><strong>Birgitte Furulund &#8211; Trener for v\u00e5rt nyoppstartede lag Orion<\/strong><\/p>\n\n\n\n<p><\/p>\n\n\n\n<p><\/p>\n\n\n\n<p><\/p>\n\n\n\n<p><\/p>\n<\/div><\/div>\n\n\n\n<div class=\"wp-block-media-text alignwide has-media-on-the-right is-stacked-on-mobile\"><div class=\"wp-block-media-text__content\">\n<p><strong><strong>Tiril Elise Hess Brunv\u00e6r \u2013 Trener for v\u00e5rt nyoppstartede lag Orion og Cosmos<\/strong><\/strong><\/p>\n\n\n\n<p><br><\/p>\n\n\n\n<p><\/p>\n\n\n\n<p><\/p>\n\n\n\n<p><\/p>\n\n\n\n<p><\/p>\n\n\n\n<p><\/p>\n\n\n\n<p><\/p>\n\n\n\n<p><\/p>\n<\/div><figure class=\"wp-block-media-text__media\"><img loading=\"lazy\" decoding=\"async\" width=\"4000\" height=\"5333\" src=\"https:\/\/ntnui.no\/cheerleading\/wp-content\/uploads\/sites\/245\/2026\/04\/Tiril-Elise-1.jpg\" alt=\"\" class=\"wp-image-4156 size-full\" \/><\/figure><\/div>\n\n\n\n<div class=\"wp-block-media-text alignwide is-stacked-on-mobile\"><figure class=\"wp-block-media-text__media\"><img loading=\"lazy\" decoding=\"async\" width=\"4000\" height=\"5333\" src=\"https:\/\/ntnui.no\/cheerleading\/wp-content\/uploads\/sites\/245\/2026\/04\/Silje-1.jpg\" alt=\"\" class=\"wp-image-4157 size-full\" \/><\/figure><div class=\"wp-block-media-text__content\">\n<p><strong><strong>Silje Stangeland \u2013 Trener for Cosmos<\/strong><\/strong><\/p>\n\n\n\n<p><br><\/p>\n\n\n\n<p><\/p>\n\n\n\n<p><\/p>\n\n\n\n<p><\/p>\n\n\n\n<p><\/p>\n\n\n\n<p><\/p>\n\n\n\n<p><\/p>\n\n\n\n<p><\/p>\n\n\n\n<p><\/p>\n<\/div><\/div>\n\n\n\n<div class=\"wp-block-media-text has-media-on-the-right is-stacked-on-mobile\"><div class=\"wp-block-media-text__content\">\n<p><strong>Malin Malika Vander\u00e5s \u2013 Trener for Cosmos<\/strong><\/p>\n<\/div><figure class=\"wp-block-media-text__media\"><img loading=\"lazy\" decoding=\"async\" width=\"4000\" height=\"5333\" src=\"https:\/\/ntnui.no\/cheerleading\/wp-content\/uploads\/sites\/245\/2026\/04\/Malin-1.jpg\" alt=\"\" class=\"wp-image-4158 size-full\" \/><\/figure><\/div>\n\n\n\n<div class=\"wp-block-media-text is-stacked-on-mobile\"><figure class=\"wp-block-media-text__media\"><img loading=\"lazy\" decoding=\"async\" width=\"4000\" height=\"5333\" src=\"https:\/\/ntnui.no\/cheerleading\/wp-content\/uploads\/sites\/245\/2026\/04\/Sunniva-1.jpg\" alt=\"\" class=\"wp-image-4159 size-full\" \/><\/figure><div class=\"wp-block-media-text__content\">\n<p><strong>Sunniva Grande Skodje \u2013 Trener for Titans<\/strong><\/p>\n<\/div><\/div>\n\n\n\n<div class=\"wp-block-media-text has-media-on-the-right is-stacked-on-mobile\"><div class=\"wp-block-media-text__content\">\n<p><strong>Julie Hansen \u2013 Trener for Titans<\/strong><\/p>\n<\/div><figure class=\"wp-block-media-text__media\"><img loading=\"lazy\" decoding=\"async\" width=\"4000\" height=\"5333\" src=\"https:\/\/ntnui.no\/cheerleading\/wp-content\/uploads\/sites\/245\/2026\/04\/Julie-2.jpg\" alt=\"\" class=\"wp-image-4160 size-full\" \/><\/figure><\/div>\n\n\n\n<div class=\"wp-block-coblocks-accordion\">\n<div class=\"wp-block-coblocks-accordion-item\"><\/div>\n<\/div>\n\n\n\n<div class=\"wp-block-group\"><div class=\"wp-block-group__inner-container is-layout-flow wp-block-group-is-layout-flow\"><\/div><\/div>\n","protected":false},"excerpt":{"rendered":"<p>For sesongen 25\/26 har vi et balansert trenerteam som b\u00e6rer preg av b\u00e5de kontinuitet og fornyelse. Under kan du lese mer om hver av trenerne v\u00e5re! Birgitte Furulund &#8211; Trener for v\u00e5rt nyoppstartede lag Orion Tiril Elise Hess Brunv\u00e6r \u2013 Trener for v\u00e5rt nyoppstartede lag Orion og Cosmos Silje Stangeland \u2013 Trener for Cosmos Malin [&hellip;]<\/p>\n","protected":false},"author":349,"featured_media":0,"parent":0,"menu_order":0,"comment_status":"closed","ping_status":"closed","template":"","meta":{"_coblocks_attr":"","_coblocks_dimensions":"","_coblocks_responsive_height":"","_coblocks_accordion_ie_support":"","_price":"","_stock":"","_tribe_ticket_header":"","_tribe_default_ticket_provider":"","_tribe_ticket_capacity":"0","_ticket_start_date":"","_ticket_end_date":"","_tribe_ticket_show_description":"","_tribe_ticket_show_not_going":false,"_tribe_ticket_use_global_stock":"","_tribe_ticket_global_stock_level":"","_global_stock_mode":"","_global_stock_cap":"","_tribe_rsvp_for_event":"","_tribe_ticket_going_count":"","_tribe_ticket_not_going_count":"","_tribe_tickets_list":[],"_tribe_ticket_has_attendee_info_fields":false,"footnotes":""},"class_list":["post-2676","page","type-page","status-publish","hentry"],"featured_image_src":null,"featured_image_src_square":null,"_links":{"self":[{"href":"https:\/\/ntnui.no\/cheerleading\/wp-json\/wp\/v2\/pages\/2676","targetHints":{"allow":["GET"]}}],"collection":[{"href":"https:\/\/ntnui.no\/cheerleading\/wp-json\/wp\/v2\/pages"}],"about":[{"href":"https:\/\/ntnui.no\/cheerleading\/wp-json\/wp\/v2\/types\/page"}],"author":[{"embeddable":true,"href":"https:\/\/ntnui.no\/cheerleading\/wp-json\/wp\/v2\/users\/349"}],"replies":[{"embeddable":true,"href":"https:\/\/ntnui.no\/cheerleading\/wp-json\/wp\/v2\/comments?post=2676"}],"version-history":[{"count":21,"href":"https:\/\/ntnui.no\/cheerleading\/wp-json\/wp\/v2\/pages\/2676\/revisions"}],"predecessor-version":[{"id":4162,"href":"https:\/\/ntnui.no\/cheerleading\/wp-json\/wp\/v2\/pages\/2676\/revisions\/4162"}],"wp:attachment":[{"href":"https:\/\/ntnui.no\/cheerleading\/wp-json\/wp\/v2\/media?parent=2676"}],"curies":[{"name":"wp","href":"https:\/\/api.w.org\/{rel}","templated":true}]}}