{"id":1352,"date":"2019-07-20T08:54:09","date_gmt":"2019-07-20T06:54:09","guid":{"rendered":"https:\/\/ntnui.no\/basket\/?page_id=1352"},"modified":"2025-08-11T19:02:42","modified_gmt":"2025-08-11T17:02:42","slug":"priests","status":"publish","type":"page","link":"https:\/\/ntnui.no\/basket\/priests\/","title":{"rendered":"Priests"},"content":{"rendered":"\n<p>Lagleder: J\u00f8rgen Fiva Buchholdt og Morten Larsen<\/p>\n\n\n\n<p>Vi er 3. laget og spiller i 3. divisjon i \u00e5r. Laget vil ha mange utskiftninger og mye nye spillere etter tryouts. Vi h\u00e5per som alltid \u00e5 heve oss h\u00f8yt i divisjonen. <\/p>\n","protected":false},"excerpt":{"rendered":"<p>Lagleder: J\u00f8rgen Fiva Buchholdt og Morten Larsen Vi er 3. laget og spiller i 3. divisjon i \u00e5r. Laget vil ha mange utskiftninger og mye nye spillere etter tryouts. Vi h\u00e5per som alltid \u00e5 heve oss h\u00f8yt i divisjonen.<\/p>\n","protected":false},"author":35,"featured_media":0,"parent":0,"menu_order":0,"comment_status":"closed","ping_status":"closed","template":"","meta":{"_coblocks_attr":"","_coblocks_dimensions":"","_coblocks_responsive_height":"","_coblocks_accordion_ie_support":"","_price":"","_stock":"","_tribe_ticket_header":"","_tribe_default_ticket_provider":"","_tribe_ticket_capacity":"0","_ticket_start_date":"","_ticket_end_date":"","_tribe_ticket_show_description":"","_tribe_ticket_show_not_going":false,"_tribe_ticket_use_global_stock":"","_tribe_ticket_global_stock_level":"","_global_stock_mode":"","_global_stock_cap":"","_tribe_rsvp_for_event":"","_tribe_ticket_going_count":"","_tribe_ticket_not_going_count":"","_tribe_tickets_list":[],"_tribe_ticket_has_attendee_info_fields":false,"footnotes":""},"class_list":["post-1352","page","type-page","status-publish","hentry"],"featured_image_src":null,"featured_image_src_square":null,"jetpack_sharing_enabled":true,"_links":{"self":[{"href":"https:\/\/ntnui.no\/basket\/wp-json\/wp\/v2\/pages\/1352","targetHints":{"allow":["GET"]}}],"collection":[{"href":"https:\/\/ntnui.no\/basket\/wp-json\/wp\/v2\/pages"}],"about":[{"href":"https:\/\/ntnui.no\/basket\/wp-json\/wp\/v2\/types\/page"}],"author":[{"embeddable":true,"href":"https:\/\/ntnui.no\/basket\/wp-json\/wp\/v2\/users\/35"}],"replies":[{"embeddable":true,"href":"https:\/\/ntnui.no\/basket\/wp-json\/wp\/v2\/comments?post=1352"}],"version-history":[{"count":6,"href":"https:\/\/ntnui.no\/basket\/wp-json\/wp\/v2\/pages\/1352\/revisions"}],"predecessor-version":[{"id":1992,"href":"https:\/\/ntnui.no\/basket\/wp-json\/wp\/v2\/pages\/1352\/revisions\/1992"}],"wp:attachment":[{"href":"https:\/\/ntnui.no\/basket\/wp-json\/wp\/v2\/media?parent=1352"}],"curies":[{"name":"wp","href":"https:\/\/api.w.org\/{rel}","templated":true}]}}